11-09 15:37:56.422 17312 17376 W CAM_YUV_420_888w640: Received onBufferLost from Stream-1 for frame 421 but was unable to find a matching request to abort.
11-09 15:37:56.422 17312 17374 W CAM_RAW10w4096: Received onBufferLost from Stream-0 for frame 421 but was unable to find a matching request to abort.
11-09 15:37:56.422 17312 17378 W CAM_MetadataDst: onCaptureFailed for Frame 418 (images were captured)
11-09 15:37:56.422 17312 17378 W CAM_MetadataDst: onCaptureFailed for Frame 417 (images were captured)
11-09 15:37:56.423 17312 17378 W CAM_MetadataDst: onCaptureFailed for Frame 416 (images were captured)
11-09 15:37:56.423 17312 17378 W CAM_MetadataDst: onCaptureFailed for Frame 419 (images were captured)
11-09 15:37:56.423 17312 17376 W CAM_YUV_420_888w640: Received onBufferLost from Stream-1 for frame 417 but was unable to find a matching request to abort.
11-09 15:37:56.423 17312 17376 W CAM_YUV_420_888w640: Received onBufferLost from Stream-1 for frame 418 but was unable to find a matching request to abort.
11-09 15:37:56.423 17312 17376 W CAM_YUV_420_888w640: Received onBufferLost from Stream-1 for frame 419 but was unable to find a matching request to abort.
11-09 15:37:56.423 17312 17376 W CAM_YUV_420_888w640: Received onBufferLost from Stream-1 for frame 420 but was unable to find a matching request to abort.
11-09 15:37:56.424 17312 17374 W CAM_RAW10w4096: Received onBufferLost from Stream-0 for frame 417 but was unable to find a matching request to abort.
11-09 15:37:56.424 17312 17374 W CAM_RAW10w4096: Received onBufferLost from Stream-0 for frame 418 but was unable to find a matching request to abort.
11-09 15:37:56.424 17312 17374 W CAM_RAW10w4096: Received onBufferLost from Stream-0 for frame 419 but was unable to find a matching request to abort.
11-09 15:37:56.424 17312 17374 W CAM_RAW10w4096: Received onBufferLost from Stream-0 for frame 420 but was unable to find a matching request to abort.
11-09 15:37:56.531 17312 17312 W CAM_A : Duplicate call to stopModule; skipping stop.
11-09 15:37:56.603 17312 17359 D BufferQueueProducer: [SurfaceView[com.google.android.GoogleCameraLMCR17/com.android.camera.CameraLauncher]#1(BLAST Consumer)1](id:43a000000003,api:4,p:2260,c:17312) disconnect: api 4
11-09 15:37:56.605 17312 17359 D BufferQueueProducer: [ImageReader-4096x3072f25m42-17312-0](id:43a000000000,api:4,p:2260,c:17312) disconnect: api 4
11-09 15:37:56.618 17312 17359 D BufferQueueProducer: [ImageReader-640x480f23m52-17312-1](id:43a000000001,api:4,p:2260,c:17312) disconnect: api 4
11-09 15:37:57.366 17312 17312 W CAM_A : Unsupported current playtime = 0, total duration = 240
11-09 15:38:05.571 17312 17312 D CameraManager2: GotArray:0
11-09 15:38:05.571 17312 17312 D CameraManager2: GotArray:1
11-09 15:38:05.571 17312 17312 D CameraManager2: GotArray:2
11-09 15:38:05.573 17312 17312 D CameraManager2: GotArray:0
11-09 15:38:05.573 17312 17312 D CameraManager2: GotArray:1
11-09 15:38:05.573 17312 17312 D CameraManager2: GotArray:2
11-09 15:38:05.579 17312 17312 D CameraManager2: GotArray:0
11-09 15:38:05.579 17312 17312 D CameraManager2: GotArray:1
11-09 15:38:05.580 17312 17312 D CameraManager2: GotArray:2
11-09 15:38:05.640 17312 17338 E OpenGLRenderer: Unable to match the desired swap behavior.
11-09 15:38:05.682 17312 17312 D Surface : Surface::disconnect
11-09 15:38:05.682 17312 17312 D BufferQueueProducer: [](id:43a000000007,api:0,p:0,c:17312) disconnect: api -1
11-09 15:38:05.731 17312 17312 W CAM_A : ModeSwitcher WAS ALREADY ENABLED!
11-09 15:38:05.886 17312 17995 W CAM_SurfaceMap: Surface(name=null)/@0x8e70583 is valid but deferred streams are not yet available for CaptureSession-1
11-09 15:38:05.886 17312 17995 W CAM_SimpleReqProcessor: Failed to add Stream-5 to CaptureRequest for Request-44. The surface is not yet available.
11-09 15:38:06.160 17312 17995 W CAM_SurfaceMap: Surface(name=null)/@0x8e70583 is valid but deferred streams are not yet available for CaptureSession-1
11-09 15:38:06.160 17312 17995 W CAM_SimpleReqProcessor: Failed to add Stream-5 to CaptureRequest for Request-45. The surface is not yet available.
11-09 15:38:06.304 17312 17994 W CAM_A : PHOTO > abs Δ(result sensor timestamp) = 9917.11 ms > 70.00 ms
11-09 15:38:06.305 17312 17994 W CAM_A : PHOTO > rel Δ(result sensor timestamp) = 296.70 > 0.25
11-09 15:38:06.305 17312 17994 W CAM_A : PHOTO > result sensor delay = 297.51 > 1.10
11-09 15:38:06.308 17312 17334 I tflite : Replacing 5 node(s) with delegate (TfLiteXNNPackDelegate) node, yielding 1 partitions.
11-09 15:38:06.311 17312 17389 E GoLog : INFO: Replacing 5 node(s) with delegate (TfLiteXNNPackDelegate) node, yielding 1 partitions.
11-09 15:38:06.313 17312 17346 W CAM_A : Extractor (frame) of type feature.acmi.imu.frame-straightness depends on foreign type feature.acmi.imu.camera-orientation! Feature values may be calculated out of order!
11-09 15:38:06.313 17312 17346 W CAM_A : Extractor (frame) of type feature.acmi.imu.frame-straightness depends on foreign type feature.acmi.imu.camera-orientation! Feature values may be calculated out of order!
11-09 15:38:06.368 17312 17994 W CAM_A : PHOTO > rel Δ(result sensor timestamp) = 0.99 > 0.25
11-09 15:38:06.372 17312 17994 W CAM_A : PHOTO > result sensor delay = 2.00 > 1.10
11-09 15:38:06.407 17312 17994 W CAM_A : PHOTO > rel Δ(result sensor timestamp) = 0.50 > 0.25
11-09 15:38:07.890 17312 17316 W gleCameraLMCR17: Cleared Reference was only reachable from finalizer (only reported once)
11-09 15:38:10.909 17312 17994 W CAM_A : PHOTO > result sensor delay = 1.12 > 1.10
11-09 15:38:11.385 17312 17312 W MediaFsQModule: Returning Q MediaFs implementation
11-09 15:38:11.412 17312 17994 W CAM_A : PHOTO > result sensor delay = 1.12 > 1.10
11-09 15:38:11.424 17312 17352 D AudioTrack: setVolume: mRelativePercentage:1.000000, left:0.600000, right:0.600000
11-09 15:38:11.483 17312 17350 D CompatibilityChangeReporter: Compat change id reported: 150939131; UID 10370; state: DISABLED
11-09 15:38:11.647 17312 17496 E libgcam : [camera_motion_blur_estimator.cc:57]: EstimateCameraMotionBlur: Can't estimate camera motion blur, because gyro data is missing.
11-09 15:38:11.649 17312 17496 E libgcam : [camera_motion_blur_estimator.cc:57]: EstimateCameraMotionBlur: Can't estimate camera motion blur, because gyro data is missing.
11-09 15:38:11.650 17312 17496 E libgcam : [camera_motion_blur_estimator.cc:57]: EstimateCameraMotionBlur: Can't estimate camera motion blur, because gyro data is missing.
11-09 15:38:11.651 17312 17496 E libgcam : [camera_motion_blur_estimator.cc:57]: EstimateCameraMotionBlur: Can't estimate camera motion blur, because gyro data is missing.
11-09 15:38:11.651 17312 17496 W libgcam : [shot_helper.cc:352]: LogViewfinderAeWarnings: viewfinder_short_tet (0.000ms) is further than expected from the capture TET (846.740ms). Relative error: 100%.
11-09 15:38:11.676 17312 17319 W MessageQueue: Handler (android.os.Handler) {4f65458} sending message to a Handler on a dead thread
11-09 15:38:11.676 17312 17319 W MessageQueue: java.lang.IllegalStateException: Handler (android.os.Handler) {4f65458} sending message to a Handler on a dead thread
11-09 15:38:11.676 17312 17319 W MessageQueue: at android.os.MessageQueue.enqueueMessage(MessageQueue.java:567)
11-09 15:38:11.676 17312 17319 W MessageQueue: at android.os.Handler.enqueueMessage(Handler.java:804)
11-09 15:38:11.676 17312 17319 W MessageQueue: at android.os.Handler.sendMessageAtTime(Handler.java:746)
11-09 15:38:11.676 17312 17319 W MessageQueue: at android.os.Handler.sendMessageDelayed(Handler.java:716)
11-09 15:38:11.676 17312 17319 W MessageQueue: at android.os.Handler.post(Handler.java:446)
11-09 15:38:11.676 17312 17319 W MessageQueue: at android.hardware.camera2.impl.CameraDeviceImpl$CameraHandlerExecutor.execute(CameraDeviceImpl.java:2460)
11-09 15:38:11.676 17312 17319 W MessageQueue: at android.hardware.camera2.impl.CallbackProxies$SessionStateCallbackProxy.onClosed(CallbackProxies.java:104)
11-09 15:38:11.676 17312 17319 W MessageQueue: at android.hardware.camera2.impl.CameraCaptureSessionImpl.close(CameraCaptureSessionImpl.java:589)
11-09 15:38:11.676 17312 17319 W MessageQueue: at android.hardware.camera2.impl.CameraCaptureSessionImpl.finalize(CameraCaptureSessionImpl.java:895)
11-09 15:38:11.676 17312 17319 W MessageQueue: at java.lang.Daemons$FinalizerDaemon.doFinalize(Daemons.java:370)
11-09 15:38:11.676 17312 17319 W MessageQueue: at java.lang.Daemons$FinalizerDaemon.processReference(Daemons.java:350)
11-09 15:38:11.676 17312 17319 W MessageQueue: at java.lang.Daemons$FinalizerDaemon.runInternal(Daemons.java:322)
11-09 15:38:11.676 17312 17319 W MessageQueue: at java.lang.Daemons$Daemon.run(Daemons.java:131)
11-09 15:38:11.676 17312 17319 W MessageQueue: at java.lang.Thread.run(Thread.java:1012)
11-09 15:38:11.777 17312 17496 E libgcam : [camera_motion_blur_estimator.cc:57]: EstimateCameraMotionBlur: Can't estimate camera motion blur, because gyro data is missing.
11-09 15:38:11.778 17312 17496 E libgcam : [camera_motion_blur_estimator.cc:57]: EstimateCameraMotionBlur: Can't estimate camera motion blur, because gyro data is missing.
11-09 15:38:11.779 17312 17496 E libgcam : [camera_motion_blur_estimator.cc:57]: EstimateCameraMotionBlur: Can't estimate camera motion blur, because gyro data is missing.
11-09 15:38:11.991 17312 17312 W CAM_A : isListed: unknown activity. mimeType=image/* className=com.facebook.timeline.stagingground.Fb4aProfilePictureShareActivityAlias
11-09 15:38:11.991 17312 17312 W CAM_A : isListed: unknown activity. mimeType=image/* className=com.facebook.composer.shareintent.ImplicitShareIntentHandlerDefaultAlias
11-09 15:38:11.991 17312 17312 W CAM_A : isListed: unknown activity. mimeType=image/* className=com.facebook.composer.shareintent.ShareToGroupsAlias
11-09 15:38:11.991 17312 17312 W CAM_A : isListed: unknown activity. mimeType=image/* className=com.instagram.share.handleractivity.ShareHandlerActivity
11-09 15:38:11.991 17312 17312 W CAM_A : isListed: unknown activity. mimeType=image/* className=com.instagram.share.handleractivity.ReelShareHandlerActivity
11-09 15:38:11.991 17312 17312 W CAM_A : isListed: unknown activity. mimeType=image/* className=com.instagram.direct.share.handler.DirectExternalMediaShareActivityPhotoInterop
11-09 15:38:12.000 17312 17312 W CAM_A : isListed: unknown activity. mimeType=video/* className=com.facebook.composer.shareintent.ImplicitShareIntentHandlerDefaultAlias
11-09 15:38:12.000 17312 17312 W CAM_A : isListed: unknown activity. mimeType=video/* className=com.facebook.composer.shareintent.ShareToGroupsAlias
11-09 15:38:12.000 17312 17312 W CAM_A : isListed: unknown activity. mimeType=video/* className=com.facebook.inspiration.fbshorts.shareintent.InpirationFbShortsShareAlias
11-09 15:38:12.000 17312 17312 W CAM_A : isListed: unknown activity. mimeType=video/* className=com.instagram.share.handleractivity.ShareHandlerActivity
11-09 15:38:12.000 17312 17312 W CAM_A : isListed: unknown activity. mimeType=video/* className=com.instagram.share.handleractivity.ReelShareHandlerActivity
11-09 15:38:12.000 17312 17312 W CAM_A : isListed: unknown activity. mimeType=video/* className=com.instagram.direct.share.handler.DirectExternalMediaShareActivityVideoInterop
11-09 15:38:12.568 17312 17994 W CAM_A : PHOTO > abs Δ(result sensor timestamp) = 132.02 ms > 70.00 ms
11-09 15:38:12.568 17312 17994 W CAM_A : PHOTO > rel Δ(result sensor timestamp) = 3.10 > 0.25
11-09 15:38:12.568 17312 17994 W CAM_A : PHOTO > result sensor delay = 3.96 > 1.10
11-09 15:38:12.615 17312 17994 W CAM_A : PHOTO > rel Δ(result sensor timestamp) = 0.75 > 0.25
11-09 15:38:12.836 17312 17994 W CAM_A : PHOTO > result sensor delay = 1.12 > 1.10
11-09 15:38:13.331 17312 17312 W CAM_A : Placeholder drawable removed: key=ShotId-0 evicted=false
11-09 15:38:13.349 17312 18318 D CompatibilityChangeReporter: Compat change id reported: 149924527; UID 10370; state: ENABLED
11-09 15:38:13.349 17312 18318 D CompatibilityChangeReporter: Compat change id reported: 132649864; UID 10370; state: DISABLED
11-09 15:38:13.370 17312 17994 W CAM_AutoFlashIndicator: No converged AE result for 31 frames,falling back to single-image auto-flash photo
11-09 15:38:13.467 17312 17994 W CAM_A : PHOTO > result sensor delay = 1.11 > 1.10
11-09 15:38:13.770 17312 17994 W CAM_A : PHOTO > result sensor delay = 1.13 > 1.10
11-09 15:38:14.410 17312 17994 W CAM_A : PHOTO > result sensor delay = 1.20 > 1.10
11-09 15:38:14.739 17312 17994 W CAM_A : PHOTO > result sensor delay = 1.11 > 1.10
11-09 15:38:15.139 17312 17994 W CAM_AutoFlashIndicator: No converged AE result for 31 frames,falling back to single-image auto-flash photo
11-09 15:38:16.303 17312 17994 W CAM_A : PHOTO > rel Δ(result sensor timestamp) = 0.30 > 0.25
11-09 15:38:16.441 17312 17994 W CAM_A : PHOTO > rel Δ(result sensor timestamp) = 1.44 > 0.25
11-09 15:38:17.442 17312 17334 W pkr : aeCrop exceeds preCorrectionActiveArraySize.
11-09 15:38:18.027 17312 17319 W gleCameraLMCR17: ApkAssets: Deleting an ApkAssets object ' and /data/app/~~Jmx05p9LNiKthypc7qT_Hw==/com.whatsapp-GZ7dIfi6vzGSLKXwV8YZzQ==/base.apk' with 1 weak references
11-09 15:38:18.028 17312 17319 W gleCameraLMCR17: ApkAssets: Deleting an ApkAssets object ' and /data/app/~~Jmx05p9LNiKthypc7qT_Hw==/com.whatsapp-GZ7dIfi6vzGSLKXwV8YZzQ==/split_config.arm64_v8a.apk' with 1 weak references
11-09 15:38:18.029 17312 17319 W gleCameraLMCR17: ApkAssets: Deleting an ApkAssets object ' and /data/app/~~onEu1i-j6TPJRm4NiLHacw==/com.facebook.orca-0RY16h-KoWv5_NYSYQpp9w==/base.apk' with 1 weak references
11-09 15:38:18.030 17312 17319 W gleCameraLMCR17: ApkAssets: Deleting an ApkAssets object ' and /data/app/~~1FKFyN6Ds47JeeAsqQ8D-g==/com.instagram.android-Wy9zNTEGEldoCyc9XFS9rA==/base.apk' with 1 weak references
11-09 15:38:18.030 17312 17319 W gleCameraLMCR17: ApkAssets: Deleting an ApkAssets object ' and /data/app/~~1FKFyN6Ds47JeeAsqQ8D-g==/com.instagram.android-Wy9zNTEGEldoCyc9XFS9rA==/split_arservicesforpersonsegmentation.apk' with 1 weak references
11-09 15:38:18.031 17312 17319 W gleCameraLMCR17: ApkAssets: Deleting an ApkAssets object ' and /data/app/~~1FKFyN6Ds47JeeAsqQ8D-g==/com.instagram.android-Wy9zNTEGEldoCyc9XFS9rA==/split_executorch.apk' with 1 weak references
11-09 15:38:18.031 17312 17319 W gleCameraLMCR17: ApkAssets: Deleting an ApkAssets object ' and /data/app/~~1FKFyN6Ds47JeeAsqQ8D-g==/com.instagram.android-Wy9zNTEGEldoCyc9XFS9rA==/split_pytorch.apk' with 1 weak references
11-09 15:38:18.031 17312 17319 W gleCameraLMCR17: ApkAssets: Deleting an ApkAssets object ' and /data/app/~~1FKFyN6Ds47JeeAsqQ8D-g==/com.instagram.android-Wy9zNTEGEldoCyc9XFS9rA==/split_s_2041275993.apk' with 1 weak references
11-09 15:38:18.031 17312 17319 W gleCameraLMCR17: ApkAssets: Deleting an ApkAssets object ' and /data/app/~~1FKFyN6Ds47JeeAsqQ8D-g==/com.instagram.android-Wy9zNTEGEldoCyc9XFS9rA==/split_s_executorch_pytorch.apk' with 1 weak references
11-09 15:38:18.031 17312 17319 W gleCameraLMCR17: ApkAssets: Deleting an ApkAssets object ' and /data/app/~~1FKFyN6Ds47JeeAsqQ8D-g==/com.instagram.android-Wy9zNTEGEldoCyc9XFS9rA==/split_spm.apk' with 1 weak references
11-09 15:38:18.713 17312 17994 W CAM_A : PHOTO > abs Δ(result sensor timestamp) = 75.62 ms > 70.00 ms
11-09 15:38:18.713 17312 17994 W CAM_A : PHOTO > result sensor delay = 1.31 > 1.10
11-09 15:38:18.786 17312 17994 W CAM_A : PHOTO > abs Δ(result sensor timestamp) = 79.47 ms > 70.00 ms
11-09 15:38:18.786 17312 17994 W CAM_A : PHOTO > result sensor delay = 1.77 > 1.10
11-09 15:38:18.833 17312 17994 W CAM_A : PHOTO > result sensor delay = 1.97 > 1.10
11-09 15:38:18.880 17312 17994 W CAM_A : PHOTO > rel Δ(result sensor timestamp) = 0.33 > 0.25
11-09 15:38:18.880 17312 17994 W CAM_A : PHOTO > result sensor delay = 1.35 > 1.10
11-09 15:38:18.945 17312 17346 W pkr : aeCrop exceeds preCorrectionActiveArraySize.
11-09 15:38:19.634 17312 17994 W CAM_A : PHOTO > result sensor delay = 1.21 > 1.10
11-09 15:38:19.666 17312 17994 W CAM_A : PHOTO > result sensor delay = 1.12 > 1.10
11-09 15:38:19.798 17312 17994 W CAM_AutoFlashIndicator: No converged AE result for 31 frames,falling back to single-image auto-flash photo
11-09 15:38:21.972 17312 17994 W CAM_A : PHOTO > result sensor delay = 1.18 > 1.10
11-09 15:38:22.006 17312 17994 W CAM_A : PHOTO > result sensor delay = 1.22 > 1.10
11-09 15:38:22.139 17312 17994 W CAM_AutoFlashIndicator: No converged AE result for 31 frames,falling back to single-image auto-flash photo
11-09 15:38:23.399 17312 17994 W CAM_A : PHOTO > rel Δ(result sensor timestamp) = 1.00 > 0.25
11-09 15:38:23.400 17312 17994 W CAM_A : PHOTO > result sensor delay = 2.00 > 1.10
11-09 15:38:23.448 17312 17994 E CAM_A : Dropped frame334477190378261 because the feature extraction took too long
11-09 15:38:23.507 17312 17994 W CAM_A : PHOTO > rel Δ(result sensor timestamp) = 0.50 > 0.25
11-09 15:38:23.671 17312 17994 W CAM_A : PHOTO > result sensor delay = 1.11 > 1.10
11-09 15:38:23.745 17312 17312 D Surface : Surface::disconnect
11-09 15:38:23.745 17312 17312 D BufferQueueProducer: [SurfaceView[com.google.android.GoogleCameraLMCR17/com.android.camera.CameraLauncher]#4(BLAST Consumer)4](id:43a000000008,api:4,p:2260,c:17312) disconnect: api -1
11-09 15:38:23.754 17312 17338 D Surface : Surface::disconnect
11-09 15:38:23.754 17312 17338 D BufferQueueProducer: [VRI[CameraLauncher]#2(BLAST Consumer)2](id:43a000000005,api:1,p:17312,c:17312) disconnect: api 1
11-09 15:38:23.773 17312 17650 E BufferQueueProducer: [SurfaceView[com.google.android.GoogleCameraLMCR17/com.android.camera.CameraLauncher]#4(BLAST Consumer)4](id:43a000000008,api:4,p:2260,c:17312) queueBuffer: BufferQueue has been abandoned
11-09 15:38:23.777 17312 17650 E BufferQueueProducer: [SurfaceView[com.google.android.GoogleCameraLMCR17/com.android.camera.CameraLauncher]#4(BLAST Consumer)4](id:43a000000008,api:4,p:2260,c:17312) dequeueBuffer: BufferQueue has been abandoned
11-09 15:38:23.789 17312 17995 W CAM_MetadataDst: onCaptureFailed for Frame 488
11-09 15:38:23.803 17312 17399 E BufferQueueProducer: [SurfaceView[com.google.android.GoogleCameraLMCR17/com.android.camera.CameraLauncher]#4(BLAST Consumer)4](id:43a000000008,api:4,p:2260,c:17312) queueBuffer: BufferQueue has been abandoned
11-09 15:38:23.808 17312 17334 E PhenotypeFlagCommitter: Retrieving snapshot for com.google.android.apps.camera#com.google.android.GoogleCameraLMCR17 failed
11-09 15:38:23.808 17312 17334 E PhenotypeFlagCommitter: java.util.concurrent.ExecutionException: java.lang.SecurityException: GoogleCertificatesRslt: not allowed: pkg=com.google.android.GoogleCameraLMCR17, sha256=[a40da80a59d170caa950cf15c18c454d47a39b26989d8b640ecd745ba71bf5dc], atk=false, ver=244336029.true (go/gsrlt)
11-09 15:38:23.808 17312 17334 E PhenotypeFlagCommitter: at mip.fb(Unknown Source:27)
11-09 15:38:23.808 17312 17334 E PhenotypeFlagCommitter: at mip.cd(Unknown Source:63)
11-09 15:38:23.808 17312 17334 E PhenotypeFlagCommitter: at kuc.c(Unknown Source:12)
11-09 15:38:23.808 17312 17334 E PhenotypeFlagCommitter: at kuc.e(Unknown Source:35)
11-09 15:38:23.808 17312 17334 E PhenotypeFlagCommitter: at kuc.b(Unknown Source:1)
11-09 15:38:23.808 17312 17334 E PhenotypeFlagCommitter: at gvh.a(Unknown Source:35)
11-09 15:38:23.808 17312 17334 E PhenotypeFlagCommitter: at gvj.run(Unknown Source:9)
11-09 15:38:23.808 17312 17334 E PhenotypeFlagCommitter: at law.run(Unknown Source:2)
11-09 15:38:23.808 17312 17334 E PhenotypeFlagCommitter: at java.util.concurrent.Executors$RunnableAdapter.call(Executors.java:487)
11-09 15:38:23.808 17312 17334 E PhenotypeFlagCommitter: at pio.a(Unknown Source:2)
11-09 15:38:23.808 17312 17334 E PhenotypeFlagCommitter: at phs.run(Unknown Source:20)
11-09 15:38:23.808 17312 17334 E PhenotypeFlagCommitter: at pip.run(Unknown Source:4)
11-09 15:38:23.808 17312 17334 E PhenotypeFlagCommitter: at java.util.concurrent.Executors$RunnableAdapter.call(Executors.java:487)
11-09 15:38:23.808 17312 17334 E PhenotypeFlagCommitter: at java.util.concurrent.FutureTask.run(FutureTask.java:264)
11-09 15:38:23.808 17312 17334 E PhenotypeFlagCommitter: at java.util.concurrent.ScheduledThreadPoolExecutor$ScheduledFutureTask.run(ScheduledThreadPoolExecutor.java:307)
11-09 15:38:23.808 17312 17334 E PhenotypeFlagCommitter: at lbh.run(Unknown Source:2)
11-09 15:38:23.808 17312 17334 E PhenotypeFlagCommitter: at lbg.run(Unknown Source:0)
11-09 15:38:23.808 17312 17334 E PhenotypeFlagCommitter: at java.util.concurrent.ThreadPoolExecutor.runWorker(ThreadPoolExecutor.java:1145)
11-09 15:38:23.808 17312 17334 E PhenotypeFlagCommitter: at java.util.concurrent.ThreadPoolExecutor$Worker.run(ThreadPoolExecutor.java:644)
11-09 15:38:23.808 17312 17334 E PhenotypeFlagCommitter: at java.lang.Thread.run(Thread.java:1012)
11-09 15:38:23.808 17312 17334 E PhenotypeFlagCommitter: at lab.run(Unknown Source:5)
11-09 15:38:23.808 17312 17334 E PhenotypeFlagCommitter: Caused by: java.lang.SecurityException: GoogleCertificatesRslt: not allowed: pkg=com.google.android.GoogleCameraLMCR17, sha256=[a40da80a59d170caa950cf15c18c454d47a39b26989d8b640ecd745ba71bf5dc], atk=false, ver=244336029.true (go/gsrlt)
11-09 15:38:23.808 17312 17334 E PhenotypeFlagCommitter: at android.os.Parcel.createExceptionOrNull(Parcel.java:3057)
11-09 15:38:23.808 17312 17334 E PhenotypeFlagCommitter: at android.os.Parcel.createException(Parcel.java:3041)
11-09 15:38:23.808 17312 17334 E PhenotypeFlagCommitter: at android.os.Parcel.readException(Parcel.java:3024)
11-09 15:38:23.808 17312 17334 E PhenotypeFlagCommitter: at android.os.Parcel.readException(Parcel.java:2966)
11-09 15:38:23.808 17312 17334 E PhenotypeFlagCommitter: at bmn.z(Unknown Source:10)
11-09 15:38:23.808 17312 17334 E PhenotypeFlagCommitter: at ktz.a(Unknown Source:38)
11-09 15:38:23.808 17312 17334 E PhenotypeFlagCommitter: at kjd.f(Unknown Source:10)
11-09 15:38:23.808 17312 17334 E PhenotypeFlagCommitter: at kkc.t(Unknown Source:9)
11-09 15:38:23.808 17312 17334 E PhenotypeFlagCommitter: at kkc.u(Unknown Source:22)
11-09 15:38:23.808 17312 17334 E PhenotypeFlagCommitter: at kkc.e(Unknown Source:15)
11-09 15:38:23.808 17312 17334 E PhenotypeFlagCommitter: at kkg.handleMessage(Unknown Source:920)
11-09 15:38:23.808 17312 17334 E PhenotypeFlagCommitter: at android.os.Handler.dispatchMessage(Handler.java:107)
11-09 15:38:23.808 17312 17334 E PhenotypeFlagCommitter: at ksg.b(Unknown Source:0)
11-09 15:38:23.808 17312 17334 E PhenotypeFlagCommitter: at ksg.dispatchMessage(Unknown Source:0)
11-09 15:38:23.808 17312 17334 E PhenotypeFlagCommitter: at android.os.Looper.loopOnce(Looper.java:242)
11-09 15:38:23.808 17312 17334 E PhenotypeFlagCommitter: at android.os.Looper.loop(Looper.java:362)
11-09 15:38:23.808 17312 17334 E PhenotypeFlagCommitter: at android.os.HandlerThread.run(HandlerThread.java:85)
11-09 15:38:23.842 17312 17754 E BufferQueueProducer: [SurfaceView[com.google.android.GoogleCameraLMCR17/com.android.camera.CameraLauncher]#4(BLAST Consumer)4](id:43a000000008,api:4,p:2260,c:17312) queueBuffer: BufferQueue has been abandoned
11-09 15:38:23.869 17312 17754 E BufferQueueProducer: [SurfaceView[com.google.android.GoogleCameraLMCR17/com.android.camera.CameraLauncher]#4(BLAST Consumer)4](id:43a000000008,api:4,p:2260,c:17312) queueBuffer: BufferQueue has been abandoned
11-09 15:38:23.902 17312 17754 E BufferQueueProducer: [SurfaceView[com.google.android.Go