Logcat File from Android Device
Document Details
Uploaded by EnthralledDivergence
Shyam Babu High School
Tags
Summary
This logcat output provides a comprehensive record of system events and errors on an Android device. It contains vital information regarding the operation of applications, particularly Google Camera. The log shows various events, including network or camera issues, and diagnostics of application performance.
Full Transcript
--------- beginning of main
11-09 15:37:41.572 17343 17343 W libprocessgroup: JoinCgroup: controller schedtune is not found
11-09 15:37:41.571 17343 17343 W logcat : type=1400 audit(0.0:107312): avc: denied { ioctl } for path="/storage/emulated/0/LMC8.4/files/logcat/logcat1731146861501.txt" dev=...
--------- beginning of main
11-09 15:37:41.572 17343 17343 W libprocessgroup: JoinCgroup: controller schedtune is not found
11-09 15:37:41.571 17343 17343 W logcat : type=1400 audit(0.0:107312): avc: denied { ioctl } for path="/storage/emulated/0/LMC8.4/files/logcat/logcat1731146861501.txt" dev="fuse" ino=184265 ioctlcmd=0xf50d scontext=u:r:untrusted_app_29:s0:c114,c257,c512,c768 tcontext=u:object_r:fuse:s0 tclass=file permissive=0 app=com.google.android.GoogleCameraLMCR17
11-09 15:37:41.584 17312 17346 I CameraManagerGlobal: Connecting to camera service
11-09 15:37:41.588 17312 17312 D CompatibilityChangeReporter: Compat change id reported: 183155436; UID 10370; state: DISABLED
11-09 15:37:41.602 17312 17349 D CameraManager2: GotArray:0
11-09 15:37:41.603 17312 17349 D CameraManager2: GotArray:1
11-09 15:37:41.603 17312 17349 D CameraManager2: GotArray:2
11-09 15:37:41.605 17312 17352 D CameraManager2: GotArray:0
11-09 15:37:41.605 17312 17352 D CameraManager2: GotArray:1
11-09 15:37:41.605 17312 17352 D CameraManager2: GotArray:2
11-09 15:37:41.606 17312 17312 D CompatibilityChangeReporter: Compat change id reported: 210923482; UID 10370; state: DISABLED
11-09 15:37:41.606 17312 17312 D CompatibilityChangeReporter: Compat change id reported: 37756858; UID 10370; state: ENABLED
11-09 15:37:41.610 17312 17352 D CameraManager2: GotArray:0
11-09 15:37:41.610 17312 17352 D CameraManager2: GotArray:1
11-09 15:37:41.610 17312 17352 D CameraManager2: GotArray:2
11-09 15:37:41.622 17312 17352 D CameraManager2: GotArray:0
11-09 15:37:41.622 17312 17352 D CameraManager2: GotArray:1
11-09 15:37:41.622 17312 17352 D CameraManager2: GotArray:2
11-09 15:37:41.626 17312 17352 D CameraManager2: GotArray:0
11-09 15:37:41.626 17312 17352 D CameraManager2: GotArray:1
11-09 15:37:41.626 17312 17352 D CameraManager2: GotArray:2
11-09 15:37:41.643 17312 17334 W VideoCapabilities: Unsupported mime image/vnd.android.heic
11-09 15:37:41.643 17312 17334 W VideoCapabilities: Unsupported mime image/vnd.android.heic
11-09 15:37:41.667 17312 17334 W CAM_A : Build number (7f864-783c4c) is not a number. Ignoring version check for b/149569689.
11-09 15:37:41.668 17312 17334 D CameraManager2: GotArray:0
11-09 15:37:41.668 17312 17334 D CameraManager2: GotArray:1
11-09 15:37:41.668 17312 17334 D CameraManager2: GotArray:2
11-09 15:37:41.671 17312 17346 D nativeloader: Load /data/app/~~I4L9IuBFEIHME-N0wuB01w==/com.google.android.GoogleCameraLMCR17-MwrwUyGo8IScMV-9QDNW_Q==/lib/arm64/libgcastartup.so using ns clns-4 from class loader (caller=/data/app/~~I4L9IuBFEIHME-N0wuB01w==/com.google.android.GoogleCameraLMCR17-MwrwUyGo8IScMV-9QDNW_Q==/base.apk): ok
11-09 15:37:41.672 17312 17346 D nativeloader: Load /data/app/~~I4L9IuBFEIHME-N0wuB01w==/com.google.android.GoogleCameraLMCR17-MwrwUyGo8IScMV-9QDNW_Q==/lib/arm64/libpairipcoreX.so using ns clns-4 from class loader (caller=/data/app/~~I4L9IuBFEIHME-N0wuB01w==/com.google.android.GoogleCameraLMCR17-MwrwUyGo8IScMV-9QDNW_Q==/base.apk!classes2.dex): ok
11-09 15:37:41.676 17312 17312 I DeezNuts: MSG: SLIDER 1 FOCUS: 1.0E-4
11-09 15:37:41.676 17312 17312 I ProReC : setprogres0
11-09 15:37:41.676 17312 17312 I DeezNuts: MSG: SLIDER 0 IDX: 0
11-09 15:37:41.676 17312 17312 I ProReC : setprogres_iso0
11-09 15:37:41.677 17312 17312 I za.defcomk.prorec.cust2.RotSeek: setprogres_iso0
11-09 15:37:41.679 17312 17312 D CompatibilityChangeReporter: Compat change id reported: 171228096; UID 10370; state: ENABLED
11-09 15:37:41.719 17312 17352 D CompatibilityChangeReporter: Compat change id reported: 236825255; UID 10370; state: DISABLED
11-09 15:37:41.719 17312 17312 D CompatibilityChangeReporter: Compat change id reported: 237531167; UID 10370; state: DISABLED
11-09 15:37:41.756 17312 17352 D CameraManager2: GotArray:0
11-09 15:37:41.756 17312 17352 D CameraManager2: GotArray:1
11-09 15:37:41.756 17312 17352 D CameraManager2: GotArray:2
11-09 15:37:41.761 17312 17352 D nativeloader: Load /data/app/~~I4L9IuBFEIHME-N0wuB01w==/com.google.android.GoogleCameraLMCR17-MwrwUyGo8IScMV-9QDNW_Q==/lib/arm64/libagc.so using ns clns-4 from class loader (caller=/data/app/~~I4L9IuBFEIHME-N0wuB01w==/com.google.android.GoogleCameraLMCR17-MwrwUyGo8IScMV-9QDNW_Q==/base.apk!classes2.dex): ok
11-09 15:37:41.773 17312 17338 I AdrenoGLES-0: QUALCOMM build : d6af717ee5, Ice93043e2c
11-09 15:37:41.773 17312 17338 I AdrenoGLES-0: Build Date : 03/08/24
11-09 15:37:41.773 17312 17338 I AdrenoGLES-0: OpenGL ES Shader Compiler Version: E031.45.02.05
11-09 15:37:41.773 17312 17338 I AdrenoGLES-0: Local Branch :
11-09 15:37:41.773 17312 17338 I AdrenoGLES-0: Remote Branch : refs/tags/AU_LINUX_ANDROID_LA.VENDOR.14.3.2.11.00.00.1125.118
11-09 15:37:41.773 17312 17338 I AdrenoGLES-0: Remote Branch : NONE
11-09 15:37:41.773 17312 17338 I AdrenoGLES-0: Reconstruct Branch : NOTHING
11-09 15:37:41.773 17312 17338 I AdrenoGLES-0: Build Config : S P 16.1.2 AArch64
11-09 15:37:41.773 17312 17338 I AdrenoGLES-0: Driver Path : /vendor/lib64/egl/libGLESv2_adreno.so
11-09 15:37:41.773 17312 17338 I AdrenoGLES-0: Driver Version : 0762.10
11-09 15:37:41.773 17312 17338 I AdrenoGLES-0: Process Name : com.google.android.GoogleCameraLMCR17
11-09 15:37:41.775 17312 17349 D CameraManager2: GotArray:0
11-09 15:37:41.775 17312 17349 D CameraManager2: GotArray:1
11-09 15:37:41.775 17312 17349 D CameraManager2: GotArray:2
11-09 15:37:41.780 17312 17338 I AdrenoGLES-0: PFP: 0x016ee206, ME: 0x00000000
11-09 15:37:41.801 17312 17338 I OpenGLRenderer: setGrContext nullptr-->validptr
11-09 15:37:41.804 17312 17338 E OpenGLRenderer: Unable to match the desired swap behavior.
11-09 15:37:41.859 17312 17352 D CameraManager2: GotArray:0
11-09 15:37:41.859 17312 17352 D CameraManager2: GotArray:1
11-09 15:37:41.859 17312 17352 D CameraManager2: GotArray:2
11-09 15:37:41.873 17312 17312 W CAM_A : Was already registered as ThermalStatusListener on AppStart
11-09 15:37:41.900 17312 17337 W ProtoDataStoreFlagStore: Unable to retrieve flag snapshot for com.google.android.libraries.consentverifier#com.google.android.GoogleCameraLMCR17, using defaults.
11-09 15:37:41.920 17312 17352 W CAM_SimpleReqProcessor: Failed to add Stream-2 to CaptureRequest for Request-0. The surface (null) was not valid.
11-09 15:37:41.920 17312 17352 W CAM_SimpleReqProcessor: Failed to submit a CaptureRequest for Request-0: There were no surfaces on the request.
11-09 15:37:41.921 17312 17352 W CAM_SimpleReqProcessor: Failed to add Stream-2 to CaptureRequest for Request-1. The surface (null) was not valid.
11-09 15:37:41.936 17312 17312 W FontsContract: Platform version of downloadable fonts is deprecated. Please use androidx version instead.
11-09 15:37:41.981 17312 17312 D CameraManager2: GotArray:0
11-09 15:37:41.981 17312 17312 D CameraManager2: GotArray:1
11-09 15:37:41.981 17312 17312 D CameraManager2: GotArray:2
11-09 15:37:41.982 17312 17312 D CameraManager2: GotArray:0
11-09 15:37:41.982 17312 17312 D CameraManager2: GotArray:1
11-09 15:37:41.982 17312 17312 D CameraManager2: GotArray:2
11-09 15:37:41.983 17312 17312 D CameraManager2: GotArray:0
11-09 15:37:41.983 17312 17312 D CameraManager2: GotArray:1
11-09 15:37:41.983 17312 17312 D CameraManager2: GotArray:2
11-09 15:37:41.984 17312 17312 D CameraManager2: GotArray:0
11-09 15:37:41.984 17312 17312 D CameraManager2: GotArray:1
11-09 15:37:41.984 17312 17312 D CameraManager2: GotArray:2
11-09 15:37:42.017 17312 17312 D CameraManager2: GotArray:0
11-09 15:37:42.017 17312 17312 D CameraManager2: GotArray:1
11-09 15:37:42.017 17312 17312 D CameraManager2: GotArray:2
11-09 15:37:42.026 17312 17312 D CameraManager2: GotArray:0
11-09 15:37:42.026 17312 17312 D CameraManager2: GotArray:1
11-09 15:37:42.026 17312 17312 D CameraManager2: GotArray:2
11-09 15:37:42.027 17312 17312 D CameraManager2: GotArray:0
11-09 15:37:42.027 17312 17312 D CameraManager2: GotArray:1
11-09 15:37:42.027 17312 17312 D CameraManager2: GotArray:2
11-09 15:37:42.028 17312 17312 D CameraManager2: GotArray:0
11-09 15:37:42.028 17312 17312 D CameraManager2: GotArray:1
11-09 15:37:42.028 17312 17312 D CameraManager2: GotArray:2
11-09 15:37:42.028 17312 17312 D CameraManager2: GotArray:0
11-09 15:37:42.028 17312 17312 D CameraManager2: GotArray:1
11-09 15:37:42.028 17312 17312 D CameraManager2: GotArray:2
11-09 15:37:42.033 17312 17312 W FontsContract: Platform version of downloadable fonts is deprecated. Please use androidx version instead.
11-09 15:37:42.054 17312 17312 W CAM_A : ModeSwitcher WAS ALREADY ENABLED!
11-09 15:37:42.058 17312 17312 D CameraManager2: GotArray:0
11-09 15:37:42.058 17312 17312 D CameraManager2: GotArray:1
11-09 15:37:42.058 17312 17312 D CameraManager2: GotArray:2
11-09 15:37:42.058 17312 17312 D CameraManager2: GotArray:0
11-09 15:37:42.058 17312 17312 D CameraManager2: GotArray:1
11-09 15:37:42.058 17312 17312 D CameraManager2: GotArray:2
11-09 15:37:42.061 17312 17312 D CameraManager2: GotArray:0
11-09 15:37:42.061 17312 17312 D CameraManager2: GotArray:1
11-09 15:37:42.061 17312 17312 D CameraManager2: GotArray:2
11-09 15:37:42.087 17312 17312 I Choreographer: Skipped 39 frames! The application may be doing too much work on its main thread.
11-09 15:37:42.101 17312 17312 I DeezNuts: MSG: SLIDER 1 FOCUS: 1.0E-4
11-09 15:37:42.101 17312 17312 I ProReC : setprogres0
11-09 15:37:42.101 17312 17312 I DeezNuts: MSG: SLIDER 0 IDX: 0
11-09 15:37:42.101 17312 17312 I ProReC : setprogres_iso0
11-09 15:37:42.101 17312 17312 I za.defcomk.prorec.cust2.RotSeek: setprogres_iso0
11-09 15:37:42.172 17312 17312 W CBVerifier: Registering phenotype for com.google.android.libraries.consentverifier#com.google.android.GoogleCameraLMCR17 failed
11-09 15:37:42.176 17312 17481 W ProtoDataStoreFlagStore: Unable to update local snapshot for com.google.android.libraries.consentverifier#com.google.android.GoogleCameraLMCR17, may result in stale flags.
11-09 15:37:42.176 17312 17481 W ProtoDataStoreFlagStore: java.util.concurrent.ExecutionException: java.lang.SecurityException: GoogleCertificatesRslt: not allowed: pkg=com.google.android.GoogleCameraLMCR17, sha256=[a40da80a59d170caa950cf15c18c454d47a39b26989d8b640ecd745ba71bf5dc], atk=false, ver=244336029.true (go/gsrlt)
11-09 15:37:42.176 17312 17481 W ProtoDataStoreFlagStore: at pfx.s(Unknown Source:20)
11-09 15:37:42.176 17312 17481 W ProtoDataStoreFlagStore: at pfx.get(Unknown Source:21)
11-09 15:37:42.176 17312 17481 W ProtoDataStoreFlagStore: at plk.I(Unknown Source:1)
11-09 15:37:42.176 17312 17481 W ProtoDataStoreFlagStore: at plk.ad(Unknown Source:9)
11-09 15:37:42.176 17312 17481 W ProtoDataStoreFlagStore: at nfm.d(Unknown Source:0)
11-09 15:37:42.176 17312 17481 W ProtoDataStoreFlagStore: at ngq.run(Unknown Source:9)
11-09 15:37:42.176 17312 17481 W ProtoDataStoreFlagStore: at java.util.concurrent.Executors$RunnableAdapter.call(Executors.java:487)
11-09 15:37:42.176 17312 17481 W ProtoDataStoreFlagStore: at java.util.concurrent.FutureTask.run(FutureTask.java:264)
11-09 15:37:42.176 17312 17481 W ProtoDataStoreFlagStore: at java.util.concurrent.ScheduledThreadPoolExecutor$ScheduledFutureTask.run(ScheduledThreadPoolExecutor.java:307)
11-09 15:37:42.176 17312 17481 W ProtoDataStoreFlagStore: at java.util.concurrent.ThreadPoolExecutor.runWorker(ThreadPoolExecutor.java:1145)
11-09 15:37:42.176 17312 17481 W ProtoDataStoreFlagStore: at java.util.concurrent.ThreadPoolExecutor$Worker.run(ThreadPoolExecutor.java:644)
11-09 15:37:42.176 17312 17481 W ProtoDataStoreFlagStore: at java.lang.Thread.run(Thread.java:1012)
11-09 15:37:42.176 17312 17481 W ProtoDataStoreFlagStore: Caused by: java.lang.SecurityException: GoogleCertificatesRslt: not allowed: pkg=com.google.android.GoogleCameraLMCR17, sha256=[a40da80a59d170caa950cf15c18c454d47a39b26989d8b640ecd745ba71bf5dc], atk=false, ver=244336029.true (go/gsrlt)
11-09 15:37:42.176 17312 17481 W ProtoDataStoreFlagStore: at android.os.Parcel.createExceptionOrNull(Parcel.java:3057)
11-09 15:37:42.176 17312 17481 W ProtoDataStoreFlagStore: at android.os.Parcel.createException(Parcel.java:3041)
11-09 15:37:42.176 17312 17481 W ProtoDataStoreFlagStore: at android.os.Parcel.readException(Parcel.java:3024)
11-09 15:37:42.176 17312 17481 W ProtoDataStoreFlagStore: at android.os.Parcel.readException(Parcel.java:2966)
11-09 15:37:42.176 17312 17481 W ProtoDataStoreFlagStore: at bmn.z(Unknown Source:10)
11-09 15:37:42.176 17312 17481 W ProtoDataStoreFlagStore: at ktz.a(Unknown Source:38)
11-09 15:37:42.176 17312 17481 W ProtoDataStoreFlagStore: at kjd.f(Unknown Source:10)
11-09 15:37:42.176 17312 17481 W ProtoDataStoreFlagStore: at kkc.t(Unknown Source:9)
11-09 15:37:42.176 17312 17481 W ProtoDataStoreFlagStore: at kkc.u(Unknown Source:22)
11-09 15:37:42.176 17312 17481 W ProtoDataStoreFlagStore: at kkc.g(Unknown Source:29)
11-09 15:37:42.176 17312 17481 W ProtoDataStoreFlagStore: at kkc.h(Unknown Source:76)
11-09 15:37:42.176 17312 17481 W ProtoDataStoreFlagStore: at kkc.b(Unknown Source:14)
11-09 15:37:42.176 17312 17481 W ProtoDataStoreFlagStore: at klz.c(Unknown Source:114)
11-09 15:37:42.176 17312 17481 W ProtoDataStoreFlagStore: at klt.d(Unknown Source:6)
11-09 15:37:42.176 17312 17481 W ProtoDataStoreFlagStore: at klu.handleMessage(Unknown Source:307)
11-09 15:37:42.176 17312 17481 W ProtoDataStoreFlagStore: at android.os.Handler.dispatchMessage(Handler.java:111)
11-09 15:37:42.176 17312 17481 W ProtoDataStoreFlagStore: at ksg.b(Unknown Source:0)
11-09 15:37:42.176 17312 17481 W ProtoDataStoreFlagStore: at ksg.dispatchMessage(Unknown Source:0)
11-09 15:37:42.176 17312 17481 W ProtoDataStoreFlagStore: at android.os.Looper.loopOnce(Looper.java:242)
11-09 15:37:42.176 17312 17481 W ProtoDataStoreFlagStore: at android.os.Looper.loop(Looper.java:362)
11-09 15:37:42.176 17312 17481 W ProtoDataStoreFlagStore: at android.os.HandlerThread.run(HandlerThread.java:85)
11-09 15:37:42.178 17312 17352 W CAM_SimpleReqProcessor: Failed to add Stream-2 to CaptureRequest for Request-2. The surface (null) was not valid.
11-09 15:37:42.182 17312 17352 W CAM_SimpleReqProcessor: Failed to add Stream-2 to CaptureRequest for Request-3. The surface (null) was not valid.
11-09 15:37:42.185 17312 17352 W CAM_SimpleReqProcessor: Failed to add Stream-2 to CaptureRequest for Request-4. The surface (null) was not valid.
11-09 15:37:42.188 17312 17352 W CAM_SimpleReqProcessor: Failed to add Stream-2 to CaptureRequest for Request-5. The surface (null) was not valid.
11-09 15:37:42.198 17312 17352 W CAM_SimpleReqProcessor: Failed to add Stream-2 to CaptureRequest for Request-6. The surface (null) was not valid.
11-09 15:37:42.226 17312 17312 D CameraManager2: GotArray:0
11-09 15:37:42.226 17312 17312 D CameraManager2: GotArray:1
11-09 15:37:42.226 17312 17312 D CameraManager2: GotArray:2
11-09 15:37:42.227 17312 17312 W CAM_A : ModeSwitcher WAS ALREADY ENABLED!
11-09 15:37:42.352 17312 17334 W CAM_A : Extractor (frame) of type feature.acmi.imu.frame-straightness depends on foreign type feature.acmi.imu.camera-orientation! Feature values may be calculated out of order!
11-09 15:37:42.352 17312 17334 W CAM_A : Extractor (frame) of type feature.acmi.imu.frame-straightness depends on foreign type feature.acmi.imu.camera-orientation! Feature values may be calculated out of order!
11-09 15:37:42.400 17312 17346 D nativeloader: Load /data/app/~~I4L9IuBFEIHME-N0wuB01w==/com.google.android.GoogleCameraLMCR17-MwrwUyGo8IScMV-9QDNW_Q==/lib/arm64/libsmartcapture_native.so using ns clns-4 from class loader (caller=/data/app/~~I4L9IuBFEIHME-N0wuB01w==/com.google.android.GoogleCameraLMCR17-MwrwUyGo8IScMV-9QDNW_Q==/base.apk): ok
11-09 15:37:42.402 17312 17346 I tflite : Initialized TensorFlow Lite runtime.
11-09 15:37:42.403 17312 17389 E GoLog : INFO: Initialized TensorFlow Lite runtime.
11-09 15:37:42.403 17312 17346 W libc : Access denied finding property "ro.hardware.chipname"
11-09 15:37:42.404 17312 17346 I tflite : Created TensorFlow Lite XNNPACK delegate for CPU.
11-09 15:37:42.404 17312 17346 I tflite : Replacing 5 node(s) with delegate (TfLiteXNNPackDelegate) node, yielding 1 partitions.
11-09 15:37:42.405 17312 17389 E GoLog : INFO: Created TensorFlow Lite XNNPACK delegate for CPU.
11-09 15:37:42.405 17312 17389 E GoLog : INFO: Replacing 5 node(s) with delegate (TfLiteXNNPackDelegate) node, yielding 1 partitions.
11-09 15:37:42.415 17312 17377 W CAM_A : UNINITIALIZED > result sensor delay = 2.00 > 1.10
11-09 15:37:42.422 17312 17334 W CAM_CameraDeviceVerifie: Tag CameraDeviceVerifier is 1 chars longer than limit.
11-09 15:37:42.428 17312 17346 D CameraManager2: GotArray:0
11-09 15:37:42.429 17312 17346 D CameraManager2: GotArray:1
11-09 15:37:42.429 17312 17346 D CameraManager2: GotArray:2
11-09 15:37:42.430 17312 17352 D CameraManager2: GotArray:0
11-09 15:37:42.430 17312 17352 D CameraManager2: GotArray:1
11-09 15:37:42.430 17312 17352 D CameraManager2: GotArray:2
11-09 15:37:42.437 17312 17665 D MediaCodecList: codecHandlesFormat: no format, so no extra checks
11-09 15:37:42.437 17312 17666 D MediaCodecList: codecHandlesFormat: no format, so no extra checks
11-09 15:37:42.445 17312 17666 I MediaCodec: (0x7452bc5580) init name(c2.android.vorbis.decoder)
11-09 15:37:42.447 17312 17665 I MediaCodec: (0x7452bc7150) init name(c2.android.vorbis.decoder)
11-09 15:37:42.448 17312 17672 D CCodec : allocate(c2.android.vorbis.decoder)
11-09 15:37:42.452 17312 17377 W CAM_A : UNINITIALIZED > rel Δ(result sensor timestamp) = 0.50 > 0.25
11-09 15:37:42.452 17312 17671 D CCodec : allocate(c2.android.vorbis.decoder)
11-09 15:37:42.453 17312 17672 I Codec2Client: Available Codec2 services: "default" "default9" "software"
11-09 15:37:42.455 17312 17671 I CCodec : setting up 'default' as default (vendor) store
11-09 15:37:42.455 17312 17672 I CCodec : setting up 'default' as default (vendor) store
11-09 15:37:42.465 17312 17671 I CCodec : Created component [c2.android.vorbis.decoder]
11-09 15:37:42.466 17312 17671 D CCodecConfig: read media type: audio/vorbis
11-09 15:37:42.469 17312 17671 D ReflectedParamUpdater: extent() != 1 for single value type: algo.buffers.max-count.values
11-09 15:37:42.469 17312 17671 D ReflectedParamUpdater: extent() != 1 for single value type: output.subscribed-indices.values
11-09 15:37:42.469 17312 17671 D ReflectedParamUpdater: extent() != 1 for single value type: input.buffers.allocator-ids.values
11-09 15:37:42.469 17312 17672 I CCodec : Created component [c2.android.vorbis.decoder]
11-09 15:37:42.469 17312 17671 D ReflectedParamUpdater: extent() != 1 for single value type: output.buffers.allocator-ids.values
11-09 15:37:42.470 17312 17671 D ReflectedParamUpdater: extent() != 1 for single value type: algo.buffers.allocator-ids.values
11-09 15:37:42.470 17312 17671 D ReflectedParamUpdater: extent() != 1 for single value type: output.buffers.pool-ids.values
11-09 15:37:42.470 17312 17671 D ReflectedParamUpdater: extent() != 1 for single value type: algo.buffers.pool-ids.values
11-09 15:37:42.470 17312 17672 D CCodecConfig: read media type: audio/vorbis
11-09 15:37:42.471 17312 17671 I CCodecConfig: query failed after returning 7 values (BAD_INDEX)
11-09 15:37:42.471 17312 17671 D CCodecConfig: c2 config diff is Dict {
11-09 15:37:42.471 17312 17671 D CCodecConfig: c2::u32 coded.bitrate.value = 64000
11-09 15:37:42.471 17312 17671 D CCodecConfig: c2::u32 input.buffers.max-size.value = 32768
11-09 15:37:42.471 17312 17671 D CCodecConfig: c2::u32 input.delay.value = 0
11-09 15:37:42.471 17312 17671 D CCodecConfig: string input.media-type.value = "audio/vorbis"
11-09 15:37:42.471 17312 17671 D CCodecConfig: string output.media-type.value = "audio/raw"
11-09 15:37:42.471 17312 17671 D CCodecConfig: c2::u32 raw.channel-count.value = 1
11-09 15:37:42.471 17312 17671 D CCodecConfig: c2::u32 raw.sample-rate.value = 48000
11-09 15:37:42.471 17312 17671 D CCodecConfig: }
11-09 15:37:42.471 17312 17671 I MediaCodec: (0x7452bc7150) Component Allocated (c2.android.vorbis.decoder)
11-09 15:37:42.478 17312 17665 I MediaCodec: (0x7452bc7150) configure surface(0x0) crypto(0x0) flags(0)
11-09 15:37:42.478 17312 17665 D MediaCodec: (0x7452bc7150) configure format: AMessage(what = 0x00000000) = {
11-09 15:37:42.478 17312 17665 D MediaCodec: string mime = "audio/vorbis"
11-09 15:37:42.478 17312 17665 D MediaCodec: int64_t durationUs = 282086
11-09 15:37:42.478 17312 17665 D MediaCodec: int32_t track-id = 1
11-09 15:37:42.478 17312 17665 D MediaCodec: Buffer csd-0 = {
11-09 15:37:42.478 17312 17665 D MediaCodec: 00000000: 01 76 6f 72 62 69 73 00 00 00 00 01 44 ac 00 00.vorbis.....D...
11-09 15:37:42.478 17312 17665 D MediaCodec: 00000010: 00 00 00 00 80 38 01 00 00 00 00 00 b8 01.....8........
11-09 15:37:42.478 17312 17665 D MediaCodec: }
11-09 15:37:42.478 17312 17665 D MediaCodec: Buffer *csd-1 = 0x7372af9470
11-09 15:37:42.478 17312 17665 D MediaCodec: int32_t bitrate = 80000
11-09 15:37:42.478 17312 17665 D MediaCodec: int32_t channel-count = 1
11-09 15:37:42.478 17312 17665 D MediaCodec: int32_t sample-rate = 44100
11-09 15:37:42.478 17312 17665 D MediaCodec: int32_t channel-mask = 1
11-09 15:37:42.478 17312 17665 D MediaCodec: }
11-09 15:37:42.479 17312 17671 D MediaCodec: flushMediametrics
11-09 15:37:42.479 17312 17671 D CCodec : [c2.android.vorbis.decoder] buffers are bound to CCodec for this session
11-09 15:37:42.479 17312 17671 D CCodecConfig: no c2 equivalents for durationUs
11-09 15:37:42.479 17312 17671 D CCodecConfig: no c2 equivalents for track-id
11-09 15:37:42.479 17312 17671 D CCodecConfig: no c2 equivalents for csd-1
11-09 15:37:42.479 17312 17671 D CCodecConfig: no c2 equivalents for flags
11-09 15:37:42.479 17312 17672 D ReflectedParamUpdater: extent() != 1 for single value type: algo.buffers.max-count.values
11-09 15:37:42.479 17312 17672 D ReflectedParamUpdater: extent() != 1 for single value type: output.subscribed-indices.values
11-09 15:37:42.479 17312 17672 D ReflectedParamUpdater: extent() != 1 for single value type: input.buffers.allocator-ids.values
11-09 15:37:42.480 17312 17672 D ReflectedParamUpdater: extent() != 1 for single value type: output.buffers.allocator-ids.values
11-09 15:37:42.480 17312 17672 D ReflectedParamUpdater: extent() != 1 for single value type: algo.buffers.allocator-ids.values
11-09 15:37:42.480 17312 17672 D ReflectedParamUpdater: extent() != 1 for single value type: output.buffers.pool-ids.values
11-09 15:37:42.480 17312 17672 D ReflectedParamUpdater: extent() != 1 for single value type: algo.buffers.pool-ids.values
11-09 15:37:42.480 17312 17671 D CCodecConfig: c2 config diff is c2::u32 coded.bitrate.value = 80000
11-09 15:37:42.480 17312 17671 D CCodecConfig: c2::u32 raw.sample-rate.value = 44100
11-09 15:37:42.481 17312 17672 I CCodecConfig: query failed after returning 7 values (BAD_INDEX)
11-09 15:37:42.481 17312 17672 D CCodecConfig: c2 config diff is Dict {
11-09 15:37:42.481 17312 17672 D CCodecConfig: c2::u32 coded.bitrate.value = 64000
11-09 15:37:42.481 17312 17672 D CCodecConfig: c2::u32 input.buffers.max-size.value = 32768
11-09 15:37:42.481 17312 17672 D CCodecConfig: c2::u32 input.delay.value = 0
11-09 15:37:42.481 17312 17672 D CCodecConfig: string input.media-type.value = "audio/vorbis"
11-09 15:37:42.481 17312 17672 D CCodecConfig: string output.media-type.value = "audio/raw"
11-09 15:37:42.481 17312 17672 D CCodecConfig: c2::u32 raw.channel-count.value = 1
11-09 15:37:42.481 17312 17672 D CCodecConfig: c2::u32 raw.sample-rate.value = 48000
11-09 15:37:42.481 17312 17672 D CCodecConfig: }
11-09 15:37:42.481 17312 17671 W Codec2Client: query -- param skipped: index = 1107298332.
11-09 15:37:42.481 17312 17672 I MediaCodec: (0x7452bc5580) Component Allocated (c2.android.vorbis.decoder)
11-09 15:37:42.481 17312 17671 D CCodec : encoding statistics level = 0
11-09 15:37:42.481 17312 17671 D CCodec : setup formats input: AMessage(what = 0x00000000) = {
11-09 15:37:42.481 17312 17671 D CCodec : int32_t bitrate = 80000
11-09 15:37:42.481 17312 17671 D CCodec : int32_t channel-count = 1
11-09 15:37:42.481 17312 17671 D CCodec : int32_t max-input-size = 32768
11-09 15:37:42.481 17312 17671 D CCodec : string mime = "audio/vorbis"
11-09 15:37:42.481 17312 17671 D CCodec : int32_t sample-rate = 44100
11-09 15:37:42.481 17312 17671 D CCodec : }
11-09 15:37:42.481 17312 17671 D CCodec : setup formats output: AMessage(what = 0x00000000) = {
11-09 15:37:42.481 17312 17671 D CCodec : int32_t channel-count = 1
11-09 15:37:42.481 17312 17671 D CCodec : string mime = "audio/raw"
11-09 15:37:42.481 17312 17671 D CCodec : int32_t sample-rate = 44100
11-09 15:37:42.481 17312 17671 D CCodec : int32_t channel-mask = 1
11-09 15:37:42.481 17312 17671 D CCodec : int32_t android._config-pcm-encoding = 2
11-09 15:37:42.481 17312 17671 D CCodec : }
11-09 15:37:42.482 17312 17671 I CCodecConfig: query failed after returning 7 values (BAD_INDEX)
11-09 15:37:42.482 17312 17665 I MediaCodec: (0x7452bc7150) start
11-09 15:37:42.483 17312 17671 W Codec2Client: query -- param skipped: index = 1342179345.
11-09 15:37:42.483 17312 17671 W Codec2Client: query -- param skipped: index = 2415921170.
11-09 15:37:42.484 17312 17671 D C2Store : debug.c2.use_dmabufheaps set, forcing DMABUF Heaps
11-09 15:37:42.484 17312 17671 D C2Store : Using DMABUF Heaps
11-09 15:37:42.484 17312 17666 I MediaCodec: (0x7452bc5580) configure surface(0x0) crypto(0x0) flags(0)
11-09 15:37:42.484 17312 17666 D MediaCodec: (0x7452bc5580) configure format: AMessage(what = 0x00000000) = {
11-09 15:37:42.484 17312 17666 D MediaCodec: string mime = "audio/vorbis"
11-09 15:37:42.484 17312 17666 D MediaCodec: int64_t durationUs = 97083
11-09 15:37:42.484 17312 17666 D MediaCodec: int32_t track-id = 1
11-09 15:37:42.484 17312 17666 D MediaCodec: Buffer csd-0 = {
11-09 15:37:42.484 17312 17666 D MediaCodec: 00000000: 01 76 6f 72 62 69 73 00 00 00 00 01 80 bb 00 00.vorbis.........
11-09 15:37:42.484 17312 17666 D MediaCodec: 00000010: 00 00 00 00 c0 d4 01 00 00 00 00 00 b8 01..............
11-09 15:37:42.484 17312 17666 D MediaCodec: }
11-09 15:37:42.484 17312 17666 D MediaCodec: Buffer *csd-1 = 0x7372af89d0
11-09 15:37:42.484 17312 17666 D MediaCodec: int32_t bitrate = 120000
11-09 15:37:42.484 17312 17666 D MediaCodec: int32_t channel-count = 1
11-09 15:37:42.484 17312 17666 D MediaCodec: int32_t sample-rate = 48000
11-09 15:37:42.484 17312 17666 D MediaCodec: int32_t channel-mask = 1
11-09 15:37:42.484 17312 17666 D MediaCodec: }
11-09 15:37:42.484 17312 17672 D MediaCodec: flushMediametrics
11-09 15:37:42.484 17312 17672 D CCodec : [c2.android.vorbis.decoder] buffers are bound to CCodec for this session
11-09 15:37:42.484 17312 17672 D CCodecConfig: no c2 equivalents for durationUs
11-09 15:37:42.484 17312 17672 D CCodecConfig: no c2 equivalents for track-id
11-09 15:37:42.484 17312 17672 D CCodecConfig: no c2 equivalents for csd-1
11-09 15:37:42.484 17312 17672 D CCodecConfig: no c2 equivalents for flags
11-09 15:37:42.485 17312 17671 D CCodecBufferChannel: [c2.android.vorbis.decoder#255] Created input block pool with allocatorID 16 => poolID 17 - OK (0)
11-09 15:37:42.485 17312 17672 D CCodecConfig: c2 config diff is c2::u32 coded.bitrate.value = 120000
11-09 15:37:42.485 17312 17672 W Codec2Client: query -- param skipped: index = 1107298332.
11-09 15:37:42.485 17312 17672 D CCodec : encoding statistics level = 0
11-09 15:37:42.485 17312 17672 D CCodec : setup formats input: AMessage(what = 0x00000000) = {
11-09 15:37:42.485 17312 17672 D CCodec : int32_t bitrate = 120000
11-09 15:37:42.485 17312 17672 D CCodec : int32_t channel-count = 1
11-09 15:37:42.485 17312 17672 D CCodec : int32_t max-input-size = 32768
11-09 15:37:42.485 17312 17672 D CCodec : string mime = "audio/vorbis"
11-09 15:37:42.485 17312 17672 D CCodec : int32_t sample-rate = 48000
11-09 15:37:42.485 17312 17672 D CCodec : }
11-09 15:37:42.485 17312 17672 D CCodec : setup formats output: AMessage(what = 0x00000000) = {
11-09 15:37:42.485 17312 17672 D CCodec : int32_t channel-count = 1
11-09 15:37:42.485 17312 17672 D CCodec : string mime = "audio/raw"
11-09 15:37:42.485 17312 17672 D CCodec : int32_t sample-rate = 48000
11-09 15:37:42.485 17312 17672 D CCodec : int32_t channel-mask = 1
11-09 15:37:42.485 17312 17672 D CCodec : int32_t android._config-pcm-encoding = 2
11-09 15:37:42.485 17312 17672 D CCodec : }
11-09 15:37:42.485 17312 17671 I CCodecBufferChannel: [c2.android.vorbis.decoder#255] Created output block pool with allocatorID 16 => poolID 5403 - OK
11-09 15:37:42.486 17312 17671 D CCodecBufferChannel: [c2.android.vorbis.decoder#255] Configured output block pool ids 5403 => OK
11-09 15:37:42.486 17312 17672 I CCodecConfig: query failed after returning 7 values (BAD_INDEX)
11-09 15:37:42.486 17312 17671 D CCodecBufferChannel: [c2.android.vorbis.decoder#255] start: updating output delay 0
11-09 15:37:42.486 17312 17666 I MediaCodec: (0x7452bc5580) start
11-09 15:37:42.486 17312 17671 I DMABUFHEAPS: Using DMA-BUF heap named: system
11-09 15:37:42.487 17312 17672 W Codec2Client: query -- param skipped: index = 1342179345.
11-09 15:37:42.487 17312 17672 W Codec2Client: query -- param skipped: index = 2415921170.
11-09 15:37:42.487 17312 17671 I MediaCodec: (0x7452bc7150) kWhatStartCompleted
11-09 15:37:42.488 17312 17672 D CCodecBufferChannel: [c2.android.vorbis.decoder#618] Created input block pool with allocatorID 16 => poolID 18 - OK (0)
11-09 15:37:42.490 17312 17672 I CCodecBufferChannel: [c2.android.vorbis.decoder#618] Created output block pool with allocatorID 16 => poolID 5404 - OK
11-09 15:37:42.490 17312 17672 D CCodecBufferChannel: [c2.android.vorbis.decoder#618] Configured output block pool ids 5404 => OK
11-09 15:37:42.491 17312 17672 D CCodecBufferChannel: [c2.android.vorbis.decoder#618] start: updating output delay 0
11-09 15:37:42.492 17312 17672 I MediaCodec: (0x7452bc5580) kWhatStartCompleted
11-09 15:37:42.573 17312 17666 I MediaCodec: (0x7452bc5580) stop
11-09 15:37:42.573 17312 17672 D CCodecBufferChannel: [c2.android.vorbis.decoder#618] MediaCodec discarded an unknown buffer
11-09 15:37:42.573 17312 17672 D CCodecBufferChannel: [c2.android.vorbis.decoder#618] MediaCodec discarded an unknown buffer
11-09 15:37:42.576 17312 17666 I MediaCodec: (0x7452bc5580) release
11-09 15:37:42.577 17312 17672 I hw-BpHwBinder: onLastStrongRef automatically unlinking death recipients
11-09 15:37:42.580 17312 17666 D MediaCodec: flushMediametrics
11-09 15:37:42.625 17312 17665 I MediaCodec: (0x7452bc7150) stop
11-09 15:37:42.626 17312 17671 D CCodecBufferChannel: [c2.android.vorbis.decoder#255] MediaCodec discarded an unknown buffer
11-09 15:37:42.626 17312 17671 D CCodecBufferChannel: [c2.android.vorbis.decoder#255] MediaCodec discarded an unknown buffer
11-09 15:37:42.628 17312 17665 I MediaCodec: (0x7452bc7150) release
11-09 15:37:42.630 17312 17671 I hw-BpHwBinder: onLastStrongRef automatically unlinking death recipients
11-09 15:37:42.632 17312 17665 D MediaCodec: flushMediametrics
11-09 15:37:42.717 17312 17346 W pkr : aeCrop exceeds preCorrectionActiveArraySize.
11-09 15:37:42.727 17312 17332 W CAM_A : Framerate metadata does not exist for the video at content://media/external/video/media/1000006446
11-09 15:37:42.778 17312 17377 W CAM_A : PHOTO > result sensor delay = 1.12 > 1.10
11-09 15:37:42.781 17312 17332 W CAM_A : Framerate metadata does not exist for the video at content://media/external/video/media/1000006088
11-09 15:37:42.818 17312 17332 W CAM_A : Framerate metadata does not exist for the video at content://media/external/video/media/1000006086
11-09 15:37:42.863 17312 17332 W CAM_A : Framerate metadata does not exist for the video at content://media/external/video/media/1000006085
11-09 15:37:42.887 17312 17346 W pkr : aeCrop exceeds preCorrectionActiveArraySize.
11-09 15:37:42.913 17312 17332 W CAM_A : Framerate metadata does not exist for the video at content://media/external/video/media/1000006083
11-09 15:37:42.945 17312 17334 W Glide : Failed to find GeneratedAppGlideModule. You should include an annotationProcessor compile dependency on com.github.bumptech.glide:compiler in your application and a @GlideModule annotated AppGlideModule implementation or LibraryGlideModules will be silently ignored
11-09 15:37:43.086 17312 17346 W pkr : aeCrop exceeds preCorrectionActiveArraySize.
11-09 15:37:43.285 17312 17334 W pkr : aeCrop exceeds preCorrectionActiveArraySize.
11-09 15:37:43.374 17312 17377 W CAM_AutoFlashIndicator: No converged AE result for 31 frames,falling back to single-image auto-flash photo
11-09 15:37:43.485 17312 17346 W pkr : aeCrop exceeds preCorrectionActiveArraySize.
11-09 15:37:43.684 17312 17334 W pkr : aeCrop exceeds preCorrectionActiveArraySize.
11-09 15:37:43.886 17312 17346 W pkr : aeCrop exceeds preCorrectionActiveArraySize.
11-09 15:37:44.086 17312 17334 W pkr : aeCrop exceeds preCorrectionActiveArraySize.
11-09 15:37:44.284 17312 17334 W pkr : aeCrop exceeds preCorrectionActiveArraySize.
11-09 15:37:44.481 17312 17334 W pkr : aeCrop exceeds preCorrectionActiveArraySize.
11-09 15:37:44.685 17312 17334 W pkr : aeCrop exceeds preCorrectionActiveArraySize.
11-09 15:37:44.709 17312 17332 W ProtoDataStoreFlagStore: Unable to retrieve flag snapshot for com.google.android.libraries.performance.primes#com.google.android.GoogleCameraLMCR17, using defaults.
11-09 15:37:44.712 17312 17481 W ProtoDataStoreFlagStore: Unable to update local snapshot for com.google.android.libraries.performance.primes#com.google.android.GoogleCameraLMCR17, may result in stale flags.
11-09 15:37:44.712 17312 17481 W ProtoDataStoreFlagStore: java.util.concurrent.ExecutionException: java.lang.SecurityException: GoogleCertificatesRslt: not allowed: pkg=com.google.android.GoogleCameraLMCR17, sha256=[a40da80a59d170caa950cf15c18c454d47a39b26989d8b640ecd745ba71bf5dc], atk=false, ver=244336029.true (go/gsrlt)
11-09 15:37:44.712 17312 17481 W ProtoDataStoreFlagStore: at pfx.s(Unknown Source:20)
11-09 15:37:44.712 17312 17481 W ProtoDataStoreFlagStore: at pfx.get(Unknown Source:21)
11-09 15:37:44.712 17312 17481 W ProtoDataStoreFlagStore: at plk.I(Unknown Source:1)
11-09 15:37:44.712 17312 17481 W ProtoDataStoreFlagStore: at plk.ad(Unknown Source:9)
11-09 15:37:44.712 17312 17481 W ProtoDataStoreFlagStore: at nfm.d(Unknown Source:0)
11-09 15:37:44.712 17312 17481 W ProtoDataStoreFlagStore: at ngq.run(Unknown Source:9)
11-09 15:37:44.712 17312 17481 W ProtoDataStoreFlagStore: at java.util.concurrent.Executors$RunnableAdapter.call(Executors.java:487)
11-09 15:37:44.712 17312 17481 W ProtoDataStoreFlagStore: at java.util.concurrent.FutureTask.run(FutureTask.java:264)
11-09 15:37:44.712 17312 17481 W ProtoDataStoreFlagStore: at java.util.concurrent.ScheduledThreadPoolExecutor$ScheduledFutureTask.run(ScheduledThreadPoolExecutor.java:307)
11-09 15:37:44.712 17312 17481 W ProtoDataStoreFlagStore: at java.util.concurrent.ThreadPoolExecutor.runWorker(ThreadPoolExecutor.java:1145)
11-09 15:37:44.712 17312 17481 W ProtoDataStoreFlagStore: at java.util.concurrent.ThreadPoolExecutor$Worker.run(ThreadPoolExecutor.java:644)
11-09 15:37:44.712 17312 17481 W ProtoDataStoreFlagStore: at java.lang.Thread.run(Thread.java:1012)
11-09 15:37:44.712 17312 17481 W ProtoDataStoreFlagStore: Caused by: java.lang.SecurityException: GoogleCertificatesRslt: not allowed: pkg=com.google.android.GoogleCameraLMCR17, sha256=[a40da80a59d170caa950cf15c18c454d47a39b26989d8b640ecd745ba71bf5dc], atk=false, ver=244336029.true (go/gsrlt)
11-09 15:37:44.712 17312 17481 W ProtoDataStoreFlagStore: at android.os.Parcel.createExceptionOrNull(Parcel.java:3057)
11-09 15:37:44.712 17312 17481 W ProtoDataStoreFlagStore: at android.os.Parcel.createException(Parcel.java:3041)
11-09 15:37:44.712 17312 17481 W ProtoDataStoreFlagStore: at android.os.Parcel.readException(Parcel.java:3024)
11-09 15:37:44.712 17312 17481 W ProtoDataStoreFlagStore: at android.os.Parcel.readException(Parcel.java:2966)
11-09 15:37:44.712 17312 17481 W ProtoDataStoreFlagStore: at bmn.z(Unknown Source:10)
11-09 15:37:44.712 17312 17481 W ProtoDataStoreFlagStore: at ktz.a(Unknown Source:38)
11-09 15:37:44.712 17312 17481 W ProtoDataStoreFlagStore: at kjd.f(Unknown Source:10)
11-09 15:37:44.712 17312 17481 W ProtoDataStoreFlagStore: at kkc.t(Unknown Source:9)
11-09 15:37:44.712 17312 17481 W ProtoDataStoreFlagStore: at kkc.u(Unknown Source:22)
11-09 15:37:44.712 17312 17481 W ProtoDataStoreFlagStore: at kkc.e(Unknown Source:15)
11-09 15:37:44.712 17312 17481 W ProtoDataStoreFlagStore: at kkg.handleMessage(Unknown Source:920)
11-09 15:37:44.712 17312 17481 W ProtoDataStoreFlagStore: at android.os.Handler.dispatchMessage(Handler.java:107)
11-09 15:37:44.712 17312 17481 W ProtoDataStoreFlagStore: at ksg.b(Unknown Source:0)
11-09 15:37:44.712 17312 17481 W ProtoDataStoreFlagStore: at ksg.dispatchMessage(Unknown Source:0)
11-09 15:37:44.712 17312 17481 W ProtoDataStoreFlagStore: at android.os.Looper.loopOnce(Looper.java:242)
11-09 15:37:44.712 17312 17481 W ProtoDataStoreFlagStore: at android.os.Looper.loop(Looper.java:362)
11-09 15:37:44.712 17312 17481 W ProtoDataStoreFlagStore: at android.os.HandlerThread.run(HandlerThread.java:85)
11-09 15:37:44.883 17312 17346 W pkr : aeCrop exceeds preCorrectionActiveArraySize.
11-09 15:37:45.085 17312 17334 W pkr : aeCrop exceeds preCorrectionActiveArraySize.
11-09 15:37:45.288 17312 17346 W pkr : aeCrop exceeds preCorrectionActiveArraySize.
11-09 15:37:45.480 17312 17334 W pkr : aeCrop exceeds preCorrectionActiveArraySize.
11-09 15:37:45.681 17312 17334 W pkr : aeCrop exceeds preCorrectionActiveArraySize.
11-09 15:37:45.871 17312 17377 W CAM_AutoFlashIndicator: No converged AE result for 31 frames,falling back to single-image auto-flash photo
11-09 15:37:45.879 17312 17334 W pkr : aeCrop exceeds preCorrectionActiveArraySize.
11-09 15:37:46.083 17312 17346 W pkr : aeCrop exceeds preCorrectionActiveArraySize.
11-09 15:37:46.280 17312 17334 W pkr : aeCrop exceeds preCorrectionActiveArraySize.
11-09 15:37:46.487 17312 17346 W pkr : aeCrop exceeds preCorrectionActiveArraySize.
11-09 15:37:46.686 17312 17334 W pkr : aeCrop exceeds preCorrectionActiveArraySize.
11-09 15:37:46.886 17312 17334 W pkr : aeCrop exceeds preCorrectionActiveArraySize.
11-09 15:37:46.907 17312 17377 W CAM_A : PHOTO > result sensor delay = 1.12 > 1.10
11-09 15:37:47.070 17312 17377 W CAM_A : PHOTO > result sensor delay = 1.12 > 1.10
11-09 15:37:47.082 17312 17334 W pkr : aeCrop exceeds preCorrectionActiveArraySize.
11-09 15:37:47.237 17312 17377 W CAM_A : PHOTO > result sensor delay = 1.12 > 1.10
11-09 15:37:47.282 17312 17346 W pkr : aeCrop exceeds preCorrectionActiveArraySize.
11-09 15:37:47.482 17312 17334 W pkr : aeCrop exceeds preCorrectionActiveArraySize.
11-09 15:37:47.485 17312 17677 D BufferPoolAccessor2.0: bufferpool2 0x73a2b26248 : 0(0 size) total buffers - 0(0 size) used buffers - 2/7 (recycle/alloc) - 4/82 (fetch/transfer)
11-09 15:37:47.485 17312 17677 D BufferPoolAccessor2.0: evictor expired: 1, evicted: 1
11-09 15:37:47.682 17312 17346 W pkr : aeCrop exceeds preCorrectionActiveArraySize.
11-09 15:37:47.882 17312 17334 W pkr : aeCrop exceeds preCorrectionActiveArraySize.
11-09 15:37:48.081 17312 17346 W pkr : aeCrop exceeds preCorrectionActiveArraySize.
11-09 15:37:48.284 17312 17346 W pkr : aeCrop exceeds preCorrectionActiveArraySize.
11-09 15:37:48.412 17312 17377 W CAM_A : PHOTO > result sensor delay = 1.12 > 1.10
11-09 15:37:48.473 17312 17377 W CAM_A : PHOTO > rel Δ(result sensor timestamp) = 0.28 > 0.25
11-09 15:37:48.473 17312 17377 W CAM_A : PHOTO > result sensor delay = 1.12 > 1.10
11-09 15:37:48.483 17312 17334 W pkr : aeCrop exceeds preCorrectionActiveArraySize.
11-09 15:37:48.485 17312 17677 D BufferPoolAccessor2.0: bufferpool2 0x73a2b19db8 : 0(0 size) total buffers - 0(0 size) used buffers - 2/7 (recycle/alloc) - 5/40 (fetch/transfer)
11-09 15:37:48.485 17312 17677 D BufferPoolAccessor2.0: evictor expired: 1, evicted: 1
11-09 15:37:48.685 17312 17346 W pkr : aeCrop exceeds preCorrectionActiveArraySize.
11-09 15:37:48.710 17312 17377 W CAM_A : PHOTO > result sensor delay = 1.12 > 1.10
11-09 15:37:48.885 17312 17334 W pkr : aeCrop exceeds preCorrectionActiveArraySize.
11-09 15:37:49.085 17312 17346 W pkr : aeCrop exceeds preCorrectionActiveArraySize.
11-09 15:37:49.303 17312 17334 W pkr : aeCrop exceeds preCorrectionActiveArraySize.
11-09 15:37:49.344 17312 17377 W CAM_A : PHOTO > result sensor delay = 1.12 > 1.10
11-09 15:37:49.483 17312 17346 W pkr : aeCrop exceeds preCorrectionActiveArraySize.
11-09 15:37:49.680 17312 17334 W pkr : aeCrop exceeds preCorrectionActiveArraySize.
11-09 15:37:49.890 17312 17346 W pkr : aeCrop exceeds preCorrectionActiveArraySize.
11-09 15:37:49.986 17312 17377 W CAM_A : PHOTO > rel Δ(result sensor timestamp) = 0.25 > 0.25
11-09 15:37:49.987 17312 17377 W CAM_A : PHOTO > result sensor delay = 1.40 > 1.10
11-09 15:37:50.028 17312 17377 W CAM_A : PHOTO > result sensor delay = 1.32 > 1.10
11-09 15:37:50.105 17312 17334 W pkr : aeCrop exceeds preCorrectionActiveArraySize.
11-09 15:37:50.306 17312 17346 W pkr : aeCrop exceeds preCorrectionActiveArraySize.
11-09 15:37:50.504 17312 17334 W pkr : aeCrop exceeds preCorrectionActiveArraySize.
11-09 15:37:50.626 17312 17377 W CAM_A : PHOTO > rel Δ(result sensor timestamp) = 0.26 > 0.25
11-09 15:37:50.659 17312 17377 W CAM_A : PHOTO > rel Δ(result sensor timestamp) = 0.26 > 0.25
11-09 15:37:50.698 17312 17377 W CAM_A : PHOTO > result sensor delay = 1.15 > 1.10
11-09 15:37:50.707 17312 17346 W pkr : aeCrop exceeds preCorrectionActiveArraySize.
11-09 15:37:50.866 17312 17377 W CAM_A : PHOTO > result sensor delay = 1.21 > 1.10
11-09 15:37:50.906 17312 17334 W pkr : aeCrop exceeds preCorrectionActiveArraySize.
11-09 15:37:51.009 17312 17377 W CAM_A : PHOTO > rel Δ(result sensor timestamp) = 0.25 > 0.25
11-09 15:37:51.138 17312 17346 W pkr : aeCrop exceeds preCorrectionActiveArraySize.
11-09 15:37:51.171 17312 17377 W CAM_A : PHOTO > result sensor delay = 1.38 > 1.10
11-09 15:37:51.385 17312 17334 W pkr : aeCrop exceeds preCorrectionActiveArraySize.
11-09 15:37:51.623 17312 17334 W pkr : aeCrop exceeds preCorrectionActiveArraySize.
11-09 15:37:51.737 17312 17377 W CAM_A : PHOTO > result sensor delay = 1.23 > 1.10
11-09 15:37:51.777 17312 17377 W CAM_A : PHOTO > result sensor delay = 1.27 > 1.10
11-09 15:37:51.857 17312 17346 W pkr : aeCrop exceeds preCorrectionActiveArraySize.
11-09 15:37:52.057 17312 17334 W pkr : aeCrop exceeds preCorrectionActiveArraySize.
11-09 15:37:52.266 17312 17334 W pkr : aeCrop exceeds preCorrectionActiveArraySize.
11-09 15:37:52.460 17312 17346 W pkr : aeCrop exceeds preCorrectionActiveArraySize.
11-09 15:37:52.678 17312 17346 W pkr : aeCrop exceeds preCorrectionActiveArraySize.
11-09 15:37:52.826 17312 17377 W CAM_AutoFlashIndicator: No converged AE result for 31 frames,falling back to single-image auto-flash photo
11-09 15:37:52.861 17312 17377 W CAM_A : PHOTO > result sensor delay = 1.18 > 1.10
11-09 15:37:52.873 17312 17334 W pkr : aeCrop exceeds preCorrectionActiveArraySize.
11-09 15:37:52.890 17312 17377 W CAM_A : PHOTO > result sensor delay = 1.17 > 1.10
11-09 15:37:53.075 17312 17346 W pkr : aeCrop exceeds preCorrectionActiveArraySize.
11-09 15:37:53.264 17312 17334 W pkr : aeCrop exceeds preCorrectionActiveArraySize.
11-09 15:37:53.475 17312 17334 W pkr : aeCrop exceeds preCorrectionActiveArraySize.
11-09 15:37:53.674 17312 17334 W pkr : aeCrop exceeds preCorrectionActiveArraySize.
11-09 15:37:53.876 17312 17334 W pkr : aeCrop exceeds preCorrectionActiveArraySize.
11-09 15:37:54.067 17312 17334 W pkr : aeCrop exceeds preCorrectionActiveArraySize.
11-09 15:37:54.283 17312 17334 W pkr : aeCrop exceeds preCorrectionActiveArraySize.
11-09 15:37:54.475 17312 17334 W pkr : aeCrop exceeds preCorrectionActiveArraySize.
11-09 15:37:56.279 17312 17334 E PhenotypeFlagCommitter: Retrieving snapshot for com.google.android.apps.camera#com.google.android.GoogleCameraLMCR17 failed
11-09 15:37:56.279 17312 17334 E PhenotypeFlagCommitter: java.util.concurrent.ExecutionException: java.lang.SecurityException: GoogleCertificatesRslt: not allowed: pkg=com.google.android.GoogleCameraLMCR17, sha256=[a40da80a59d170caa950cf15c18c454d47a39b26989d8b640ecd745ba71bf5dc], atk=false, ver=244336029.true (go/gsrlt)
11-09 15:37:56.279 17312 17334 E PhenotypeFlagCommitter: at mip.fb(Unknown Source:27)
11-09 15:37:56.279 17312 17334 E PhenotypeFlagCommitter: at mip.cd(Unknown Source:63)
11-09 15:37:56.279 17312 17334 E PhenotypeFlagCommitter: at kuc.c(Unknown Source:12)
11-09 15:37:56.279 17312 17334 E PhenotypeFlagCommitter: at kuc.e(Unknown Source:35)
11-09 15:37:56.279 17312 17334 E PhenotypeFlagCommitter: at kuc.b(Unknown Source:1)
11-09 15:37:56.279 17312 17334 E PhenotypeFlagCommitter: at gvh.a(Unknown Source:35)
11-09 15:37:56.279 17312 17334 E PhenotypeFlagCommitter: at gvj.run(Unknown Source:9)
11-09 15:37:56.279 17312 17334 E PhenotypeFlagCommitter: at law.run(Unknown Source:2)
11-09 15:37:56.279 17312 17334 E PhenotypeFlagCommitter: at java.util.concurrent.Executors$RunnableAdapter.call(Executors.java:487)
11-09 15:37:56.279 17312 17334 E PhenotypeFlagCommitter: at pio.a(Unknown Source:2)
11-09 15:37:56.279 17312 17334 E PhenotypeFlagCommitter: at phs.run(Unknown Source:20)
11-09 15:37:56.279 17312 17334 E PhenotypeFlagCommitter: at pip.run(Unknown Source:4)
11-09 15:37:56.279 17312 17334 E PhenotypeFlagCommitter: at java.util.concurrent.Executors$RunnableAdapter.call(Executors.java:487)
11-09 15:37:56.279 17312 17334 E PhenotypeFlagCommitter: at java.util.concurrent.FutureTask.run(FutureTask.java:264)
11-09 15:37:56.279 17312 17334 E PhenotypeFlagCommitter: at java.util.concurrent.ScheduledThreadPoolExecutor$ScheduledFutureTask.run(ScheduledThreadPoolExecutor.java:307)
11-09 15:37:56.279 17312 17334 E PhenotypeFlagCommitter: at lbh.run(Unknown Source:2)
11-09 15:37:56.279 17312 17334 E PhenotypeFlagCommitter: at lbg.run(Unknown Source:0)
11-09 15:37:56.279 17312 17334 E PhenotypeFlagCommitter: at java.util.concurrent.ThreadPoolExecutor.runWorker(ThreadPoolExecutor.java:1145)
11-09 15:37:56.279 17312 17334 E PhenotypeFlagCommitter: at java.util.concurrent.ThreadPoolExecutor$Worker.run(ThreadPoolExecutor.java:644)
11-09 15:37:56.279 17312 17334 E PhenotypeFlagCommitter: at java.lang.Thread.run(Thread.java:1012)
11-09 15:37:56.279 17312 17334 E PhenotypeFlagCommitter: at lab.run(Unknown Source:5)
11-09 15:37:56.279 17312 17334 E PhenotypeFlagCommitter: Caused by: java.lang.SecurityException: GoogleCertificatesRslt: not allowed: pkg=com.google.android.GoogleCameraLMCR17, sha256=[a40da80a59d170caa950cf15c18c454d47a39b26989d8b640ecd745ba71bf5dc], atk=false, ver=244336029.true (go/gsrlt)
11-09 15:37:56.279 17312 17334 E PhenotypeFlagCommitter: at android.os.Parcel.createExceptionOrNull(Parcel.java:3057)
11-09 15:37:56.279 17312 17334 E PhenotypeFlagCommitter: at android.os.Parcel.createException(Parcel.java:3041)
11-09 15:37:56.279 17312 17334 E PhenotypeFlagCommitter: at android.os.Parcel.readException(Parcel.java:3024)
11-09 15:37:56.279 17312 17334 E PhenotypeFlagCommitter: at android.os.Parcel.readException(Parcel.java:2966)
11-09 15:37:56.279 17312 17334 E PhenotypeFlagCommitter: at bmn.z(Unknown Source:10)
11-09 15:37:56.279 17312 17334 E PhenotypeFlagCommitter: at ktz.a(Unknown Source:38)
11-09 15:37:56.279 17312 17334 E PhenotypeFlagCommitter: at kjd.f(Unknown Source:10)
11-09 15:37:56.279 17312 17334 E PhenotypeFlagCommitter: at kkc.t(Unknown Source:9)
11-09 15:37:56.279 17312 17334 E PhenotypeFlagCommitter: at kkc.u(Unknown Source:22)
11-09 15:37:56.279 17312 17334 E PhenotypeFlagCommitter: at kkc.e(Unknown Source:15)
11-09 15:37:56.279 17312 17334 E PhenotypeFlagCommitter: at kkg.handleMessage(Unknown Source:920)
11-09 15:37:56.279 17312 17334 E PhenotypeFlagCommitter: at android.os.Handler.dispatchMessage(Handler.java:107)
11-09 15:37:56.279 17312 17334 E PhenotypeFlagCommitter: at ksg.b(Unknown Source:0)
11-09 15:37:56.279 17312 17334 E PhenotypeFlagCommitter: at ksg.dispatchMessage(Unknown Source:0)
11-09 15:37:56.279 17312 17334 E PhenotypeFlagCommitter: at android.os.Looper.loopOnce(Looper.java:242)
11-09 15:37:56.279 17312 17334 E PhenotypeFlagCommitter: at android.os.Looper.loop(Looper.java:362)
11-09 15:37:56.279 17312 17334 E PhenotypeFlagCommitter: at android.os.HandlerThread.run(HandlerThread.java:85)
11-09 15:37:56.370 17312 17312 D Surface : Surface::disconnect
11-09 15:37:56.370 17312 17312 D BufferQueueProducer: [SurfaceView[com.google.android.GoogleCameraLMCR17/com.android.camera.CameraLauncher]#1(BLAST Consumer)1](id:43a000000003,api:4,p:2260,c:17312) disconnect: api -1
11-09 15:37:56.382 17312 17338 D Surface : Surface::disconnect
11-09 15:37:56.382 17312 17338 D BufferQueueProducer: [VRI[CameraLauncher]#0(BLAST Consumer)0](id:43a000000002,api:1,p:17312,c:17312) disconnect: api 1
11-09 15:37:56.419 17312 17378 W CAM_MetadataDst: onCaptureFailed for Frame 421 (images were captured)
11-09 15:37:56.421 17312 17378 W CAM_MetadataDst: onCaptureFailed for Frame 420 (images were captured)
11-09 15:37:56.422 17312 17378 W CAM_MetadataDst: onCaptureFailed for Frame 422
