11-15 17:51:46.020 20369 20563 W libc : Access denied finding property "vendor.debug.stagefright.BufferCount"
11-15 17:51:46.020 20369 20563 W libc : Access denied finding property "vendor.debug.stagefright.BufferCount"
11-15 17:51:46.020 20369 20563 D CCodecBufferChannel: mBufferCountDebug=0 mIsUserLoad=1
11-15 17:51:46.020 20369 20563 D MediaCodec: [0x7435175800] init: CCodec 0x742d996100, CCodecBufferChannel 0x7431af0018
11-15 17:51:46.021 20369 20568 D MediaCodec: [0x7435175800] setState: 1
11-15 17:51:46.022 20369 20568 D CCodec : allocate(c2.android.vorbis.decoder)
11-15 17:51:46.022 20369 20564 E ListServiceUtils: getListValueByUid module:sr-osie-whitelist uid:10315 cost 3877us return 0
11-15 17:51:46.024 20369 20564 D ListServiceUtils: checkInListByUid module:video-setsurface-error uid:10315 cost 1080us return 0
11-15 17:51:46.024 20369 20564 E ListServiceUtils: checkInListByUid module:video-setsurface-error uid:10315 cost 1080us return 0
11-15 17:51:46.024 20369 20564 W libc : Access denied finding property "vendor.debug.stagefright.BufferCount"
11-15 17:51:46.025 20369 20564 W libc : Access denied finding property "vendor.debug.stagefright.BufferCount"
11-15 17:51:46.025 20369 20564 D CCodecBufferChannel: mBufferCountDebug=0 mIsUserLoad=1
11-15 17:51:46.025 20369 20564 D MediaCodec: [0x758397e800] init: CCodec 0x742d06ad00, CCodecBufferChannel 0x741d64d418
11-15 17:51:46.025 20369 20567 D MediaCodec: [0x758397e800] setState: 1
11-15 17:51:46.027 20369 20567 D CCodec : allocate(c2.android.vorbis.decoder)
11-15 17:51:46.058 20369 20568 I Codec2Client: Available Codec2 services: "default" "default2" "software"
11-15 17:51:46.080 20369 20568 I CCodec : setting up 'default' as default (vendor) store
11-15 17:51:46.081 20369 20567 I CCodec : setting up 'default' as default (vendor) store
11-15 17:51:46.139 20369 20567 I CCodec : Created component [c2.android.vorbis.decoder]
11-15 17:51:46.139 20369 20567 D CCodecBufferChannel: [0x741d64d418] setComponent: mName c2.android.vorbis.decoder#946, mPipelineWatcher 0x741d64d8c0
11-15 17:51:46.139 20369 20567 D CCodecBufferChannel: PipelineWatcher debug info [c2.android.vorbis.decoder#946] enable=0
11-15 17:51:46.139 20369 20568 I CCodec : Created component [c2.android.vorbis.decoder]
11-15 17:51:46.139 20369 20568 D CCodecBufferChannel: [0x7431af0018] setComponent: mName c2.android.vorbis.decoder#231, mPipelineWatcher 0x7431af04c0
11-15 17:51:46.139 20369 20568 D CCodecBufferChannel: PipelineWatcher debug info [c2.android.vorbis.decoder#231] enable=0
11-15 17:51:46.140 20369 20568 D CCodecConfig: read media type: audio/vorbis
11-15 17:51:46.141 20369 20567 D CCodecConfig: read media type: audio/vorbis
11-15 17:51:46.150 20369 20567 D ReflectedParamUpdater: extent() != 1 for single value type: algo.buffers.max-count.values
11-15 17:51:46.151 20369 20567 D ReflectedParamUpdater: extent() != 1 for single value type: output.subscribed-indices.values
11-15 17:51:46.151 20369 20567 D ReflectedParamUpdater: extent() != 1 for single value type: input.buffers.allocator-ids.values
11-15 17:51:46.152 20369 20568 D ReflectedParamUpdater: extent() != 1 for single value type: algo.buffers.max-count.values
11-15 17:51:46.153 20369 20567 D ReflectedParamUpdater: extent() != 1 for single value type: output.buffers.allocator-ids.values
11-15 17:51:46.153 20369 20567 D ReflectedParamUpdater: extent() != 1 for single value type: algo.buffers.allocator-ids.values
11-15 17:51:46.154 20369 20567 D ReflectedParamUpdater: extent() != 1 for single value type: output.buffers.pool-ids.values
11-15 17:51:46.154 20369 20568 D ReflectedParamUpdater: extent() != 1 for single value type: output.subscribed-indices.values
11-15 17:51:46.155 20369 20568 D ReflectedParamUpdater: extent() != 1 for single value type: input.buffers.allocator-ids.values
11-15 17:51:46.155 20369 20568 D ReflectedParamUpdater: extent() != 1 for single value type: output.buffers.allocator-ids.values
11-15 17:51:46.155 20369 20568 D ReflectedParamUpdater: extent() != 1 for single value type: algo.buffers.allocator-ids.values
11-15 17:51:46.156 20369 20568 D ReflectedParamUpdater: extent() != 1 for single value type: output.buffers.pool-ids.values
11-15 17:51:46.156 20369 20568 D ReflectedParamUpdater: extent() != 1 for single value type: algo.buffers.pool-ids.values
11-15 17:51:46.156 20369 20567 D ReflectedParamUpdater: extent() != 1 for single value type: algo.buffers.pool-ids.values
11-15 17:51:46.159 20369 20568 I CCodecConfig: query failed after returning 7 values (BAD_INDEX)
11-15 17:51:46.159 20369 20568 D MediaCodec: [0x7435175800] setState: 2
11-15 17:51:46.163 20369 20567 I CCodecConfig: query failed after returning 7 values (BAD_INDEX)
11-15 17:51:46.164 20369 20567 D MediaCodec: [0x758397e800] setState: 2
11-15 17:51:46.181 20369 20563 I MediaCodec: [0x7435175800] [c2.android.vorbis.decoder] configure, format : AMessage(what = 0x00000000) = {
11-15 17:51:46.181 20369 20563 I MediaCodec: string mime = "audio/vorbis"
11-15 17:51:46.181 20369 20563 I MediaCodec: int64_t durationUs = 97083
11-15 17:51:46.181 20369 20563 I MediaCodec: int32_t track-id = 1
11-15 17:51:46.181 20369 20563 I MediaCodec: Buffer csd-0 = {
11-15 17:51:46.181 20369 20563 I MediaCodec: 00000000: 01 76 6f 72 62 69 73 00 00 00 00 01 80 bb 00 00.vorbis.........
11-15 17:51:46.181 20369 20563 I MediaCodec: 00000010: 00 00 00 00 c0 d4 01 00 00 00 00 00 b8 01..............
11-15 17:51:46.181 20369 20563 I MediaCodec: }
11-15 17:51:46.181 20369 20563 I MediaCodec: Buffer *csd-1 = 0x742d288e80
11-15 17:51:46.181 20369 20563 I MediaCodec: int32_t bitrate = 120000
11-15 17:51:46.181 20369 20563 I MediaCodec: int32_t channel-count = 1
11-15 17:51:46.181 20369 20563 I MediaCodec: int32_t sample-rate = 48000
11-15 17:51:46.181 20369 20563 I MediaCodec: int32_t channel-mask = 1
11-15 17:51:46.181 20369 20563 I MediaCodec: }
11-15 17:51:46.182 20369 20568 D MediaCodec: flushMediametrics
11-15 17:51:46.182 20369 20568 D MediaCodec: [0x7435175800] setState: 3
11-15 17:51:46.183 20369 20568 D OplusMediaCodecUtils: getProcessName: pid=20369 name=[com.google.android.GoogleCameraEngR13F2] success
11-15 17:51:46.183 20369 20568 I OplusCCodec: configEncoderFilter enter, mIsEncoder: 0
11-15 17:51:46.183 20369 20568 D OplusCCodec: [initiateConfigureComponent:L1248] OplusFeedbackInfo mFeedbackID:498981232896
11-15 17:51:46.183 20369 20568 D OplusCCodec: configureInputDelay : (0x742d996100)
11-15 17:51:46.188 20369 20564 I MediaCodec: [0x758397e800] [c2.android.vorbis.decoder] configure, format : AMessage(what = 0x00000000) = {
11-15 17:51:46.188 20369 20564 I MediaCodec: string mime = "audio/vorbis"
11-15 17:51:46.188 20369 20564 I MediaCodec: int64_t durationUs = 282086
11-15 17:51:46.188 20369 20564 I MediaCodec: int32_t track-id = 1
11-15 17:51:46.188 20369 20564 I MediaCodec: Buffer csd-0 = {
11-15 17:51:46.188 20369 20564 I MediaCodec: 00000000: 01 76 6f 72 62 69 73 00 00 00 00 01 44 ac 00 00.vorbis.....D...
11-15 17:51:46.188 20369 20564 I MediaCodec: 00000010: 00 00 00 00 80 38 01 00 00 00 00 00 b8 01.....8........
11-15 17:51:46.188 20369 20564 I MediaCodec: }
11-15 17:51:46.188 20369 20564 I MediaCodec: Buffer *csd-1 = 0x741d711440
11-15 17:51:46.188 20369 20564 I MediaCodec: int32_t bitrate = 80000
11-15 17:51:46.188 20369 20564 I MediaCodec: int32_t channel-count = 1
11-15 17:51:46.188 20369 20564 I MediaCodec: int32_t sample-rate = 44100
11-15 17:51:46.188 20369 20564 I MediaCodec: int32_t channel-mask = 1
11-15 17:51:46.188 20369 20564 I MediaCodec: }
11-15 17:51:46.188 20369 20567 D MediaCodec: flushMediametrics
11-15 17:51:46.188 20369 20567 D MediaCodec: [0x758397e800] setState: 3
11-15 17:51:46.189 20369 20567 D OplusMediaCodecUtils: getProcessName: pid=20369 name=[com.google.android.GoogleCameraEngR13F2] success
11-15 17:51:46.190 20369 20567 I OplusCCodec: configEncoderFilter enter, mIsEncoder: 0
11-15 17:51:46.190 20369 20567 D OplusCCodec: [initiateConfigureComponent:L1248] OplusFeedbackInfo mFeedbackID:498971618560
11-15 17:51:46.190 20369 20567 D OplusCCodec: configureInputDelay : (0x742d06ad00)
11-15 17:51:46.190 20369 20568 D OplusVideoBoost: OplusVideoBoost remote
11-15 17:51:46.190 20369 20567 D OplusVideoBoost: OplusVideoBoost remote
11-15 17:51:46.201 20369 20567 D OplusCCodec: sample-rate: 44100, bits-per-sample: 0, channel-count: 1
11-15 17:51:46.201 20369 20567 D OplusCCodec: operating-rate: 0, codec-id: 0, bitrate: 80000
11-15 17:51:46.201 20369 20568 D OplusCCodec: sample-rate: 48000, bits-per-sample: 0, channel-count: 1
11-15 17:51:46.201 20369 20568 D OplusCCodec: operating-rate: 0, codec-id: 0, bitrate: 120000
11-15 17:51:46.204 20369 20567 D OplusCCodec: videoBoost activity name: com.google.android.apps.camera.legacy.app.activity.main.CameraActivity
11-15 17:51:46.204 20369 20567 I OplusWhiteListCache: property[ro.hardware] return value
11-15 17:51:46.204 20369 20567 I OplusWhiteListCache: property[ro.build.device_family] return value
11-15 17:51:46.204 20369 20567 I OplusWhiteListCache: property[ro.boot.prjname] return value
11-15 17:51:46.204 20369 20567 D OplusWhiteListCache: vendor: qcom, soc: OPSM6115, project: 23312
11-15 17:51:46.213 20369 20567 I OplusWhiteListCache: Failed to get value from property[debug.codec.ux]
11-15 17:51:46.213 20369 20567 I OplusWhiteListCache: Failed to get value from property[debug.cpu.boost]
11-15 17:51:46.213 20369 20567 D OplusWhiteListCache: App[com.google.android.GoogleCameraEngR13F2] boost scenario, isVideo
11-15 17:51:46.213 20369 20567 I OplusWhiteListCache: Need to update cache
11-15 17:51:46.214 20369 20567 D OplusWhiteListCache: Get media-sched-boost, ret: 0, value:
11-15 17:51:46.214 20369 20567 I OplusWhiteListCache: Failed to get media-sched-boost info from MMlist
11-15 17:51:46.214 20369 20567 D OplusWhiteListCache: No ux info
11-15 17:51:46.214 20369 20567 I OplusWhiteListCache: Activity map size is.
11-15 17:51:46.214 20369 20567 I OplusWhiteListCache: Need to update cache
11-15 17:51:46.215 20369 20567 I OplusWhiteListCache: Fail to get activity[com.google.android.apps.camera.legacy.app.activity.main.CameraActivity] boost info from mmlist.
11-15 17:51:46.215 20369 20567 D OplusWhiteListCache: No cluster info
11-15 17:51:46.215 20369 20567 D OplusCCodec: uxInfo.needVendorBoost: 0
11-15 17:51:46.215 20369 20567 D OplusCCodec: No boost info
11-15 17:51:46.215 20369 20567 D CCodec : [c2.android.vorbis.decoder] buffers are bound to CCodec for this session
11-15 17:51:46.215 20369 20568 D OplusCCodec: videoBoost activity name: com.google.android.apps.camera.legacy.app.activity.main.CameraActivity
11-15 17:51:46.215 20369 20568 I OplusWhiteListCache: Failed to get value from property[debug.codec.ux]
11-15 17:51:46.215 20369 20568 I OplusWhiteListCache: Failed to get value from property[debug.cpu.boost]
11-15 17:51:46.215 20369 20568 D OplusWhiteListCache: App[com.google.android.GoogleCameraEngR13F2] boost scenario, isVideo
11-15 17:51:46.215 20369 20568 D OplusWhiteListCache: Cache is timeout.
11-15 17:51:46.215 20369 20568 I OplusWhiteListCache: Need to update cache
11-15 17:51:46.216 20369 20568 D OplusWhiteListCache: Get media-sched-boost, ret: 0, value:
11-15 17:51:46.216 20369 20568 I OplusWhiteListCache: Failed to get media-sched-boost info from MMlist
11-15 17:51:46.216 20369 20568 D OplusWhiteListCache: No ux info
11-15 17:51:46.216 20369 20568 D OplusWhiteListCache: Find activity[com.google.android.apps.camera.legacy.app.activity.main.CameraActivity/Decoder] boost info []
11-15 17:51:46.216 20369 20568 D OplusWhiteListCache: Cache is timeout.
11-15 17:51:46.216 20369 20568 I OplusWhiteListCache: Need to update cache
11-15 17:51:46.216 20369 20568 I OplusWhiteListCache: Fail to get activity[com.google.android.apps.camera.legacy.app.activity.main.CameraActivity] boost info from mmlist.
11-15 17:51:46.216 20369 20568 D OplusWhiteListCache: No cluster info
11-15 17:51:46.216 20369 20568 D OplusCCodec: uxInfo.needVendorBoost: 0
11-15 17:51:46.216 20369 20568 D OplusCCodec: No boost info
11-15 17:51:46.216 20369 20568 D CCodec : [c2.android.vorbis.decoder] buffers are bound to CCodec for this session
11-15 17:51:46.219 20369 20567 W Codec2Client: query -- param skipped: index = 1107298332.
11-15 17:51:46.220 20369 20567 D CCodec : encoding statistics level = 0
11-15 17:51:46.220 20369 20567 D CCodec : setup formats input: AMessage(what = 0x00000000) = {
11-15 17:51:46.220 20369 20567 D CCodec : int32_t bitrate = 80000
11-15 17:51:46.220 20369 20567 D CCodec : int32_t channel-count = 1
11-15 17:51:46.220 20369 20567 D CCodec : int32_t max-input-size = 32768
11-15 17:51:46.220 20369 20567 D CCodec : string mime = "audio/vorbis"
11-15 17:51:46.220 20369 20567 D CCodec : int32_t sample-rate = 44100
11-15 17:51:46.220 20369 20567 D CCodec : }
11-15 17:51:46.220 20369 20567 D CCodec : setup formats output: AMessage(what = 0x00000000) = {
11-15 17:51:46.220 20369 20567 D CCodec : int32_t channel-count = 1
11-15 17:51:46.220 20369 20567 D CCodec : string mime = "audio/raw"
11-15 17:51:46.220 20369 20567 D CCodec : int32_t sample-rate = 44100
11-15 17:51:46.220 20369 20567 D CCodec : int32_t channel-mask = 1
11-15 17:51:46.220 20369 20567 D CCodec : int32_t android._config-pcm-encoding = 2
11-15 17:51:46.220 20369 20567 D CCodec : }
11-15 17:51:46.220 20369 20567 I CCodecConfig: query failed after returning 7 values (BAD_INDEX)
11-15 17:51:46.220 20369 20567 D MediaCodec: [0x758397e800] setState: 4
11-15 17:51:46.221 20369 20568 W Codec2Client: query -- param skipped: index = 1107298332.
11-15 17:51:46.221 20369 20567 D MediaCodec: [0x758397e800] setState: 5
11-15 17:51:46.222 20369 20568 D CCodec : encoding statistics level = 0
11-15 17:51:46.222 20369 20568 D CCodec : setup formats input: AMessage(what = 0x00000000) = {
11-15 17:51:46.222 20369 20568 D CCodec : int32_t bitrate = 120000
11-15 17:51:46.222 20369 20568 D CCodec : int32_t channel-count = 1
11-15 17:51:46.222 20369 20568 D CCodec : int32_t max-input-size = 32768
11-15 17:51:46.222 20369 20568 D CCodec : string mime = "audio/vorbis"
11-15 17:51:46.222 20369 20568 D CCodec : int32_t sample-rate = 48000
11-15 17:51:46.222 20369 20568 D CCodec : }
11-15 17:51:46.222 20369 20568 D CCodec : setup formats output: AMessage(what = 0x00000000) = {
11-15 17:51:46.222 20369 20568 D CCodec : int32_t channel-count = 1
11-15 17:51:46.222 20369 20568 D CCodec : string mime = "audio/raw"
11-15 17:51:46.222 20369 20568 D CCodec : int32_t sample-rate = 48000
11-15 17:51:46.222 20369 20568 D CCodec : int32_t channel-mask = 1
11-15 17:51:46.222 20369 20568 D CCodec : int32_t android._config-pcm-encoding = 2
11-15 17:51:46.222 20369 20568 D CCodec : }
11-15 17:51:46.223 20369 20568 I CCodecConfig: query failed after returning 7 values (BAD_INDEX)
11-15 17:51:46.223 20369 20568 D MediaCodec: [0x7435175800] setState: 4
11-15 17:51:46.224 20369 20568 D MediaCodec: [0x7435175800] setState: 5
11-15 17:51:46.224 20369 20567 W Codec2Client: query -- param skipped: index = 1342179345.
11-15 17:51:46.224 20369 20567 W Codec2Client: query -- param skipped: index = 2415921170.
11-15 17:51:46.226 20369 20567 D C2Store : debug.c2.use_dmabufheaps set, forcing DMABUF Heaps
11-15 17:51:46.226 20369 20567 D C2Store : Using DMABUF Heaps
11-15 17:51:46.227 20369 20568 W Codec2Client: query -- param skipped: index = 1342179345.
11-15 17:51:46.227 20369 20568 W Codec2Client: query -- param skipped: index = 2415921170.
11-15 17:51:46.230 20369 20567 D CCodecBufferChannel: [c2.android.vorbis.decoder#946] Created input block pool with allocatorID 16 => poolID 17 - OK (0)
11-15 17:51:46.232 20369 20568 D CCodecBufferChannel: [c2.android.vorbis.decoder#231] Created input block pool with allocatorID 16 => poolID 18 - OK (0)
11-15 17:51:46.244 20369 20567 I CCodecBufferChannel: [c2.android.vorbis.decoder#946] Created output block pool with allocatorID 16 => poolID 10462 - OK
11-15 17:51:46.244 20369 20568 I CCodecBufferChannel: [c2.android.vorbis.decoder#231] Created output block pool with allocatorID 16 => poolID 10461 - OK
11-15 17:51:46.244 20369 20568 D CCodecBufferChannel: [c2.android.vorbis.decoder#231] Configured output block pool ids 10461 => OK
11-15 17:51:46.245 20369 20568 D CCodecBufferChannel: [0x7431af0018] [c2.android.vorbis.decoder#231] start: output->outputDelay 0, output->numSlots 4
11-15 17:51:46.245 20369 20567 D CCodecBufferChannel: [c2.android.vorbis.decoder#946] Configured output block pool ids 10462 => OK
11-15 17:51:46.245 20369 20567 D CCodecBufferChannel: [0x741d64d418] [c2.android.vorbis.decoder#946] start: output->outputDelay 0, output->numSlots 4
11-15 17:51:46.245 20369 20568 D CCodecBuffers: [c2.android.vorbis.decoder#231:1D-Output.Impl[N]] converted 0 buffers to array mode of 4
11-15 17:51:46.247 20369 20568 D CCodecBufferChannel: [c2.android.vorbis.decoder#231] start: updating output delay 0
11-15 17:51:46.248 20369 20567 D CCodecBuffers: [c2.android.vorbis.decoder#946:1D-Output.Impl[N]] converted 0 buffers to array mode of 4
11-15 17:51:46.248 20369 20567 D CCodecBufferChannel: [c2.android.vorbis.decoder#946] start: updating output delay 0
11-15 17:51:46.252 20369 20567 I DMABUFHEAPS: Using DMA-BUF heap named: system
11-15 17:51:46.273 20369 20567 D MediaCodec: [0x758397e800] setState: 6
11-15 17:51:46.279 20369 20568 D MediaCodec: [0x7435175800] setState: 6
11-15 17:51:46.284 20369 20564 D SoundPool::Sound: begin to decode(fd=277)
11-15 17:51:46.286 20369 20567 D CCodecBuffers: [c2.android.vorbis.decoder#946:1D-Input.Impl[N]] converted 4 buffers to array mode of 4
11-15 17:51:46.307 20369 20563 D SoundPool::Sound: begin to decode(fd=285)
11-15 17:51:46.324 20369 20568 D CCodecBuffers: [c2.android.vorbis.decoder#231:1D-Input.Impl[N]] converted 4 buffers to array mode of 4
11-15 17:51:46.375 20369 20542 D OplusScrollToTopManager: com.google.android.GoogleCameraEngR13F2/com.google.android.apps.camera.legacy.app.activity.main.CameraActivity,This DecorView@501b28f[CameraActivity] change focus to true
11-15 17:51:46.467 20369 20568 D CCodecBufferChannel: [c2.android.vorbis.decoder#231] input EOS
11-15 17:51:46.467 20369 20568 I OplusFeedbackInfo: 0x75136eb300 setInputMetEos true
11-15 17:51:46.477 20369 20563 D MediaCodec: [0x7435175800] [c2.android.vorbis.decoder] stop
11-15 17:51:46.477 20369 20568 D MediaCodec: [0x7435175800] setState: 9
11-15 17:51:46.477 20369 20568 D OplusCCodec: initiateShutdown : (0x742d996100) keepComponentAllocated=1
11-15 17:51:46.477 20369 20568 D CCodecBufferChannel: [c2.android.vorbis.decoder#231] MediaCodec discarded an unknown buffer
11-15 17:51:46.477 20369 20568 D CCodecBufferChannel: [c2.android.vorbis.decoder#231] MediaCodec discarded an unknown buffer
11-15 17:51:46.477 20369 20568 D CCodecBufferChannel: [c2.android.vorbis.decoder#231] MediaCodec discarded an unknown buffer
11-15 17:51:46.479 20369 20568 D MediaCodec: [0x7435175800] [c2.android.vorbis.decoder] kWhatStopCompleted
11-15 17:51:46.479 20369 20568 D MediaCodec: [0x7435175800] setState: 2
11-15 17:51:46.480 20369 20563 D SoundPool::Sound: end to decode (fd=285)
11-15 17:51:46.480 20369 20563 D MediaCodec: [0x7435175800] [c2.android.vorbis.decoder] release
11-15 17:51:46.480 20369 20568 D MediaCodec: [0x7435175800] setState: 10
11-15 17:51:46.480 20369 20568 D OplusCCodec: initiateShutdown : (0x742d996100) keepComponentAllocated=0
11-15 17:51:46.486 20369 20575 I hw-BpHwBinder: onLastStrongRef automatically unlinking death recipients
11-15 17:51:46.486 20369 20568 D MediaCodec: [0x7435175800] [c2.android.vorbis.decoder] kWhatReleaseCompleted
11-15 17:51:46.486 20369 20568 D MediaCodec: [0x7435175800] setState: 0
11-15 17:51:46.490 20369 20563 D MediaCodec: [0x7435175800] ~MediaCodec
11-15 17:51:46.491 20369 20563 D MediaCodec: flushMediametrics
11-15 17:51:46.493 20369 20563 D OplusCCodec: ~OplusCCodec : (0x742d996100)
11-15 17:51:46.494 20369 20563 D OplusFeedbackInfo: ~OplusAnalysisFPS
11-15 17:51:46.594 20369 20567 D CCodecBufferChannel: [c2.android.vorbis.decoder#946] input EOS
11-15 17:51:46.595 20369 20567 I OplusFeedbackInfo: 0x742d1f1500 setInputMetEos true
11-15 17:51:46.617 20369 20564 D MediaCodec: [0x758397e800] [c2.android.vorbis.decoder] stop
11-15 17:51:46.618 20369 20567 D MediaCodec: [0x758397e800] setState: 9
11-15 17:51:46.618 20369 20567 D OplusCCodec: initiateShutdown : (0x742d06ad00) keepComponentAllocated=1
11-15 17:51:46.619 20369 20567 D CCodecBufferChannel: [c2.android.vorbis.decoder#946] MediaCodec discarded an unknown buffer
11-15 17:51:46.619 20369 20567 D CCodecBufferChannel: [c2.android.vorbis.decoder#946] MediaCodec discarded an unknown buffer
11-15 17:51:46.619 20369 20567 D CCodecBufferChannel: [c2.android.vorbis.decoder#946] MediaCodec discarded an unknown buffer
11-15 17:51:46.627 20369 20567 D MediaCodec: [0x758397e800] [c2.android.vorbis.decoder] kWhatStopCompleted
11-15 17:51:46.628 20369 20567 D MediaCodec: [0x758397e800] setState: 2
11-15 17:51:46.646 20369 20564 D SoundPool::Sound: end to decode (fd=277)
11-15 17:51:46.664 20369 20564 D MediaCodec: [0x758397e800] [c2.android.vorbis.decoder] release
11-15 17:51:46.665 20369 20567 D MediaCodec: [0x758397e800] setState: 10
11-15 17:51:46.665 20369 20567 D OplusCCodec: initiateShutdown : (0x742d06ad00) keepComponentAllocated=0
11-15 17:51:46.680 20369 20454 W CAM_A : PHOTO > abs Δ(result sensor timestamp) = 125.89 ms > 70.00 ms
11-15 17:51:46.681 20369 20454 W CAM_A : PHOTO > rel Δ(result sensor timestamp) = 2.00 > 0.25
11-15 17:51:46.682 20369 20454 W CAM_A : PHOTO > result sensor delay = 3.00 > 1.10
11-15 17:51:46.683 20369 20567 D MediaCodec: [0x758397e800] [c2.android.vorbis.decoder] kWhatReleaseCompleted
11-15 17:51:46.683 20369 20567 D MediaCodec: [0x758397e800] setState: 0
11-15 17:51:46.686 20369 20564 D MediaCodec: [0x758397e800] ~MediaCodec
11-15 17:51:46.691 20369 20454 W CAM_A : PHOTO > rel Δ(result sensor timestamp) = 0.67 > 0.25
11-15 17:51:46.691 20369 20580 I hw-BpHwBinder: onLastStrongRef automatically unlinking death recipients
11-15 17:51:46.693 20369 20564 D MediaCodec: flushMediametrics
11-15 17:51:46.693 20369 20564 D OplusCCodec: ~OplusCCodec : (0x742d06ad00)
11-15 17:51:46.693 20369 20564 D OplusFeedbackInfo: ~OplusAnalysisFPS
11-15 17:51:46.871 20369 20409 W CAM_A : Framerate metadata does not exist for the video at content://media/external/video/media/1000008333
11-15 17:51:46.900 20369 20369 V AutofillManager: requestHideFillUi(null): anchor = null
11-15 17:51:46.915 20369 20454 W CAM_A : PHOTO > abs Δ(result sensor timestamp) = 167.85 ms > 70.00 ms
11-15 17:51:46.915 20369 20454 W CAM_A : PHOTO > rel Δ(result sensor timestamp) = 3.00 > 0.25
11-15 17:51:46.923 20369 20454 W CAM_A : PHOTO > result sensor delay = 4.00 > 1.10
11-15 17:51:46.941 20369 20454 W CAM_A : PHOTO > rel Δ(result sensor timestamp) = 0.75 > 0.25
11-15 17:51:46.943 20369 20542 D OplusSystemUINavigationGestureExtImpl: regionString = null
11-15 17:51:46.974 20369 20369 D OplusInputMethodManagerInternal: get inputMethodManager extension: com.android.internal.view.IInputMethodManager$Stub$Proxy@9b86820
11-15 17:51:46.979 20369 20369 D ViewRootImplExtImpl: MotionEvent MotionEvent { action=ACTION_UP, actionButton=0, id=0, x=197.0, y=641.0, toolType=TOOL_TYPE_FINGER, buttonState=0, classification=NONE, metaState=0, flags=0x0, edgeFlags=0x0, pointerCount=1, historySize=0, eventTime=579661195, downTime=579661117, deviceId=4, source=0x1002, displayId=0, eventId=415110510 } handled by client, just return
11-15 17:51:47.032 20369 20409 W CAM_A : Framerate metadata does not exist for the video at content://media/external/video/media/1000006604
11-15 17:51:47.229 20369 20409 V SystemSensorManagerExtImpl: RegisterListener stk83xx Accelerometer Non-wakeup type:1 delay:200000us by hpe@5ac0237 from com.google.android.GoogleCameraEngR13F2
11-15 17:51:47.236 20369 20409 V SystemSensorManagerExtImpl: RegisterListener mxg4300 Magnetometer Non-wakeup type:2 delay:200000us by hpe@5ac0237 from com.google.android.GoogleCameraEngR13F2
11-15 17:51:47.428 20369 20412 W Glide : Failed to find GeneratedAppGlideModule. You should include an annotationProcessor compile dependency on com.github.bumptech.glide:compiler in your application and a @GlideModule annotated AppGlideModule implementation or LibraryGlideModules will be silently ignored
11-15 17:51:47.467 20369 20409 W ProtoDataStoreFlagStore: Unable to retrieve flag snapshot for com.google.android.libraries.performance.primes#com.google.android.GoogleCameraEngR13F2, using defaults.
11-15 17:51:47.571 20369 20476 W ProtoDataStoreFlagStore: Unable to update local snapshot for com.google.android.libraries.performance.primes#com.google.android.GoogleCameraEngR13F2, may result in stale flags.
11-15 17:51:47.571 20369 20476 W ProtoDataStoreFlagStore: java.util.concurrent.ExecutionException: java.lang.SecurityException: GoogleCertificatesRslt: not allowed: pkg=com.google.android.GoogleCameraEngR13F2, sha256=[a40da80a59d170caa950cf15c18c454d47a39b26989d8b640ecd745ba71bf5dc], atk=false, ver=244433029.true (go/gsrlt)
11-15 17:51:47.571 20369 20476 W ProtoDataStoreFlagStore: at pfx.s(Unknown Source:20)
11-15 17:51:47.571 20369 20476 W ProtoDataStoreFlagStore: at pfx.get(Unknown Source:21)
11-15 17:51:47.571 20369 20476 W ProtoDataStoreFlagStore: at plk.I(Unknown Source:1)
11-15 17:51:47.571 20369 20476 W ProtoDataStoreFlagStore: at plk.ad(Unknown Source:9)
11-15 17:51:47.571 20369 20476 W ProtoDataStoreFlagStore: at nfm.d(Unknown Source:0)
11-15 17:51:47.571 20369 20476 W ProtoDataStoreFlagStore: at ngq.run(Unknown Source:9)
11-15 17:51:47.571 20369 20476 W ProtoDataStoreFlagStore: at java.util.concurrent.Executors$RunnableAdapter.call(Executors.java:487)
11-15 17:51:47.571 20369 20476 W ProtoDataStoreFlagStore: at java.util.concurrent.FutureTask.run(FutureTask.java:264)
11-15 17:51:47.571 20369 20476 W ProtoDataStoreFlagStore: at java.util.concurrent.ScheduledThreadPoolExecutor$ScheduledFutureTask.run(ScheduledThreadPoolExecutor.java:307)
11-15 17:51:47.571 20369 20476 W ProtoDataStoreFlagStore: at java.util.concurrent.ThreadPoolExecutor.runWorker(ThreadPoolExecutor.java:1145)
11-15 17:51:47.571 20369 20476 W ProtoDataStoreFlagStore: at java.util.concurrent.ThreadPoolExecutor$Worker.run(ThreadPoolExecutor.java:644)
11-15 17:51:47.571 20369 20476 W ProtoDataStoreFlagStore: at java.lang.Thread.run(Thread.java:1012)
11-15 17:51:47.571 20369 20476 W ProtoDataStoreFlagStore: Caused by: java.lang.SecurityException: GoogleCertificatesRslt: not allowed: pkg=com.google.android.GoogleCameraEngR13F2, sha256=[a40da80a59d170caa950cf15c18c454d47a39b26989d8b640ecd745ba71bf5dc], atk=false, ver=244433029.true (go/gsrlt)
11-15 17:51:47.571 20369 20476 W ProtoDataStoreFlagStore: at android.os.Parcel.createExceptionOrNull(Parcel.java:3087)
11-15 17:51:47.571 20369 20476 W ProtoDataStoreFlagStore: at android.os.Parcel.createException(Parcel.java:3071)
11-15 17:51:47.571 20369 20476 W ProtoDataStoreFlagStore: at android.os.Parcel.readException(Parcel.java:3054)
11-15 17:51:47.571 20369 20476 W ProtoDataStoreFlagStore: at android.os.Parcel.readException(Parcel.java:2996)
11-15 17:51:47.571 20369 20476 W ProtoDataStoreFlagStore: at bmn.z(Unknown Source:10)
11-15 17:51:47.571 20369 20476 W ProtoDataStoreFlagStore: at ktz.a(Unknown Source:38)
11-15 17:51:47.571 20369 20476 W ProtoDataStoreFlagStore: at kjd.f(Unknown Source:10)
11-15 17:51:47.571 20369 20476 W ProtoDataStoreFlagStore: at kkc.t(Unknown Source:9)
11-15 17:51:47.571 20369 20476 W ProtoDataStoreFlagStore: at kkc.u(Unknown Source:22)
11-15 17:51:47.571 20369 20476 W ProtoDataStoreFlagStore: at kkc.e(Unknown Source:15)
11-15 17:51:47.571 20369 20476 W ProtoDataStoreFlagStore: at kkg.handleMessage(Unknown Source:920)
11-15 17:51:47.571 20369 20476 W ProtoDataStoreFlagStore: at android.os.Handler.dispatchMessage(Handler.java:102)
11-15 17:51:47.571 20369 20476 W ProtoDataStoreFlagStore: at ksg.b(Unknown Source:0)
11-15 17:51:47.571 20369 20476 W ProtoDataStoreFlagStore: at ksg.dispatchMessage(Unknown Source:0)
11-15 17:51:47.571 20369 20476 W ProtoDataStoreFlagStore: at android.os.Looper.loopOnce(Looper.java:257)
11-15 17:51:47.571 20369 20476 W ProtoDataStoreFlagStore: at android.os.Looper.loop(Looper.java:368)
11-15 17:51:47.571 20369 20476 W ProtoDataStoreFlagStore: at android.os.HandlerThread.run(HandlerThread.java:67)
11-15 17:51:47.638 20369 20369 V AutofillManager: requestHideFillUi(null): anchor = null
11-15 17:51:47.700 20369 20423 D ListServiceUtils: checkInListByUid module:custom-icc uid:10315 cost 4608us return 0
11-15 17:51:47.700 20369 20423 E ListServiceUtils: checkInListByUid module:custom-icc uid:10315 cost 4608us return 0
11-15 17:51:47.701 20369 20423 V JpegEncoderExtImpl: Resolution: 305 x 407,support: 0;
11-15 17:51:47.711 20369 20423 D ListServiceUtils: checkInListByUid module:custom-icc uid:10315 cost 390us return 0
11-15 17:51:47.712 20369 20423 V JpegEncoderExtImpl: Resolution: 305 x 407,support: 0;
11-15 17:51:47.784 20369 20369 D ViewRootImplExtImpl: MotionEvent MotionEvent { action=ACTION_UP, actionButton=0, id=0, x=532.0, y=1478.0, toolType=TOOL_TYPE_FINGER, buttonState=0, classification=NONE, metaState=0, flags=0x0, edgeFlags=0x0, pointerCount=1, historySize=0, eventTime=579662004, downTime=579661858, deviceId=4, source=0x1002, displayId=0, eventId=1068826839 } handled by client, just return
11-15 17:51:47.844 20369 20454 W CAM_A : PHOTO > abs Δ(result sensor timestamp) = 167.85 ms > 70.00 ms
11-15 17:51:47.844 20369 20454 W CAM_A : PHOTO > rel Δ(result sensor timestamp) = 3.00 > 0.25
11-15 17:51:47.845 20369 20454 W CAM_A : PHOTO > result sensor delay = 4.00 > 1.10
11-15 17:51:47.851 20369 20369 D OplusViewDebugManager: OplusViewDebugManager Constructor android.view.debug.OplusViewDebugManager@855502f [mHasViewDebugProperty true] [mHasMsgDebugProperty false] [DEBUG false] [EXTRAINFOENABLE false] [LIGHT_OS true]
11-15 17:51:47.852 20369 20369 D OplusViewDebugManager: OplusViewDebugManager Constructor android.view.debug.OplusViewDebugManager@e1ba63c [mHasViewDebugProperty true] [mHasMsgDebugProperty false] [DEBUG false] [EXTRAINFOENABLE false] [LIGHT_OS true]
11-15 17:51:47.874 20369 20454 W CAM_A : PHOTO > rel Δ(result sensor timestamp) = 0.75 > 0.25
11-15 17:51:47.884 20369 20369 I Quality : Skipped: false 1 cost 20.06633 refreshRate 16849092 bit true processName com.google.android.GoogleCameraEngR13F2
11-15 17:51:47.908 20369 20369 D CameraManager2: GotArray:0
11-15 17:51:47.908 20369 20369 D CameraManager2: GotArray:1
11-15 17:51:47.923 20369 20409 V SystemSensorManagerExtImpl: unRegisterListener by hpe@5ac0237 and its name is stk83xx Accelerometer Non-wakeup
11-15 17:51:47.928 20369 20369 D CameraManager2: GotArray:0
11-15 17:51:47.928 20369 20369 D CameraManager2: GotArray:1
11-15 17:51:47.933 20369 20369 I Quality : Skipped: false 2 cost 35.238564 refreshRate 16850372 bit true processName com.google.android.GoogleCameraEngR13F2
11-15 17:51:47.940 20369 20409 V SystemSensorManagerExtImpl: unRegisterListener by hpe@5ac0237 and its name is mxg4300 Magnetometer Non-wakeup
11-15 17:51:47.971 20369 20369 D CameraManager2: GotArray:0
11-15 17:51:47.971 20369 20369 D CameraManager2: GotArray:1
11-15 17:51:47.980 20369 20369 D CameraManager2: GotArray:0
11-15 17:51:47.980 20369 20369 D CameraManager2: GotArray:1
11-15 17:51:47.987 20369 20369 D CameraManager2: GotArray:0
11-15 17:51:47.987 20369 20369 D CameraManager2: GotArray:1
11-15 17:51:47.989 20369 20369 D CameraManager2: GotArray:0
11-15 17:51:47.989 20369 20369 D CameraManager2: GotArray:1
11-15 17:51:48.004 20369 20428 V SystemSensorManagerExtImpl: unRegisterListener by lxf@7d0eb1e
11-15 17:51:48.013 20369 20428 V SystemSensorManagerExtImpl: unRegisterListener by ftr@3289b1
11-15 17:51:48.032 20369 20455 W CAM_MetadataDst: onCaptureFailed for Frame 56 (images were captured)
11-15 17:51:48.036 20369 20455 W CAM_MetadataDst: onCaptureFailed for Frame 57 (images were captured)
11-15 17:51:48.039 20369 20453 W CAM_RAW10w3264: Received onBufferLost from Stream-2 for frame 57 but was unable to find a matching request to abort.
11-15 17:51:48.039 20369 20455 W CAM_MetadataDst: onCaptureFailed for Frame 58 (images were captured)
11-15 17:51:48.040 20369 20437 W CAM_YUV_420_888w640: Received onBufferLost from Stream-1 for frame 57 but was unable to find a matching request to abort.
11-15 17:51:48.040 20369 20453 W CAM_RAW10w3264: Received onBufferLost from Stream-2 for frame 58 but was unable to find a matching request to abort.
11-15 17:51:48.040 20369 20437 W CAM_YUV_420_888w640: Received onBufferLost from Stream-1 for frame 58 but was unable to find a matching request to abort.
11-15 17:51:48.040 20369 20455 W CAM_MetadataDst: onCaptureFailed for Frame 59 (images were captured)
11-15 17:51:48.043 20369 20455 W CAM_MetadataDst: onCaptureFailed for Frame 60 (images were captured)
11-15 17:51:48.053 20369 20453 W CAM_RAW10w3264: Received onBufferLost from Stream-2 for frame 59 but was unable to find a matching request to abort.
11-15 17:51:48.055 20369 20437 W CAM_YUV_420_888w640: Received onBufferLost from Stream-1 for frame 59 but was unable to find a matching request to abort.
11-15 17:51:48.055 20369 20437 W CAM_YUV_420_888w640: Received onBufferLost from Stream-1 for frame 60 but was unable to find a matching request to abort.
11-15 17:51:48.056 20369 20453 W CAM_RAW10w3264: Received onBufferLost from Stream-2 for frame 60 but was unable to find a matching request to abort.
11-15 17:51:48.057 20369 20455 W CAM_MetadataDst: onCaptureFailed for Frame 61 (images were captured)
11-15 17:51:48.058 20369 20453 W CAM_RAW10w3264: Received onBufferLost from Stream-2 for frame 61 but was unable to find a matching request to abort.
11-15 17:51:48.058 20369 20437 W CAM_YUV_420_888w640: Received onBufferLost from Stream-1 for frame 61 but was unable to find a matching request to abort.
11-15 17:51:48.058 20369 20455 W CAM_MetadataDst: onCaptureFailed for Frame 62
11-15 17:51:48.099 20369 20369 I SurfaceView: 112991621 surfaceDestroyed
11-15 17:51:48.099 20369 20369 D BufferQueueProducer: [SurfaceView[com.google.android.GoogleCameraEngR13F2/com.google.android.apps.camera.legacy.app.activity.main.CameraActivity]#1(BLAST Consumer)1](id:4f9100000003,api:4,p:1979,c:20369) disconnect: api -1
11-15 17:51:48.099 20369 20369 D BLASTBufferQueue: [SurfaceView[com.google.android.GoogleCameraEngR13F2/com.google.android.apps.camera.legacy.app.activity.main.CameraActivity]#1](f:0,a:1) destructor()
11-15 17:51:48.100 20369 20369 D BufferQueueConsumer: [SurfaceView[com.google.android.GoogleCameraEngR13F2/com.google.android.apps.camera.legacy.app.activity.main.CameraActivity]#1(BLAST Consumer)1](id:4f9100000003,api:4,p:1979,c:20369) disconnect
11-15 17:51:48.107 20369 20369 I SurfaceView: 53232272 onAttachedToWindow
11-15 17:51:48.108 20369 20369 I Quality : Skipped: false 9 cost 160.13278 refreshRate 16851604 bit true processName com.google.android.GoogleCameraEngR13F2
11-15 17:51:48.139 20369 20369 D AutofillManager: notifyViewEnteredForFillDialog:1073741824
11-15 17:51:48.140 20369 20369 D AutofillManager: notifyViewEnteredForFillDialog:1073741825
11-15 17:51:48.147 20369 20369 D BufferQueueConsumer: [](id:4f9100000004,api:0,p:-1,c:20369) connect: controlledByApp=false
11-15 17:51:48.149 20369 20369 I SurfaceView: 53232272 visibleChanged -- surfaceCreated
11-15 17:51:48.151 20369 20369 D SurfaceView: 53232272 handleSyncNoBuffer
11-15 17:51:48.152 20369 20369 D SurfaceView: 53232272 finishedDrawing
11-15 17:51:48.152 20369 20369 D SurfaceView: 53232272 performDrawFinished mAttachedToWindow true
11-15 17:51:48.153 20369 20369 D SurfaceView: 53232272 dispatchDraw mDrawFinished true isAboveParent false (mPrivateFlags & PFLAG_SKIP_DRAW) 128
11-15 17:51:48.153 20369 20369 D SurfaceView: 53232272 clearSurfaceViewPort mCornerRadius 0.0
11-15 17:51:48.155 20369 20428 D BufferQueueConsumer: [](id:4f9100000005,api:0,p:-1,c:20369) connect: controlledByApp=true
11-15 17:51:48.158 20369 20414 D SurfaceView: 137674035positionLost mSurfaceControl is null return;
11-15 17:51:48.160 20369 20428 D BufferQueueConsumer: [](id:4f9100000006,api:0,p:-1,c:20369) connect: controlledByApp=true
11-15 17:51:48.170 20369 20369 I Quality : Skipped: false 3 cost 52.865505 refreshRate 16851824 bit true processName com.google.android.GoogleCameraEngR13F2
11-15 17:51:48.172 20369 20369 W CAM_A : ModeSwitcher WAS ALREADY ENABLED!
11-15 17:51:48.197 20369 20431 I OplusCameraManagerGlobal: setIsCameraUnitSession E
11-15 17:51:48.211 20369 20431 D BufferQueueProducer: [SurfaceView[com.google.android.GoogleCameraEngR13F2/com.google.android.apps.camera.legacy.app.activity.main.CameraActivity]#1(BLAST Consumer)1](id:4f9100000003,api:4,p:1979,c:20369) disconnect: api 4
11-15 17:51:48.213 20369 20431 D BufferQueueProducer: [ImageReader-640x480f23m52-20369-0](id:4f9100000000,api:4,p:1979,c:20369) disconnect: api 4
11-15 17:51:48.216 20369 20431 D BufferQueueProducer: [ImageReader-3264x2448f25m30-20369-1](id:4f9100000001,api:4,p:1979,c:20369) disconnect: api 4
11-15 17:51:48.232 20369 20428 V SystemSensorManagerExtImpl: RegisterListener oem-pseudo-gyro Non-wakeup type:4 delay:0us by lxf@7d0eb1e from com.google.android.GoogleCameraEngR13F2
11-15 17:51:48.261 20369 20369 I Quality : Skipped: true 3 cost 60.318222 refreshRate 16851188 bit true processName com.google.android.GoogleCameraEngR13F2
11-15 17:51:48.469 20369 20431 D BufferQueueProducer: [ImageReader-3264x2448f25m30-20369-2](id:4f9100000005,api:4,p:1979,c:20369) connect: api=4 producerControlledByApp=false
11-15 17:51:48.472 20369 20431 D BufferQueueProducer: [ImageReader-960x720f23m52-20369-3](id:4f9100000006,api:4,p:1979,c:20369) connect: api=4 producerControlledByApp=false
11-15 17:51:48.482 20369 20655 W CAM_SurfaceMap: Surface(name=null)/@0x77f091b is valid but deferred streams are not yet available for CaptureSession-1
11-15 17:51:48.482 20369 20655 W CAM_SimpleReqProcessor: Failed to add Stream-3 to CaptureRequest for Request-36. The surface is not yet available.
11-15 17:51:48.494 20369 20655 W CAM_SurfaceMap: Surface(name=null)/@0x77f091b is valid but deferred streams are not yet available for CaptureSession-1
11-15 17:51:48.494 20369 20655 W CAM_SimpleReqProcessor: Failed to add Stream-3 to CaptureRequest for Request-37. The surface is not yet available.
11-15 17:51:48.516 20369 20655 D BufferQueueProducer: [SurfaceView[com.google.android.GoogleCameraEngR13F2/com.google.android.apps.camera.legacy.app.activity.main.CameraActivity]#2(BLAST Consumer)2](id:4f9100000004,api:4,p:1979,c:20369) connect: api=4 producerControlledByApp=true
11-15 17:51:48.815 20369 20474 D BLASTBufferQueue: [SurfaceView[com.google.android.GoogleCameraEngR13F2/com.google.android.apps.camera.legacy.app.activity.main.CameraActivity]#2](f:0,a:1) acquireNextBufferLocked size=960x720 mFrameNumber=1 applyTransaction=true mTimestamp=579662939069583 mPendingTransactions.size=0 graphicBufferId=87484188852278 transform=4
11-15 17:51:48.818 20369 20654 W CAM_A : LONG_EXPOSURE > abs Δ(result sensor timestamp) = 819.82 ms > 70.00 ms
11-15 17:51:48.819 20369 20654 W CAM_A : LONG_EXPOSURE > rel Δ(result sensor timestamp) = 18.54 > 0.25
11-15 17:51:48.820 20369 20654 W CAM_A : LONG_EXPOSURE > result sensor delay = 19.56 > 1.10
11-15 17:51:48.887 20369 20654 W CAM_A : Previous or current projection matrix cannot be computed. Defaulting to identity
11-15 17:51:48.936 20369 20423 W CAM_A : Extractor (frame) of type feature.acmi.imu.frame-straightness depends on foreign type feature.acmi.imu.camera-orientation! Feature values may be calculated out of order!
11-15 17:51:48.936 20369 20423 W CAM_A : Extractor (frame) of type feature.acmi.imu.frame-straightness depends on foreign type feature.acmi.imu.camera-orientation! Feature values may be calculated out of order!
11-15 17:51:48.940 20369 20423 V SystemSensorManagerExtImpl: RegisterListener stk83xx Accelerometer Non-wakeup type:1 delay:200000us by ftr@3289b1 from com.google.android.GoogleCameraEngR13F2
11-15 17:51:48.935 20369 20369 W MicrovideoQShar: type=1400 audit(0.0:238660): avc: granted { execute } for path="/data/user/0/com.google.android.GoogleCameraEngR13F2/files/libpatched_jni.so" dev="dm-100" ino=229142 scontext=u:r:untrusted_app_29:s0:c59,c257,c512,c768 tcontext=u:object_r:app_data_file:s0:c59,c257,c512,c768 tclass=file app=com.google.android.GoogleCameraEngR13F2
11-15 17:51:48.959 20369 20423 V SystemSensorManagerExtImpl: RegisterListener oem-pseudo-gyro Non-wakeup type:4 delay:200000us by ftr@3289b1 from com.google.android.GoogleCameraEngR13F2
11-15 17:51:48.964 20369 20654 W CAM_A : LONG_EXPOSURE > rel Δ(result sensor timestamp) = 0.95 > 0.25
11-15 17:51:49.351 20369 20369 I Quality : Skipped: true 1 cost 21.171158 refreshRate 16848796 bit true processName com.google.android.GoogleCameraEngR13F2
11-15 17:51:49.376 20369 20369 V AutofillManager: requestHideFillUi(null): anchor = null
11-15 17:51:49.450 20369 20369 D ViewRootImplExtImpl: MotionEvent MotionEvent { action=ACTION_UP, actionButton=0, id=0, x=547.0, y=622.0, toolType=TOOL_TYPE_FINGER, buttonState=0, classification=NONE, metaState=0, flags=0x0, edgeFlags=0x0, pointerCount=1, historySize=0, eventTime=579663673, downTime=579663594, deviceId=4, source=0x1002, displayId=0, eventId=809033765 } handled by client, just return
11-15 17:51:49.946 20369 20435 D BufferQueueConsumer: [ImageReader-640x480f23m52-20369-0](id:4f9100000000,api:0,p:-1,c:20369) disconnect
11-15 17:51:49.948 20369 20435 D BufferQueueConsumer: [ImageReader-3264x2448f25m30-20369-1](id:4f9100000001,api:0,p:-1,c:20369) disconnect
11-15 17:51:50.021 20369 20369 I Quality : Skipped: true 1 cost 17.155956 refreshRate 16851215 bit true processName com.google.android.GoogleCameraEngR13F2
11-15 17:51:50.120 20369 20369 I Quality : Skipped: true 1 cost 31.334578 refreshRate 16849603 bit true processName com.google.android.GoogleCameraEngR13F2
11-15 17:51:50.169 20369 20654 W CAM_FrameServer: Attempted to invoke unlock3A on FrameServer-0 after close()
11-15 17:51:50.175 20369 20654 W CAM_FrameServer: Attempted to invoke update3A on FrameServer-0 after close()
11-15 17:51:50.396 20369 20369 V AutofillManager: requestHideFillUi(null): anchor = null
11-15 17:51:50.398 20369 20369 I Quality : Skipped: true 2 cost 40.48536 refreshRate 16851964 bit true processName com.google.android.GoogleCameraEngR13F2
11-15 17:51:50.612 20369 20369 I Quality : Skipped: true 1 cost 18.08838 refreshRate 16849041 bit true processName com.google.android.GoogleCameraEngR13F2
11-15 17:51:51.235 20369 20571 D BufferPoolAccessor2.0: bufferpool2 0x7476a0e828 : 0(0 size) total buffers - 0(0 size) used buffers - 1/7 (recycle/alloc) - 6/82 (fetch/transfer)
11-15 17:51:51.235 20369 20571 D BufferPoolAccessor2.0: bufferpool2 0x7431bfec28 : 0(0 size) total buffers - 0(0 size) used buffers - 2/7 (recycle/alloc) - 5/40 (fetch/transfer)
11-15 17:51:51.235 20369 20571 D BufferPoolAccessor2.0: evictor expired: 2, evicted: 2
11-15 17:51:51.287 20369 20369 V AutofillManager: requestHideFillUi(null): anchor = null
11-15 17:51:51.354 20369 20369 D ViewRootImplExtImpl: MotionEvent MotionEvent { action=ACTION_UP, actionButton=0, id=0, x=339.0, y=669.0, toolType=TOOL_TYPE_FINGER, buttonState=0, classification=NONE, metaState=0, flags=0x0, edgeFlags=0x0, pointerCount=1, historySize=0, eventTime=579665576, downTime=579665509, deviceId=4, source=0x1002, displayId=0, eventId=17849269 } handled by client, just return
11-15 17:51:51.845 20369 20369 I Quality : Skipped: true 10 cost 172.52997 refreshRate 16850754 bit true processName com.google.android.GoogleCameraEngR13F2
11-15 17:51:51.887 20369 20654 W CAM_A : LONG_EXPOSURE > abs Δ(result sensor timestamp) = 209.81 ms > 70.00 ms
11-15 17:51:51.887 20369 20654 W CAM_A : LONG_EXPOSURE > rel Δ(result sensor timestamp) = 4.00 > 0.25
11-15 17:51:51.889 20369 20654 W CAM_A : LONG_EXPOSURE > result sensor delay = 5.00 > 1.10
11-15 17:51:51.964 20369 20654 W CAM_A : LONG_EXPOSURE > rel Δ(result sensor timestamp) = 0.80 > 0.25
11-15 17:51:52.092 20369 20654 W CAM_A : LONG_EXPOSURE > abs Δ(result sensor timestamp) = 125.89 ms > 70.00 ms
11-15 17:51:52.093 20369 20654 W CAM_A : LONG_EXPOSURE > rel Δ(result sensor timestamp) = 2.00 > 0.25
11-15 17:51:52.097 20369 20654 W CAM_A : LONG_EXPOSURE > result sensor delay = 3.00 > 1.10
11-15 17:51:52.140 20369 20654 W CAM_A : LONG_EXPOSURE > rel Δ(result sensor timestamp) = 0.67 > 0.25
11-15 17:51:52.574 20369 20377 W eCameraEngR13F2: Cleared Reference was only reachable from finalizer (only reported once)
11-15 17:51:52.682 20369 20377 I eCameraEngR13F2: Background concurrent mark compact GC freed 690262(26MB) AllocSpace objects, 36(892KB) LOS objects, 49% free, 15MB/30MB, paused 2.397ms,4.607ms total 309.845ms
11-15 17:51:53.901 20369 20654 W CAM_A : LONG_EXPOSURE > abs Δ(result sensor timestamp) = 201.38 ms > 70.00 ms
11-15 17:51:53.902 20369 20654 W CAM_A : LONG_EXPOSURE > rel Δ(result sensor timestamp) = 4.00 > 0.25
11-15 17:51:53.904 20369 20654 W CAM_A : LONG_EXPOSURE > result sensor delay = 5.00 > 1.10
11-15 17:51:53.944 20369 20654 W CAM_A : LONG_EXPOSURE > rel Δ(result sensor timestamp) = 0.80 > 0.25
11-15 17:51:54.193 20369 20369 V AutofillManager: requestHideFillUi(null): anchor = null
11-15 17:51:54.336 20369 20369 I Quality : Skipped: true 1 cost 17.949469 refreshRate 16851532 bit true processName com.google.android.GoogleCameraEngR13F2
11-15 17:51:54.372 20369 20369 D ViewRootImplExtImpl: MotionEvent MotionEvent { action=ACTION_UP, actionButton=0, id=0, x=367.0, y=1240.0, toolType=TOOL_TYPE_FINGER, buttonState=0, classification=NONE, metaState=0, flags=0x0, edgeFlags=0x0, pointerCount=1, historySize=0, eventTime=579668593, downTime=579668412, deviceId=4, source=0x1002, displayId=0, eventId=100161925 } handled by client, just return
11-15 17:51:54.431 20369 20768 D MediaCodec: CreateByType: pid -1(20369)
11-15 17:51:54.431 20369 20768 D MediaCodec: CreateByType: mime audio/vorbis, encoder 0, pid -1
11-15 17:51:54.432 20369 20768 D MediaCodecList: processName: com.google.android.GoogleCameraEngR13F2 , mime: audio/vorbis
11-15 17:51:54.433 20369 20654 E native : E1115 17:51:54.429904 20654 gyro.cc:304] timestamp 1000567444562927 invalid
11-15 17:51:54.433 20369 20654 E native : E1115 17:51:54.433774 20654 gyro.cc:431] error getting quat at time 1000567444562927
11-15 17:51:54.433 20369 20654 E native : E1115 17:51:54.433844 20654 gyro_stabilization_jni.cc:139] Cannot get the projection matrix.
11-15 17:51:54.434 20369 20654 W CAM_A : Projection matrix could not be computed for timestamp = 1000567444562927
11-15 17:51:54.434 20369 20654 W CAM_A : Previous or current projection matrix cannot be computed. Defaulting to identity
11-15 17:51:54.435 20369 20490 E GoLog : E1115 17:51:54.429904 20654 gyro.cc:304] timestamp 1000567444562927 invalid
11-15 17:51:54.435 20369 20490 E GoLog : E1115 17:51:54.433774 20654 gyro.cc:431] error getting quat at time 1000567444562927
11-15 17:51:54.435 20369 20490 E GoLog : E1115 17:51:54.433844 20654 gyro_stabilization_jni.cc:139] Cannot get the projection matrix.
11-15 17:51:54.447 20369 20768 D MediaCodecList: codecHandlesFormat: no format, so no extra checks
11-15 17:51:54.449 20369 20768 W libc : Access denied finding property "vendor.debug.stagefright.mediacodec.trace"
11-15 17:51:54.464 20369 20768 W libc : Access denied finding property "vendor.debug.stagefright.BufferCount"
11-15 17:51:54.464 20369 20768 W libc : Access denied finding property "vendor.debug.stagefright.BufferCount"
11-15 17:51:54.464 20369 20768 D CCodecBufferChannel: mBufferCountDebug=0 mIsUserLoad=1
11-15 17:51:54.464 20369 20768 D OplusCCodec: OplusCCodec : (0x743652ea00)
11-15 17:51:54.465 20369 20369 W MediaFsQModule: Returning Q MediaFs implementation
11-15 17:51:54.466 20369 20768 D ListServiceUtils: checkInListByUid module:video-setsurface-error uid:10315 cost 216us return 0
11-15 17:51:54.467 20369 20768 W libc : Access denied finding property "vendor.debug.stagefright.BufferCount"
11-15 17:51:54.468 20369 20768 W libc : Access denied finding property "vendor.debug.stagefright.BufferCount"
11-15 17:51:54.469 20369 20768 D CCodecBufferChannel: mBufferCountDebug=0 mIsUserLoad=1
11-15 17:51:54.470 20369 20768 D MediaCodec: [0x742d0fd000] init: CCodec 0x743652ea00, CCodecBufferChannel 0x75838f4218
11-15 17:51:54.471 20369 20769 D MediaCodec: [0x742d0fd000] setState: 1
11-15 17:51:54.473 20369 20769 D CCodec : allocate(c2.android.vorbis.decoder)
11-15 17:51:54.481 20369 20769 I CCodec : setting up 'default' as default (vendor) store
11-15 17:51:54.484 20369 20769 I CCodec : Created component [c2.android.vorbis.decoder]
11-15 17:51:54.484 20369 20769 D CCodecBufferChannel: [0x75838f4218] setComponent: mName c2.android.vorbis.decoder#316, mPipelineWatcher 0x75838f46c0
11-15 17:51:54.484 20369 20769 D CCodecBufferChannel: PipelineWatcher debug info [c2.android.vorbis.decoder#316] enable=0
11-15 17:51:54.485 20369 20769 D CCodecConfig: read media type: audio/vorbis
11-15 17:51:54.503 20369 20769 D ReflectedParamUpdater: extent() != 1 for single value type: algo.buffers.max-count.values
11-15 17:51:54.503 20369 20769 D ReflectedParamUpdater: extent() != 1 for single value type: output.subscribed-indices.values
11-15 17:51:54.504 20369 20769 D ReflectedParamUpdater: extent() != 1 for single value type: input.buffers.allocator-ids.values
11-15 17:51:54.504 20369 20769 D ReflectedParamUpdater: extent() != 1 for single value type: output.buffers.allocator-ids.values
11-15 17:51:54.504 20369 20769 D ReflectedParamUpdater: extent() != 1 for single value type: algo.buffers.allocator-ids.values
11-15 17:51:54.505 20369 20769 D ReflectedParamUpdater: extent() != 1 for single value type: output.buffers.pool-ids.values
11-15 17:51:54.505 20369 20769 D ReflectedParamUpdater: extent() != 1 for single value type: algo.buffers.pool-ids.values
