Logcat Android System Logs
Document Details
Uploaded by SleekNewOrleans2922
Assiut University
Tags
Summary
These are system log entries from an Android device. Showing various system events and messages,including error messages (e.g., "Controller io is not found") and important information for debugging and troubleshooting.
Full Transcript
--------- beginning of main
11-15 17:51:42.968 20420 20420 W libprocessgroup: Controller io is not found
11-15 17:51:42.969 20420 20420 W libprocessgroup: Controller io is not found
11-15 17:51:42.969 20420 20420 W libprocessgroup: Controller io is not found
11-15 17:51:42.969 20420 20420 W libproce...
--------- beginning of main
11-15 17:51:42.968 20420 20420 W libprocessgroup: Controller io is not found
11-15 17:51:42.969 20420 20420 W libprocessgroup: Controller io is not found
11-15 17:51:42.969 20420 20420 W libprocessgroup: Controller io is not found
11-15 17:51:42.969 20420 20420 W libprocessgroup: JoinCgroup: controller schedtune is not found
11-15 17:51:42.969 20420 20420 W libprocessgroup: SetAttribute: unknown attribute: CfqGroupIdle
11-15 17:51:42.969 20420 20420 W libprocessgroup: SetAttribute: unknown attribute: CfqWeight
11-15 17:51:42.969 20420 20420 W libprocessgroup: SetAttribute: unknown attribute: CfqGroupIdle
11-15 17:51:42.969 20420 20420 W libprocessgroup: SetAttribute: unknown attribute: CfqWeight
11-15 17:51:42.969 20420 20420 W libprocessgroup: SetAttribute: unknown attribute: BfqWeight
11-15 17:51:42.969 20420 20420 W libprocessgroup: SetAttribute: unknown attribute: CfqGroupIdle
11-15 17:51:42.969 20420 20420 W libprocessgroup: SetAttribute: unknown attribute: CfqWeight
11-15 17:51:42.970 20420 20420 W libprocessgroup: SetAttribute: unknown attribute: BfqWeight
11-15 17:51:42.970 20420 20420 W libprocessgroup: SetAttribute: unknown attribute: CfqGroupIdle
11-15 17:51:42.970 20420 20420 W libprocessgroup: SetAttribute: unknown attribute: CfqWeight
11-15 17:51:42.970 20420 20420 W libprocessgroup: SetAttribute: unknown attribute: BfqWeight
11-15 17:51:42.970 20420 20420 W libprocessgroup: SetAttribute: unknown attribute: CfqGroupIdle
11-15 17:51:42.970 20420 20420 W libprocessgroup: SetAttribute: unknown attribute: CfqWeight
11-15 17:51:42.970 20420 20420 W libprocessgroup: SetAttribute: unknown attribute: BfqWeight
11-15 17:51:42.970 20420 20420 W libprocessgroup: SetAttribute: unknown attribute: CfqGroupIdle
11-15 17:51:42.970 20420 20420 W libprocessgroup: SetAttribute: unknown attribute: CfqWeight
11-15 17:51:42.970 20420 20420 W libprocessgroup: SetAttribute: unknown attribute: BfqWeight
11-15 17:51:42.970 20420 20420 W libprocessgroup: SetAttribute: unknown attribute: CfqGroupIdle
11-15 17:51:42.970 20420 20420 W libprocessgroup: SetAttribute: unknown attribute: CfqWeight
11-15 17:51:43.021 20369 20423 I CameraManagerExtImpl: packagename is com.google.android.GoogleCameraEngR13F2
11-15 17:51:43.022 20369 20423 I OplusCameraManager: saveOpPackageName, mOpPackageName: com.google.android.GoogleCameraEngR13F2
11-15 17:51:43.023 20369 20423 I OplusCameraManagerGlobal: setClientInfo, packageName: com.google.android.GoogleCameraEngR13F2, uid: 10315, pid: 20369
11-15 17:51:43.023 20369 20423 I OplusCameraManagerGlobal: Connecting to camera service
11-15 17:51:43.024 20369 20423 I CameraManagerGlobal: Connecting to camera service
11-15 17:51:43.032 20369 20423 D OplusCameraUtils: new OplusCameraUtils!
11-15 17:51:43.036 20369 20412 W AudioCapabilities: Unsupported mime audio/alac
11-15 17:51:43.037 20369 20412 W AudioCapabilities: Unsupported mime audio/x-ape
11-15 17:51:43.037 20369 20412 W AudioCapabilities: Unsupported mime audio/evrc
11-15 17:51:43.037 20369 20412 W AudioCapabilities: Unsupported mime audio/qcelp
11-15 17:51:43.037 20369 20412 W AudioCapabilities: Unsupported mime audio/dsd
11-15 17:51:43.037 20369 20412 W AudioCapabilities: Unsupported mime audio/amr-wb-plus
11-15 17:51:43.038 20369 20412 W AudioCapabilities: Unsupported mime audio/x-ms-wma
11-15 17:51:43.038 20369 20412 W AudioCapabilities: Unsupported mime audio/evrc
11-15 17:51:43.038 20369 20412 W AudioCapabilities: Unsupported mime audio/qcelp
11-15 17:51:43.039 20369 20412 W AudioCapabilities: Unsupported mime audio/alac
11-15 17:51:43.039 20369 20412 W AudioCapabilities: Unsupported mime audio/x-ape
11-15 17:51:43.041 20369 20369 D CompatibilityChangeReporter: Compat change id reported: 183155436; UID 10315; state: DISABLED
11-15 17:51:43.050 20369 20412 W VideoCapabilities: Unsupported mime image/vnd.android.heic
11-15 17:51:43.051 20369 20412 W VideoCapabilities: Unsupported mime image/vnd.android.heic
11-15 17:51:43.062 20369 20369 I oplus.android.OplusFrameworkFactoryImpl: Unknow feature:IOplusTextViewRTLUtilForUG
11-15 17:51:43.073 20369 20412 W CAM_A : Build number (U.R4T2.1a884a9_1-1d2e9) is not a number. Ignoring version check for b/149569689.
11-15 17:51:43.074 20369 20412 D CameraManager2: GotArray:0
11-15 17:51:43.075 20369 20412 D CameraManager2: GotArray:1
11-15 17:51:43.076 20369 20412 I OplusCameraManagerGlobal: setClientInfo, packageName: com.google.android.GoogleCameraEngR13F2, uid: 10315, pid: 20369
11-15 17:51:43.081 20369 20369 D OplusWindowManager: get WMS extension: android.os.BinderProxy@1940c79
11-15 17:51:43.082 20369 20425 D CameraManager2: GotArray:0
11-15 17:51:43.083 20369 20425 D CameraManager2: GotArray:1
11-15 17:51:43.086 20369 20428 D CameraManager2: GotArray:0
11-15 17:51:43.086 20369 20428 D CameraManager2: GotArray:1
11-15 17:51:43.089 20369 20412 I OplusCameraManagerGlobal: setClientInfo, packageName: com.google.android.GoogleCameraEngR13F2, uid: 10315, pid: 20369
11-15 17:51:43.102 20369 20428 D CameraManager2: GotArray:0
11-15 17:51:43.102 20369 20428 D CameraManager2: GotArray:1
11-15 17:51:43.104 20369 20428 D CameraManager2: GotArray:0
11-15 17:51:43.104 20369 20428 D CameraManager2: GotArray:1
11-15 17:51:43.113 20369 20428 D CameraManager2: GotArray:0
11-15 17:51:43.113 20369 20428 D CameraManager2: GotArray:1 --------- beginning of system
11-15 17:51:43.117 20369 20369 E OplusCustomizeRestrictionManager: sInstance is null, start a new sInstance
11-15 17:51:43.123 20369 20431 I OplusCameraManagerGlobal: setClientInfo, packageName: com.google.android.GoogleCameraEngR13F2, uid: 10315, pid: 20369
11-15 17:51:43.125 20369 20369 D CompatibilityChangeReporter: Compat change id reported: 210923482; UID 10315; state: DISABLED
11-15 17:51:43.125 20369 20369 D CompatibilityChangeReporter: Compat change id reported: 37756858; UID 10315; state: ENABLED
11-15 17:51:43.125 20369 20431 I OplusCameraManagerGlobal: setClientInfo, packageName: com.google.android.GoogleCameraEngR13F2, uid: 10315, pid: 20369
11-15 17:51:43.136 20369 20431 W libc : Access denied finding property "persist.vendor.camera.privapp.list"
11-15 17:51:43.137 20369 20431 I OplusCameraManagerGlobal: setClientInfo, packageName: com.google.android.GoogleCameraEngR13F2, uid: 10315, pid: 20369
11-15 17:51:43.151 20369 20431 I OplusCameraUtils: current activityName: com.google.android.apps.camera.legacy.app.activity.main.CameraActivity
11-15 17:51:43.152 20369 20431 I OplusCameraUtils: getComponentName, componentName: com.google.android.GoogleCameraEngR13F2/com.google.android.apps.camera.legacy.app.activity.main.CameraActivity, packageName:com.google.android.GoogleCameraEngR13F2, activityName:com.google.android.apps.camera.legacy.app.activity.main.CameraActivity
11-15 17:51:43.152 20369 20431 I CameraManager: openCameraDeviceUserAsync, use componentName: com.google.android.GoogleCameraEngR13F2/com.google.android.apps.camera.legacy.app.activity.main.CameraActivity
11-15 17:51:43.160 20369 20431 I OplusCameraUtils: current activityName: com.google.android.apps.camera.legacy.app.activity.main.CameraActivity
11-15 17:51:43.160 20369 20431 I OplusCameraUtils: getComponentName, componentName: com.google.android.GoogleCameraEngR13F2/com.google.android.apps.camera.legacy.app.activity.main.CameraActivity, packageName:com.google.android.GoogleCameraEngR13F2, activityName:com.google.android.apps.camera.legacy.app.activity.main.CameraActivity
11-15 17:51:43.184 20369 20428 D CompatibilityChangeReporter: Compat change id reported: 236825255; UID 10315; state: DISABLED
11-15 17:51:43.215 20369 20428 D BufferQueueConsumer: [](id:4f9100000000,api:0,p:-1,c:20369) connect: controlledByApp=true
11-15 17:51:43.215 20369 20428 D ExtensionsLoader: createInstance(64bit) : createExtendedFactory
11-15 17:51:43.217 20369 20428 D ExtensionsLoader: Opened libSchedAssistExtImpl.so
11-15 17:51:43.217 20369 20428 E SchedAssist: sysOpen failed with error=Permission denied
11-15 17:51:43.218 20369 20428 E SchedAssist: sharedImFd failed with error=Permission denied
11-15 17:51:43.224 20369 20428 D ExtensionsLoader: createInstance(64bit) : createExtendedFactory
11-15 17:51:43.224 20369 20428 D ExtensionsLoader: Opened libguiextimpl.so
11-15 17:51:43.234 20369 20450 I OplusCameraUtils: current activityName: com.google.android.apps.camera.legacy.app.activity.main.CameraActivity
11-15 17:51:43.243 20369 20428 D BufferQueueConsumer: [](id:4f9100000001,api:0,p:-1,c:20369) connect: controlledByApp=true
11-15 17:51:43.265 20369 20431 I OplusCameraManagerGlobal: setIsCameraUnitSession E
11-15 17:51:43.268 20369 20369 V TextView: notifyAutoFillManagerAfterTextChanged
11-15 17:51:43.268 20369 20369 V AutofillManager: notifyValueChanged(1073741824): ignoring on state UNKNOWN
11-15 17:51:43.268 20369 20369 V TextView: notifyAutoFillManagerAfterTextChanged
11-15 17:51:43.268 20369 20369 V AutofillManager: notifyValueChanged(1073741824): ignoring on state UNKNOWN
11-15 17:51:43.273 20369 20369 V TextView: notifyAutoFillManagerAfterTextChanged
11-15 17:51:43.273 20369 20369 V AutofillManager: notifyValueChanged(1073741824): ignoring on state UNKNOWN
11-15 17:51:43.277 20369 20369 V TextView: notifyAutoFillManagerAfterTextChanged
11-15 17:51:43.277 20369 20369 V AutofillManager: notifyValueChanged(1073741825): ignoring on state UNKNOWN
11-15 17:51:43.277 20369 20369 V TextView: notifyAutoFillManagerAfterTextChanged
11-15 17:51:43.277 20369 20369 V AutofillManager: notifyValueChanged(1073741825): ignoring on state UNKNOWN
11-15 17:51:43.277 20369 20369 V TextView: notifyAutoFillManagerAfterTextChanged
11-15 17:51:43.277 20369 20369 V AutofillManager: notifyValueChanged(1073741825): ignoring on state UNKNOWN
11-15 17:51:43.282 20369 20369 V TextView: notifyAutoFillManagerAfterTextChanged
11-15 17:51:43.282 20369 20369 V AutofillManager: notifyValueChanged(1073741826): ignoring on state UNKNOWN
11-15 17:51:43.282 20369 20369 V TextView: notifyAutoFillManagerAfterTextChanged
11-15 17:51:43.282 20369 20369 V AutofillManager: notifyValueChanged(1073741826): ignoring on state UNKNOWN
11-15 17:51:43.282 20369 20369 V TextView: notifyAutoFillManagerAfterTextChanged
11-15 17:51:43.282 20369 20369 V AutofillManager: notifyValueChanged(1073741826): ignoring on state UNKNOWN
11-15 17:51:43.287 20369 20369 V TextView: notifyAutoFillManagerAfterTextChanged
11-15 17:51:43.287 20369 20369 V AutofillManager: notifyValueChanged(1073741827): ignoring on state UNKNOWN
11-15 17:51:43.287 20369 20369 V TextView: notifyAutoFillManagerAfterTextChanged
11-15 17:51:43.287 20369 20369 V AutofillManager: notifyValueChanged(1073741827): ignoring on state UNKNOWN
11-15 17:51:43.288 20369 20369 V TextView: notifyAutoFillManagerAfterTextChanged
11-15 17:51:43.288 20369 20369 V AutofillManager: notifyValueChanged(1073741827): ignoring on state UNKNOWN
11-15 17:51:43.293 20369 20369 V TextView: notifyAutoFillManagerAfterTextChanged
11-15 17:51:43.293 20369 20369 V AutofillManager: notifyValueChanged(1073741828): ignoring on state UNKNOWN
11-15 17:51:43.293 20369 20369 V TextView: notifyAutoFillManagerAfterTextChanged
11-15 17:51:43.293 20369 20369 V AutofillManager: notifyValueChanged(1073741828): ignoring on state UNKNOWN
11-15 17:51:43.294 20369 20369 V TextView: notifyAutoFillManagerAfterTextChanged
11-15 17:51:43.294 20369 20369 V AutofillManager: notifyValueChanged(1073741828): ignoring on state UNKNOWN
11-15 17:51:43.298 20369 20369 V TextView: notifyAutoFillManagerAfterTextChanged
11-15 17:51:43.299 20369 20369 V AutofillManager: notifyValueChanged(1073741829): ignoring on state UNKNOWN
11-15 17:51:43.299 20369 20369 V TextView: notifyAutoFillManagerAfterTextChanged
11-15 17:51:43.299 20369 20369 V AutofillManager: notifyValueChanged(1073741829): ignoring on state UNKNOWN
11-15 17:51:43.299 20369 20369 V TextView: notifyAutoFillManagerAfterTextChanged
11-15 17:51:43.299 20369 20369 V AutofillManager: notifyValueChanged(1073741829): ignoring on state UNKNOWN
11-15 17:51:43.304 20369 20369 V TextView: notifyAutoFillManagerAfterTextChanged
11-15 17:51:43.304 20369 20369 V AutofillManager: notifyValueChanged(1073741830): ignoring on state UNKNOWN
11-15 17:51:43.304 20369 20369 V TextView: notifyAutoFillManagerAfterTextChanged
11-15 17:51:43.304 20369 20369 V AutofillManager: notifyValueChanged(1073741830): ignoring on state UNKNOWN
11-15 17:51:43.304 20369 20369 V TextView: notifyAutoFillManagerAfterTextChanged
11-15 17:51:43.304 20369 20369 V AutofillManager: notifyValueChanged(1073741830): ignoring on state UNKNOWN
11-15 17:51:43.309 20369 20369 V TextView: notifyAutoFillManagerAfterTextChanged
11-15 17:51:43.309 20369 20369 V AutofillManager: notifyValueChanged(1073741831): ignoring on state UNKNOWN
11-15 17:51:43.309 20369 20369 V TextView: notifyAutoFillManagerAfterTextChanged
11-15 17:51:43.309 20369 20369 V AutofillManager: notifyValueChanged(1073741831): ignoring on state UNKNOWN
11-15 17:51:43.309 20369 20369 V TextView: notifyAutoFillManagerAfterTextChanged
11-15 17:51:43.309 20369 20369 V AutofillManager: notifyValueChanged(1073741831): ignoring on state UNKNOWN
11-15 17:51:43.317 20369 20369 V TextView: notifyAutoFillManagerAfterTextChanged
11-15 17:51:43.317 20369 20369 V AutofillManager: notifyValueChanged(1073741832): ignoring on state UNKNOWN
11-15 17:51:43.318 20369 20369 V TextView: notifyAutoFillManagerAfterTextChanged
11-15 17:51:43.318 20369 20369 V AutofillManager: notifyValueChanged(1073741832): ignoring on state UNKNOWN
11-15 17:51:43.325 20369 20369 V TextView: notifyAutoFillManagerAfterTextChanged
11-15 17:51:43.325 20369 20369 V AutofillManager: notifyValueChanged(1073741833): ignoring on state UNKNOWN
11-15 17:51:43.325 20369 20369 V TextView: notifyAutoFillManagerAfterTextChanged
11-15 17:51:43.326 20369 20369 V AutofillManager: notifyValueChanged(1073741833): ignoring on state UNKNOWN
11-15 17:51:43.333 20369 20369 V TextView: notifyAutoFillManagerAfterTextChanged
11-15 17:51:43.334 20369 20369 V AutofillManager: notifyValueChanged(1073741834): ignoring on state UNKNOWN
11-15 17:51:43.334 20369 20369 V TextView: notifyAutoFillManagerAfterTextChanged
11-15 17:51:43.334 20369 20369 V AutofillManager: notifyValueChanged(1073741834): ignoring on state UNKNOWN
11-15 17:51:43.341 20369 20369 V TextView: notifyAutoFillManagerAfterTextChanged
11-15 17:51:43.341 20369 20369 V AutofillManager: notifyValueChanged(1073741835): ignoring on state UNKNOWN
11-15 17:51:43.341 20369 20369 V TextView: notifyAutoFillManagerAfterTextChanged
11-15 17:51:43.342 20369 20369 V AutofillManager: notifyValueChanged(1073741835): ignoring on state UNKNOWN
11-15 17:51:43.348 20369 20369 V TextView: notifyAutoFillManagerAfterTextChanged
11-15 17:51:43.348 20369 20369 V AutofillManager: notifyValueChanged(1073741836): ignoring on state UNKNOWN
11-15 17:51:43.348 20369 20369 V TextView: notifyAutoFillManagerAfterTextChanged
11-15 17:51:43.348 20369 20369 V AutofillManager: notifyValueChanged(1073741836): ignoring on state UNKNOWN
11-15 17:51:43.356 20369 20369 V TextView: notifyAutoFillManagerAfterTextChanged
11-15 17:51:43.356 20369 20369 V AutofillManager: notifyValueChanged(1073741837): ignoring on state UNKNOWN
11-15 17:51:43.356 20369 20369 V TextView: notifyAutoFillManagerAfterTextChanged
11-15 17:51:43.356 20369 20369 V AutofillManager: notifyValueChanged(1073741837): ignoring on state UNKNOWN
11-15 17:51:43.358 20369 20450 D OplusStatistics--: newThread.ThreadFactory
11-15 17:51:43.369 20369 20369 I DeezNuts: MSG: SLIDER 1 FOCUS: 1.0E-4
11-15 17:51:43.369 20369 20369 I ProReC : setprogres0
11-15 17:51:43.372 20369 20369 I DeezNuts: MSG: SLIDER 0 IDX: 0
11-15 17:51:43.372 20369 20369 I ProReC : setprogres_iso0
11-15 17:51:43.374 20369 20369 I za.defcomk.prorec.cust2.RotSeek: setprogres_iso0
11-15 17:51:43.381 20369 20369 D ScrollOptimizationHelper: can't find the config file for optimizaiton
11-15 17:51:43.381 20369 20369 D ScrollOptimizationHelper: will not debug for debug is false
11-15 17:51:43.381 20369 20369 D CompatibilityChangeReporter: Compat change id reported: 171228096; UID 10315; state: ENABLED
11-15 17:51:43.381 20369 20369 I oplus.android.OplusFrameworkFactoryImpl: get feature:IOplusDynamicVsyncFeature
11-15 17:51:43.381 20369 20369 I oplus.android.OplusFrameworkFactoryImpl: get feature:IOplusDynamicVsyncFeature
11-15 17:51:43.382 20369 20369 I oplus.android.OplusFrameworkFactoryImpl: get feature:IOplusDynamicVsyncFeature
11-15 17:51:43.390 20369 20369 I Quality : InflateViewInfo:203643802,merge
11-15 17:51:43.409 20369 20431 D BufferQueueProducer: [ImageReader-640x480f23m52-20369-0](id:4f9100000000,api:4,p:1979,c:20369) connect: api=4 producerControlledByApp=false
11-15 17:51:43.412 20369 20431 D BufferQueueProducer: [ImageReader-3264x2448f25m30-20369-1](id:4f9100000001,api:4,p:1979,c:20369) connect: api=4 producerControlledByApp=false
11-15 17:51:43.417 20369 20369 I oplus.android.OplusFrameworkFactoryImpl: get feature:IOplusDynamicVsyncFeature
11-15 17:51:43.418 20369 20369 I oplus.android.OplusFrameworkFactoryImpl: get feature:IOplusDynamicVsyncFeature
11-15 17:51:43.418 20369 20369 I oplus.android.OplusFrameworkFactoryImpl: get feature:IOplusDynamicVsyncFeature
11-15 17:51:43.457 20369 20369 I Quality : InflateViewInfo:351063334,com.google.android.apps.camera.ui.views.MainActivityLayout
11-15 17:51:43.469 20369 20369 I Quality : ActivityThread: activityStart delay 620 com.google.android.GoogleCameraEngR13F2 20369
11-15 17:51:43.479 20369 20369 D ScrollOptim [ConfigManager]: initOptConfig: pkg= com.google.android.GoogleCameraEngR13F2, mOptEnable= true, mAnimAheadEnable= true, mInsertDefaultNum= 1, mFrameInsertEnableList= {}, mSCEnableList= []
11-15 17:51:43.479 20369 20369 D ScrollOptim [SceneManager]: updateCurrentActivity: mCurrentActivityName=com.google.android.apps.camera.legacy.app.activity.main.CameraActivity, isOptEnable=true, isAnimAheadEnable=true, isFrameInsertEnable=true, InsertNum=1, isEnabledForScrollChanged=false
11-15 17:51:43.479 20369 20369 D ActivityThread: ComponentInfo{com.google.android.GoogleCameraEngR13F2/com.google.android.apps.camera.legacy.app.activity.main.CameraActivity} checkFinished=false 2
11-15 17:51:43.480 20369 20369 D ResourcesManagerExtImpl: applyConfigurationToAppResourcesLocked app.getDisplayId() return callback.displayId:-1
11-15 17:51:43.483 20369 20369 D ExtensionsLoader: createInstance(64bit) : createExtendedFactory
11-15 17:51:43.484 20369 20369 D ExtensionsLoader: Opened libSchedAssistExtImpl.so
11-15 17:51:43.490 20369 20369 D OplusInputMethodUtil: init sDebug to false, init sDebugIme to false, init sAlwaysOn to false
11-15 17:51:43.490 20369 20369 D OplusInputMethodUtil: updateDebugToClass InputMethodManager.DEBUG = false
11-15 17:51:43.490 20369 20369 D OplusInputMethodUtil: updateDebugToClass ImeFocusController.DEBUG = false
11-15 17:51:43.490 20369 20369 D OplusInputMethodUtil: updateDebugToClass BaseInputConnection.DEBUG = false
11-15 17:51:43.499 20369 20369 D CompatibilityChangeReporter: Compat change id reported: 237531167; UID 10315; state: DISABLED
11-15 17:51:43.504 20369 20425 D Vibrator: SystemVibrator Created
11-15 17:51:43.504 20369 20369 I DynamicFramerate [FRTCConfigManager]: initFrameRateConfig:
11-15 17:51:43.504 20369 20369 I DynamicFramerate [FRTCConfigManager]: levels: [120, 60]
11-15 17:51:43.504 20369 20369 I DynamicFramerate [FRTCConfigManager]: thresholds:
11-15 17:51:43.504 20369 20369 I DynamicFramerate [FRTCConfigManager]: scrollbar fade frame rate: 0
11-15 17:51:43.504 20369 20369 I DynamicFramerate [FRTCConfigManager]: FRTCConfigManager: FRTC_CAPABILITY = 120, package name = com.google.android.GoogleCameraEngR13F2, WINDOW_ANIMATION_SPEED_RATE = 10, SCROLL_ANIMATION_SPEED_RATE = 20, MuitiWindowIdleFramerate = 60, PACKAGE_ENABLE = false
11-15 17:51:43.504 20369 20369 I DynamicFramerate [DynamicFrameRateController]: init info: mPackageName = com.google.android.GoogleCameraEngR13F2, mIsEnabled = false
11-15 17:51:43.504 20369 20369 D WindowManager: Add to mViews: DecorView@501b28f[CameraActivity],pkg= com.google.android.GoogleCameraEngR13F2
11-15 17:51:43.505 20369 20369 W OpenGLRenderer: Unknown dataspace 0
11-15 17:51:43.506 20369 20414 D ExtensionsLoader: createInstance(64bit) : createExtendedFactory
11-15 17:51:43.512 20369 20414 D ExtensionsLoader: Opened libhwuiextimpl.so
11-15 17:51:43.512 20369 20369 D ExtensionsLoader: createInstance(64bit) : createExtendedFactory
11-15 17:51:43.513 20369 20369 D ExtensionsLoader: Opened libSchedAssistExtImpl.so
11-15 17:51:43.543 20369 20369 D InputEventReceiver: Input log is disabled in InputEventReceiver.
11-15 17:51:43.544 20369 20369 I Quality : ActivityThread: activityLifecycle delay 696 com.google.android.GoogleCameraEngR13F2 20369
11-15 17:51:43.547 20369 20369 D callGcSupression: java.lang.NullPointerException: Attempt to invoke virtual method 'java.lang.Object java.lang.reflect.Method.invoke(java.lang.Object, java.lang.Object[])' on a null object reference
11-15 17:51:43.548 20369 20369 D ResourcesManagerExtImpl: applyConfigurationToAppResourcesLocked app.getDisplayId() return callback.displayId:-1
11-15 17:51:43.550 20369 20369 E OplusBracketLog: [OplusViewMirrorManager] updateHostViewRootIfNeeded, not support android.view.ViewRootImpl@c3e8a0c
11-15 17:51:43.577 20369 20369 D ViewRootImplExtImpl: wrapConfigInfoIntoFlags rotation=0, smallestScreenWidthDp=360, relayoutAsync=false, newFlags=23592960, title=com.google.android.GoogleCameraEngR13F2/com.google.android.apps.camera.legacy.app.activity.main.CameraActivity
11-15 17:51:43.599 20369 20369 W VRI[CameraActivity]: updateBlastSurfaceIfNeeded, surfaceSize:Point(720, 1604), lastSurfaceSize:Point(0, 0), format:-3, blastBufferQueue:null
11-15 17:51:43.599 20369 20369 D BufferQueueConsumer: [](id:4f9100000002,api:0,p:-1,c:20369) connect: controlledByApp=false
11-15 17:51:43.604 20369 20414 I AdrenoGLES-0: QUALCOMM build : 30f48d66fb, I33af6953c3
11-15 17:51:43.604 20369 20414 I AdrenoGLES-0: Build Date : 04/12/24
11-15 17:51:43.604 20369 20414 I AdrenoGLES-0: OpenGL ES Shader Compiler Version: EV031.36.08.28
11-15 17:51:43.604 20369 20414 I AdrenoGLES-0: Local Branch :
11-15 17:51:43.604 20369 20414 I AdrenoGLES-0: Remote Branch : refs/tags/AU_LINUX_ANDROID_LA.VENDOR.1.0.11.00.00.770.073
11-15 17:51:43.604 20369 20414 I AdrenoGLES-0: Remote Branch : NONE
11-15 17:51:43.604 20369 20414 I AdrenoGLES-0: Reconstruct Branch : NOTHING
11-15 17:51:43.605 20369 20414 I AdrenoGLES-0: Build Config : S P 12.1.1 AArch64
11-15 17:51:43.605 20369 20414 I AdrenoGLES-0: Driver Path : /vendor/lib64/egl/libGLESv2_adreno.so
11-15 17:51:43.605 20369 20414 I AdrenoGLES-0: Driver Version : 0615.86
11-15 17:51:43.616 20369 20414 I AdrenoGLES-0: PFP: 0x016ee206, ME: 0x00000000
11-15 17:51:43.658 20369 20410 W ProtoDataStoreFlagStore: Unable to retrieve flag snapshot for com.google.android.libraries.consentverifier#com.google.android.GoogleCameraEngR13F2, using defaults.
11-15 17:51:43.700 20369 20414 D BufferQueueProducer: [VRI[CameraActivity]#0(BLAST Consumer)0](id:4f9100000002,api:1,p:20369,c:20369) connect: api=1 producerControlledByApp=true
11-15 17:51:43.701 20369 20414 E OpenGLRenderer: Unable to match the desired swap behavior.
11-15 17:51:43.703 20369 20369 I SurfaceControl: setExtendedRangeBrightness sc=Surface(name=com.google.android.GoogleCameraEngR13F2/com.google.android.apps.camera.legacy.app.activity.main.CameraActivity)/@0xbd97eb,currentBufferRatio=1.0,desiredRatio=1.0
11-15 17:51:43.751 20369 20450 I OplusCameraUtils: current activityName: com.google.android.apps.camera.legacy.app.activity.main.CameraActivity
11-15 17:51:43.771 20369 20414 D BLASTBufferQueue: [VRI[CameraActivity]#0](f:0,a:1) acquireNextBufferLocked size=720x1604 mFrameNumber=1 applyTransaction=true mTimestamp=579657995915491(auto) mPendingTransactions.size=0 graphicBufferId=87484188852224 transform=0
11-15 17:51:43.772 20369 20414 D VRI[CameraActivity]: Received frameCommittedCallback lastAttemptedDrawFrameNum=1 didProduceBuffer=true syncBuffer=false
11-15 17:51:43.773 20369 20369 D VRI[CameraActivity]: draw finished. seqId=0
11-15 17:51:43.773 20369 20369 D VRI[CameraActivity]: reportDrawFinished
11-15 17:51:43.773 20369 20369 D ViewRootImplExtImpl: setMaxDequeuedBufferCount: 2
11-15 17:51:43.778 20369 20409 V SystemSensorManagerExtImpl: RegisterListener Rotation Vector Non-wakeup type:11 delay:200000us by hpi@69772d5 from com.google.android.GoogleCameraEngR13F2
11-15 17:51:43.780 20369 20369 W CAM_A : Was already registered as ThermalStatusListener on AppStart
11-15 17:51:43.861 20369 20369 V TextView: notifyAutoFillManagerAfterTextChanged
11-15 17:51:43.862 20369 20369 V AutofillManager: notifyValueChanged(1073741838): ignoring on state UNKNOWN
11-15 17:51:43.862 20369 20369 V TextView: notifyAutoFillManagerAfterTextChanged
11-15 17:51:43.862 20369 20369 V AutofillManager: notifyValueChanged(1073741838): ignoring on state UNKNOWN
11-15 17:51:43.883 20369 20369 D CameraManager2: GotArray:0
11-15 17:51:43.883 20369 20369 D CameraManager2: GotArray:1
11-15 17:51:43.889 20369 20369 D Vibrator: SystemVibrator Created
11-15 17:51:44.635 20369 20369 W GcaGeneric-2: type=1400 audit(0.0:238625): avc: granted { execute } for path="/data/user/0/com.google.android.GoogleCameraEngR13F2/files/libpatched_jni.so" dev="dm-100" ino=229142 scontext=u:r:untrusted_app_29:s0:c59,c257,c512,c768 tcontext=u:object_r:app_data_file:s0:c59,c257,c512,c768 tclass=file app=com.google.android.GoogleCameraEngR13F2
11-15 17:51:44.659 20369 20369 W CriticalPath: type=1400 audit(0.0:238626): avc: granted { execute } for path="/data/user/0/com.google.android.GoogleCameraEngR13F2/files/libpatched_jni.so" dev="dm-100" ino=229142 scontext=u:r:untrusted_app_29:s0:c59,c257,c512,c768 tcontext=u:object_r:app_data_file:s0:c59,c257,c512,c768 tclass=file app=com.google.android.GoogleCameraEngR13F2
11-15 17:51:44.659 20369 20369 W 00UiWorker: type=1400 audit(0.0:238627): avc: granted { execute } for path="/data/user/0/com.google.android.GoogleCameraEngR13F2/files/libpatched_jni.so" dev="dm-100" ino=229142 scontext=u:r:untrusted_app_29:s0:c59,c257,c512,c768 tcontext=u:object_r:app_data_file:s0:c59,c257,c512,c768 tclass=file app=com.google.android.GoogleCameraEngR13F2
11-15 17:51:44.659 20369 20369 W GcaGeneric-2: type=1400 audit(0.0:238628): avc: granted { execute } for path="/data/user/0/com.google.android.GoogleCameraEngR13F2/files/libpatched_jni.so" dev="dm-100" ino=229142 scontext=u:r:untrusted_app_29:s0:c59,c257,c512,c768 tcontext=u:object_r:app_data_file:s0:c59,c257,c512,c768 tclass=file app=com.google.android.GoogleCameraEngR13F2
11-15 17:51:44.659 20369 20369 W eCameraEngR13F2: type=1400 audit(0.0:238629): avc: granted { execute } for path="/data/user/0/com.google.android.GoogleCameraEngR13F2/files/libpatched_jni.so" dev="dm-100" ino=229142 scontext=u:r:untrusted_app_29:s0:c59,c257,c512,c768 tcontext=u:object_r:app_data_file:s0:c59,c257,c512,c768 tclass=file app=com.google.android.GoogleCameraEngR13F2
11-15 17:51:44.663 20369 20369 W GcaGeneric-2: type=1400 audit(0.0:238630): avc: granted { execute } for path="/data/user/0/com.google.android.GoogleCameraEngR13F2/files/libpatched_jni.so" dev="dm-100" ino=229142 scontext=u:r:untrusted_app_29:s0:c59,c257,c512,c768 tcontext=u:object_r:app_data_file:s0:c59,c257,c512,c768 tclass=file app=com.google.android.GoogleCameraEngR13F2
11-15 17:51:44.674 20369 20369 D CameraManager2: GotArray:0
11-15 17:51:44.674 20369 20369 D CameraManager2: GotArray:1
11-15 17:51:44.671 20369 20369 W CriticalPath: type=1400 audit(0.0:238631): avc: granted { execute } for path="/data/user/0/com.google.android.GoogleCameraEngR13F2/files/libpatched_jni.so" dev="dm-100" ino=229142 scontext=u:r:untrusted_app_29:s0:c59,c257,c512,c768 tcontext=u:object_r:app_data_file:s0:c59,c257,c512,c768 tclass=file app=com.google.android.GoogleCameraEngR13F2
11-15 17:51:44.747 20369 20369 D CameraManager2: GotArray:0
11-15 17:51:44.747 20369 20369 D CameraManager2: GotArray:1
11-15 17:51:44.767 20369 20369 W GcaGeneric-1: type=1400 audit(0.0:238632): avc: granted { execute } for path="/data/user/0/com.google.android.GoogleCameraEngR13F2/files/libpatched_jni.so" dev="dm-100" ino=229142 scontext=u:r:untrusted_app_29:s0:c59,c257,c512,c768 tcontext=u:object_r:app_data_file:s0:c59,c257,c512,c768 tclass=file app=com.google.android.GoogleCameraEngR13F2
11-15 17:51:44.795 20369 20428 W CAM_SimpleReqProcessor: Failed to add Stream-0 to CaptureRequest for Request-0. The surface (null) was not valid.
11-15 17:51:44.795 20369 20428 W CAM_SimpleReqProcessor: Failed to submit a CaptureRequest for Request-0: There were no surfaces on the request.
11-15 17:51:44.798 20369 20428 W CAM_SimpleReqProcessor: Failed to add Stream-0 to CaptureRequest for Request-1. The surface (null) was not valid.
11-15 17:51:44.800 20369 20369 W FontsContract: Platform version of downloadable fonts is deprecated. Please use androidx version instead.
11-15 17:51:44.868 20369 20369 D CameraManager2: GotArray:0
11-15 17:51:44.868 20369 20369 D CameraManager2: GotArray:1
11-15 17:51:44.873 20369 20369 D CameraManager2: GotArray:0
11-15 17:51:44.873 20369 20369 D CameraManager2: GotArray:1
11-15 17:51:44.879 20369 20369 D CameraManager2: GotArray:0
11-15 17:51:44.879 20369 20369 D CameraManager2: GotArray:1
11-15 17:51:44.885 20369 20369 D CameraManager2: GotArray:0
11-15 17:51:44.885 20369 20369 D CameraManager2: GotArray:1
11-15 17:51:44.927 20369 20369 D CameraManager2: GotArray:0
11-15 17:51:44.927 20369 20369 D CameraManager2: GotArray:1
11-15 17:51:44.964 20369 20428 W CAM_SimpleReqProcessor: Failed to add Stream-0 to CaptureRequest for Request-2. The surface (null) was not valid.
11-15 17:51:44.992 20369 20516 W CAM_SimpleReqProcessor: Failed to add Stream-0 to CaptureRequest for Request-3. The surface (null) was not valid.
11-15 17:51:44.993 20369 20428 W CAM_A : UI view not yet initialized
11-15 17:51:45.010 20369 20516 W CAM_SimpleReqProcessor: Failed to add Stream-0 to CaptureRequest for Request-4. The surface (null) was not valid.
11-15 17:51:45.018 20369 20516 W CAM_SimpleReqProcessor: Failed to add Stream-0 to CaptureRequest for Request-5. The surface (null) was not valid.
11-15 17:51:45.030 20369 20516 W CAM_SimpleReqProcessor: Failed to add Stream-0 to CaptureRequest for Request-6. The surface (null) was not valid.
11-15 17:51:45.036 20369 20516 W CAM_SimpleReqProcessor: Failed to add Stream-0 to CaptureRequest for Request-7. The surface (null) was not valid.
11-15 17:51:45.043 20369 20516 W CAM_SimpleReqProcessor: Failed to add Stream-0 to CaptureRequest for Request-8. The surface (null) was not valid.
11-15 17:51:45.048 20369 20516 W CAM_SimpleReqProcessor: Failed to add Stream-0 to CaptureRequest for Request-9. The surface (null) was not valid.
11-15 17:51:45.055 20369 20369 D CameraManager2: GotArray:0
11-15 17:51:45.055 20369 20369 D CameraManager2: GotArray:1
11-15 17:51:45.056 20369 20369 D CameraManager2: GotArray:0
11-15 17:51:45.057 20369 20369 D CameraManager2: GotArray:1
11-15 17:51:45.060 20369 20369 D CameraManager2: GotArray:0
11-15 17:51:45.060 20369 20369 D CameraManager2: GotArray:1
11-15 17:51:45.062 20369 20369 D CameraManager2: GotArray:0
11-15 17:51:45.062 20369 20369 D CameraManager2: GotArray:1
11-15 17:51:45.076 20369 20369 W FontsContract: Platform version of downloadable fonts is deprecated. Please use androidx version instead.
11-15 17:51:45.104 20369 20369 W CAM_A : ModeSwitcher WAS ALREADY ENABLED!
11-15 17:51:45.113 20369 20369 D CameraManager2: GotArray:0
11-15 17:51:45.114 20369 20369 D CameraManager2: GotArray:1
11-15 17:51:45.115 20369 20369 D CameraManager2: GotArray:0
11-15 17:51:45.115 20369 20369 D CameraManager2: GotArray:1
11-15 17:51:45.119 20369 20369 D CameraManager2: GotArray:0
11-15 17:51:45.119 20369 20369 D CameraManager2: GotArray:1
11-15 17:51:45.132 20369 20412 D ListServiceUtils: mListServiceUtils::init CallingPid 20369
11-15 17:51:45.133 20369 20412 D ListServiceUtils: mListServiceUtils::init this 0x750076d940
11-15 17:51:45.134 20369 20412 D ListServiceUtils: checkInListByUid module:custom-icc uid:10315 cost 999us return 0
11-15 17:51:45.135 20369 20412 E ListServiceUtils: getListValueByUid module:image-processing uid:10315 cost 1396us return 0
11-15 17:51:45.135 20369 20412 V JpegEncoderExtImpl: Resolution: 305 x 407,support: 0;
11-15 17:51:45.160 20369 20369 I SurfaceView: 112991621 onAttachedToWindow
11-15 17:51:45.168 20369 20516 W CAM_SimpleReqProcessor: Failed to add Stream-0 to CaptureRequest for Request-10. The surface (null) was not valid.
11-15 17:51:45.171 20369 20409 V SystemSensorManagerExtImpl: unRegisterListener by hpi@69772d5 and its name is Rotation Vector Non-wakeup
11-15 17:51:45.173 20369 20369 D VRI[CameraActivity]: onFocusEvent true
11-15 17:51:45.174 20369 20369 I Choreographer: Skipped 96 frames! The application may be doing too much work on its main thread.
11-15 17:51:45.174 20369 20369 I Quality : Skipped: false 96 cost 1606.6019 refreshRate 16666666 bit true processName com.google.android.GoogleCameraEngR13F2
11-15 17:51:45.183 20369 20384 I Quality : Blocked msg = Package name: com.google.android.GoogleCameraEngR13F2 [ schedGroup: 5 schedPolicy: 0 ] process the message: { when=-1s618ms what=0 target=android.os.Handler callback=bwx } took 1391 ms
11-15 17:51:45.186 20369 20516 W CAM_SimpleReqProcessor: Failed to add Stream-0 to CaptureRequest for Request-11. The surface (null) was not valid.
11-15 17:51:45.212 20369 20369 D ViewRootImplExtImpl: wrapConfigInfoIntoFlags rotation=0, smallestScreenWidthDp=360, relayoutAsync=true, newFlags=23592960, title=com.google.android.GoogleCameraEngR13F2/com.google.android.apps.camera.legacy.app.activity.main.CameraActivity
11-15 17:51:45.214 20369 20369 W VRI[CameraActivity]: updateBlastSurfaceIfNeeded, surfaceSize:Point(720, 1604), lastSurfaceSize:Point(720, 1604), format:-3, blastBufferQueue:android.graphics.BLASTBufferQueue@5b46bbc
11-15 17:51:45.225 20369 20369 I DeezNuts: MSG: SLIDER 1 FOCUS: 1.0E-4
11-15 17:51:45.225 20369 20369 I ProReC : setprogres0
11-15 17:51:45.226 20369 20369 I DeezNuts: MSG: SLIDER 0 IDX: 0
11-15 17:51:45.226 20369 20369 I ProReC : setprogres_iso0
11-15 17:51:45.226 20369 20369 I za.defcomk.prorec.cust2.RotSeek: setprogres_iso0
11-15 17:51:45.248 20369 20369 D BufferQueueConsumer: [](id:4f9100000003,api:0,p:-1,c:20369) connect: controlledByApp=false
11-15 17:51:45.252 20369 20369 I SurfaceView: 112991621 visibleChanged -- surfaceCreated
11-15 17:51:45.259 20369 20369 D SurfaceView: 112991621 handleSyncNoBuffer
11-15 17:51:45.260 20369 20369 D SurfaceView: 112991621 finishedDrawing
11-15 17:51:45.260 20369 20369 D SurfaceView: 112991621 performDrawFinished mAttachedToWindow true
11-15 17:51:45.261 20369 20369 I SurfaceControl: setExtendedRangeBrightness sc=Surface(name=com.google.android.GoogleCameraEngR13F2/com.google.android.apps.camera.legacy.app.activity.main.CameraActivity)/@0xbd97eb,currentBufferRatio=1.0,desiredRatio=1.0
11-15 17:51:45.261 20369 20369 D SurfaceView: 112991621 dispatchDraw mDrawFinished true isAboveParent false (mPrivateFlags & PFLAG_SKIP_DRAW) 128
11-15 17:51:45.261 20369 20369 D SurfaceView: 112991621 clearSurfaceViewPort mCornerRadius 0.0
11-15 17:51:45.297 20369 20369 W VRI[CameraActivity]: handleResized, msg:5, frameChanged:false, configChanged:false, displayChanged:false, attachedFrameChanged:false, compatScaleChanged:false, pendingDragResizing=false
11-15 17:51:45.299 20369 20455 W CAM_SurfaceMap: Surface(name=null)/@0x60a24a is valid but deferred streams are not yet available for CaptureSession-0
11-15 17:51:45.299 20369 20455 W CAM_SimpleReqProcessor: Failed to add Stream-0 to CaptureRequest for Request-12. The surface is not yet available.
11-15 17:51:45.304 20369 20369 W VRI[CameraActivity]: handleResized, msg:5, frameChanged:false, configChanged:false, displayChanged:false, attachedFrameChanged:false, compatScaleChanged:false, pendingDragResizing=false
11-15 17:51:45.330 20369 20369 D CameraManager2: GotArray:0
11-15 17:51:45.330 20369 20369 D CameraManager2: GotArray:1
11-15 17:51:45.339 20369 20369 W CAM_A : ModeSwitcher WAS ALREADY ENABLED!
11-15 17:51:45.343 20369 20455 D BufferQueueProducer: [SurfaceView[com.google.android.GoogleCameraEngR13F2/com.google.android.apps.camera.legacy.app.activity.main.CameraActivity]#1(BLAST Consumer)1](id:4f9100000003,api:4,p:1979,c:20369) connect: api=4 producerControlledByApp=true
11-15 17:51:45.352 20369 20536 I OpenGLRenderer: Davey! duration=1760ms; Flags=0, FrameTimelineVsyncId=178763489, IntendedVsync=579657792973657, Vsync=579659392973593, InputEventId=0, HandleInputStart=579659401560022, AnimationStart=579659401564501, PerformTraversalsStart=579659402032105, DrawStart=579659486848355, FrameDeadline=579658146607085, FrameInterval=579659399575699, FrameStartTime=16666666, SyncQueued=579659508308511, SyncStart=579659508421792, IssueDrawCommandsStart=579659519909032, SwapBuffers=579659540780178, FrameCompleted=579659553265959, DequeueBufferDuration=214010, QueueBufferDuration=3251562, GpuCompleted=579659549269032, SwapBuffersCompleted=579659553265959, DisplayPresentTime=0, CommandSubmissionCompleted=579659540780178,
11-15 17:51:45.395 20369 20369 I Quality : Skipped: false 12 cost 210.94865 refreshRate 16666666 bit true processName com.google.android.GoogleCameraEngR13F2
11-15 17:51:45.398 20369 20425 V SystemSensorManagerExtImpl: RegisterListener stk83xx Accelerometer Non-wakeup type:1 delay:200000us by android.view.OrientationEventListener$SensorEventListenerImpl@fdc8fe6 from com.google.android.GoogleCameraEngR13F2
11-15 17:51:45.403 20369 20423 W CAM_A : Extractor (frame) of type feature.acmi.imu.frame-straightness depends on foreign type feature.acmi.imu.camera-orientation! Feature values may be calculated out of order!
11-15 17:51:45.404 20369 20423 W CAM_A : Extractor (frame) of type feature.acmi.imu.frame-straightness depends on foreign type feature.acmi.imu.camera-orientation! Feature values may be calculated out of order!
11-15 17:51:45.443 20369 20423 V SystemSensorManagerExtImpl: RegisterListener stk83xx Accelerometer Non-wakeup type:1 delay:200000us by ftr@3289b1 from com.google.android.GoogleCameraEngR13F2
11-15 17:51:45.450 20369 20412 I tflite : Initialized TensorFlow Lite runtime.
11-15 17:51:45.459 20369 20414 D VRI[CameraActivity]: Received frameCommittedCallback lastAttemptedDrawFrameNum=3 didProduceBuffer=true syncBuffer=false
11-15 17:51:45.460 20369 20369 D VRI[CameraActivity]: draw finished. seqId=0
11-15 17:51:45.460 20369 20369 D VRI[CameraActivity]: reportDrawFinished
11-15 17:51:45.465 20369 20490 E GoLog : INFO: Initialized TensorFlow Lite runtime.
11-15 17:51:45.480 20369 20423 V SystemSensorManagerExtImpl: RegisterListener oem-pseudo-gyro Non-wakeup type:4 delay:200000us by ftr@3289b1 from com.google.android.GoogleCameraEngR13F2
11-15 17:51:45.490 20369 20412 W libc : Access denied finding property "ro.hardware.chipname"
11-15 17:51:45.491 20369 20476 W ProtoDataStoreFlagStore: Unable to update local snapshot for com.google.android.libraries.consentverifier#com.google.android.GoogleCameraEngR13F2, may result in stale flags.
11-15 17:51:45.491 20369 20476 W ProtoDataStoreFlagStore: java.util.concurrent.ExecutionException: java.lang.SecurityException: GoogleCertificatesRslt: not allowed: pkg=com.google.android.GoogleCameraEngR13F2, sha256=[a40da80a59d170caa950cf15c18c454d47a39b26989d8b640ecd745ba71bf5dc], atk=false, ver=244433029.true (go/gsrlt)
11-15 17:51:45.491 20369 20476 W ProtoDataStoreFlagStore: at pfx.s(Unknown Source:20)
11-15 17:51:45.491 20369 20476 W ProtoDataStoreFlagStore: at pfx.get(Unknown Source:21)
11-15 17:51:45.491 20369 20476 W ProtoDataStoreFlagStore: at plk.I(Unknown Source:1)
11-15 17:51:45.491 20369 20476 W ProtoDataStoreFlagStore: at plk.ad(Unknown Source:9)
11-15 17:51:45.491 20369 20476 W ProtoDataStoreFlagStore: at nfm.d(Unknown Source:0)
11-15 17:51:45.491 20369 20476 W ProtoDataStoreFlagStore: at ngq.run(Unknown Source:9)
11-15 17:51:45.491 20369 20476 W ProtoDataStoreFlagStore: at java.util.concurrent.Executors$RunnableAdapter.call(Executors.java:487)
11-15 17:51:45.491 20369 20476 W ProtoDataStoreFlagStore: at java.util.concurrent.FutureTask.run(FutureTask.java:264)
11-15 17:51:45.491 20369 20476 W ProtoDataStoreFlagStore: at java.util.concurrent.ScheduledThreadPoolExecutor$ScheduledFutureTask.run(ScheduledThreadPoolExecutor.java:307)
11-15 17:51:45.491 20369 20476 W ProtoDataStoreFlagStore: at java.util.concurrent.ThreadPoolExecutor.runWorker(ThreadPoolExecutor.java:1145)
11-15 17:51:45.491 20369 20476 W ProtoDataStoreFlagStore: at java.util.concurrent.ThreadPoolExecutor$Worker.run(ThreadPoolExecutor.java:644)
11-15 17:51:45.491 20369 20476 W ProtoDataStoreFlagStore: at java.lang.Thread.run(Thread.java:1012)
11-15 17:51:45.491 20369 20476 W ProtoDataStoreFlagStore: Caused by: java.lang.SecurityException: GoogleCertificatesRslt: not allowed: pkg=com.google.android.GoogleCameraEngR13F2, sha256=[a40da80a59d170caa950cf15c18c454d47a39b26989d8b640ecd745ba71bf5dc], atk=false, ver=244433029.true (go/gsrlt)
11-15 17:51:45.491 20369 20476 W ProtoDataStoreFlagStore: at android.os.Parcel.createExceptionOrNull(Parcel.java:3087)
11-15 17:51:45.491 20369 20476 W ProtoDataStoreFlagStore: at android.os.Parcel.createException(Parcel.java:3071)
11-15 17:51:45.491 20369 20476 W ProtoDataStoreFlagStore: at android.os.Parcel.readException(Parcel.java:3054)
11-15 17:51:45.491 20369 20476 W ProtoDataStoreFlagStore: at android.os.Parcel.readException(Parcel.java:2996)
11-15 17:51:45.491 20369 20476 W ProtoDataStoreFlagStore: at bmn.z(Unknown Source:10)
11-15 17:51:45.491 20369 20476 W ProtoDataStoreFlagStore: at ktz.a(Unknown Source:38)
11-15 17:51:45.491 20369 20476 W ProtoDataStoreFlagStore: at kjd.f(Unknown Source:10)
11-15 17:51:45.491 20369 20476 W ProtoDataStoreFlagStore: at kkc.t(Unknown Source:9)
11-15 17:51:45.491 20369 20476 W ProtoDataStoreFlagStore: at kkc.u(Unknown Source:22)
11-15 17:51:45.491 20369 20476 W ProtoDataStoreFlagStore: at kkc.g(Unknown Source:29)
11-15 17:51:45.491 20369 20476 W ProtoDataStoreFlagStore: at kkc.h(Unknown Source:76)
11-15 17:51:45.491 20369 20476 W ProtoDataStoreFlagStore: at kkc.b(Unknown Source:14)
11-15 17:51:45.491 20369 20476 W ProtoDataStoreFlagStore: at klz.c(Unknown Source:114)
11-15 17:51:45.491 20369 20476 W ProtoDataStoreFlagStore: at klt.d(Unknown Source:6)
11-15 17:51:45.491 20369 20476 W ProtoDataStoreFlagStore: at klu.handleMessage(Unknown Source:307)
11-15 17:51:45.491 20369 20476 W ProtoDataStoreFlagStore: at android.os.Handler.dispatchMessage(Handler.java:106)
11-15 17:51:45.491 20369 20476 W ProtoDataStoreFlagStore: at ksg.b(Unknown Source:0)
11-15 17:51:45.491 20369 20476 W ProtoDataStoreFlagStore: at ksg.dispatchMessage(Unknown Source:0)
11-15 17:51:45.491 20369 20476 W ProtoDataStoreFlagStore: at android.os.Looper.loopOnce(Looper.java:257)
11-15 17:51:45.491 20369 20476 W ProtoDataStoreFlagStore: at android.os.Looper.loop(Looper.java:368)
11-15 17:51:45.491 20369 20476 W ProtoDataStoreFlagStore: at android.os.HandlerThread.run(HandlerThread.java:67)
11-15 17:51:45.506 20369 20423 V SystemSensorManagerExtImpl: RegisterListener oem-pseudo-gyro Non-wakeup type:4 delay:0us by lxf@7d0eb1e from com.google.android.GoogleCameraEngR13F2
11-15 17:51:45.521 20369 20412 I tflite : Created TensorFlow Lite XNNPACK delegate for CPU.
11-15 17:51:45.525 20369 20412 I tflite : Replacing 5 node(s) with delegate (TfLiteXNNPackDelegate) node, yielding 1 partitions.
11-15 17:51:45.529 20369 20490 E GoLog : INFO: Created TensorFlow Lite XNNPACK delegate for CPU.
11-15 17:51:45.529 20369 20490 E GoLog : INFO: Replacing 5 node(s) with delegate (TfLiteXNNPackDelegate) node, yielding 1 partitions.
11-15 17:51:45.554 20369 20369 I Quality : Skipped: false 8 cost 150.23703 refreshRate 16840236 bit true processName com.google.android.GoogleCameraEngR13F2
11-15 17:51:45.585 20369 20412 W CAM_CameraDeviceVerifie: Tag CameraDeviceVerifier is 1 chars longer than limit.
11-15 17:51:45.589 20369 20412 D CameraManager2: GotArray:0
11-15 17:51:45.589 20369 20412 D CameraManager2: GotArray:1
11-15 17:51:45.592 20369 20428 D CameraManager2: GotArray:0
11-15 17:51:45.592 20369 20428 D CameraManager2: GotArray:1
11-15 17:51:45.616 20369 20369 W CBVerifier: Registering phenotype for com.google.android.libraries.consentverifier#com.google.android.GoogleCameraEngR13F2 failed
11-15 17:51:45.682 20369 20369 I Quality : Skipped: false 6 cost 109.68546 refreshRate 16848043 bit true processName com.google.android.GoogleCameraEngR13F2
11-15 17:51:45.703 20369 20474 D BLASTBufferQueue: [SurfaceView[com.google.android.GoogleCameraEngR13F2/com.google.android.apps.camera.legacy.app.activity.main.CameraActivity]#1](f:0,a:1) acquireNextBufferLocked size=960x720 mFrameNumber=1 applyTransaction=true mTimestamp=579659811327136 mPendingTransactions.size=0 graphicBufferId=87484188852240 transform=4
11-15 17:51:45.748 20369 20425 W CAM_A : Not restoring video id 1000010649 since it is too small (size: 0)
11-15 17:51:45.773 20369 20454 W CAM_A : UNINITIALIZED > abs Δ(result sensor timestamp) = 83.92 ms > 70.00 ms
11-15 17:51:45.767 20369 20369 W 00UiWorker: type=1400 audit(0.0:238643): avc: granted { execute } for path="/data/user/0/com.google.android.GoogleCameraEngR13F2/files/libpatched_jni.so" dev="dm-100" ino=229142 scontext=u:r:untrusted_app_29:s0:c59,c257,c512,c768 tcontext=u:object_r:app_data_file:s0:c59,c257,c512,c768 tclass=file app=com.google.android.GoogleCameraEngR13F2
11-15 17:51:45.775 20369 20454 W CAM_A : UNINITIALIZED > rel Δ(result sensor timestamp) = 1.00 > 0.25
11-15 17:51:45.776 20369 20454 W CAM_A : UNINITIALIZED > result sensor delay = 2.00 > 1.10
11-15 17:51:45.775 20369 20369 W 00UiWorker: type=1400 audit(0.0:238644): avc: granted { execute } for path="/data/user/0/com.google.android.GoogleCameraEngR13F2/files/libpatched_jni.so" dev="dm-100" ino=229142 scontext=u:r:untrusted_app_29:s0:c59,c257,c512,c768 tcontext=u:object_r:app_data_file:s0:c59,c257,c512,c768 tclass=file app=com.google.android.GoogleCameraEngR13F2
11-15 17:51:45.779 20369 20369 W 00UiWorker: type=1400 audit(0.0:238645): avc: granted { execute } for path="/data/user/0/com.google.android.GoogleCameraEngR13F2/files/libpatched_jni.so" dev="dm-100" ino=229142 scontext=u:r:untrusted_app_29:s0:c59,c257,c512,c768 tcontext=u:object_r:app_data_file:s0:c59,c257,c512,c768 tclass=file app=com.google.android.GoogleCameraEngR13F2
11-15 17:51:45.817 20369 20454 W CAM_A : UNINITIALIZED > rel Δ(result sensor timestamp) = 0.50 > 0.25
11-15 17:51:45.839 20369 20369 W 00UiWorker: type=1400 audit(0.0:238646): avc: granted { execute } for path="/data/user/0/com.google.android.GoogleCameraEngR13F2/files/libpatched_jni.so" dev="dm-100" ino=229142 scontext=u:r:untrusted_app_29:s0:c59,c257,c512,c768 tcontext=u:object_r:app_data_file:s0:c59,c257,c512,c768 tclass=file app=com.google.android.GoogleCameraEngR13F2
11-15 17:51:45.843 20369 20369 W 00UiWorker: type=1400 audit(0.0:238647): avc: granted { execute } for path="/data/user/0/com.google.android.GoogleCameraEngR13F2/files/libpatched_jni.so" dev="dm-100" ino=229142 scontext=u:r:untrusted_app_29:s0:c59,c257,c512,c768 tcontext=u:object_r:app_data_file:s0:c59,c257,c512,c768 tclass=file app=com.google.android.GoogleCameraEngR13F2
11-15 17:51:45.977 20369 20564 D MediaCodec: CreateByType: pid -1(20369)
11-15 17:51:45.980 20369 20564 D MediaCodec: CreateByType: mime audio/vorbis, encoder 0, pid -1
11-15 17:51:45.980 20369 20564 D MediaCodecList: processName: com.google.android.GoogleCameraEngR13F2 , mime: audio/vorbis
11-15 17:51:45.988 20369 20564 D MediaCodecList: codecHandlesFormat: no format, so no extra checks
11-15 17:51:45.990 20369 20564 W libc : Access denied finding property "vendor.debug.stagefright.mediacodec.trace"
11-15 17:51:45.991 20369 20563 D MediaCodec: CreateByType: pid -1(20369)
11-15 17:51:45.991 20369 20563 D MediaCodec: CreateByType: mime audio/vorbis, encoder 0, pid -1
11-15 17:51:45.991 20369 20563 D MediaCodecList: processName: com.google.android.GoogleCameraEngR13F2 , mime: audio/vorbis
11-15 17:51:46.009 20369 20563 D MediaCodecList: codecHandlesFormat: no format, so no extra checks
11-15 17:51:46.011 20369 20563 W libc : Access denied finding property "vendor.debug.stagefright.mediacodec.trace"
11-15 17:51:46.013 20369 20564 W libc : Access denied finding property "vendor.debug.stagefright.BufferCount"
11-15 17:51:46.014 20369 20564 W libc : Access denied finding property "vendor.debug.stagefright.BufferCount"
11-15 17:51:46.014 20369 20564 D CCodecBufferChannel: mBufferCountDebug=0 mIsUserLoad=1
11-15 17:51:46.014 20369 20564 D OplusCCodec: OplusCCodec : (0x742d06ad00)
11-15 17:51:46.015 20369 20563 W libc : Access denied finding property "vendor.debug.stagefright.BufferCount"
11-15 17:51:46.016 20369 20563 W libc : Access denied finding property "vendor.debug.stagefright.BufferCount"
11-15 17:51:46.016 20369 20563 D CCodecBufferChannel: mBufferCountDebug=0 mIsUserLoad=1
11-15 17:51:46.017 20369 20563 D OplusCCodec: OplusCCodec : (0x742d996100)
11-15 17:51:46.020 20369 20563 D ListServiceUtils: checkInListByUid module:video-setsurface-error uid:10315 cost 329us return 0
