Logcat File: Android Camera Service Logs
Document Details
Uploaded by RenewedFractal968
Atal Bihari Vajpayee Indian Institute of Information Technology and Management, Gwalior
Tags
Summary
This logcat file contains logs related to an Android camera service. It displays messages about camera connections, states, and various capabilities. The logs provide details on vendor tags and unsupported media formats.
Full Transcript
--------- beginning of main
10-08 19:55:37.161 2764 13857 I CameraManagerGlobal: Connecting to camera service
10-08 19:55:37.175 2764 13857 D VendorTagDescriptor: addVendorDescriptor: vendor tag id 3854507339 added
10-08 19:55:37.191 2764 13809 I CameraManagerGlobal: Camera 0 facing CAMERA_FACING...
--------- beginning of main
10-08 19:55:37.161 2764 13857 I CameraManagerGlobal: Connecting to camera service
10-08 19:55:37.175 2764 13857 D VendorTagDescriptor: addVendorDescriptor: vendor tag id 3854507339 added
10-08 19:55:37.191 2764 13809 I CameraManagerGlobal: Camera 0 facing CAMERA_FACING_BACK state now CAMERA_STATE_CLOSED for client com.google.android.GoogleCameraEngR18F1 API Level 2
10-08 19:55:37.191 2764 13809 I CameraManagerGlobal: Camera 1 facing CAMERA_FACING_FRONT state now CAMERA_STATE_CLOSED for client com.samsung.adaptivebrightnessgo API Level 2
10-08 19:55:37.191 2764 13809 I CameraManagerGlobal: Camera 2 facing CAMERA_FACING_BACK state now CAMERA_STATE_CLOSED for client android.system API Level 2
10-08 19:55:37.192 2764 13809 I CameraManagerGlobal: Camera 20 facing CAMERA_FACING_BACK state now CAMERA_STATE_CLOSED for client android.system API Level 2
10-08 19:55:37.192 2764 13809 I CameraManagerGlobal: Camera 23 facing CAMERA_FACING_BACK state now CAMERA_STATE_CLOSED for client android.system API Level 2
10-08 19:55:37.192 2764 13809 I CameraManagerGlobal: Camera 3 facing CAMERA_FACING_FRONT state now CAMERA_STATE_CLOSED for client android.system API Level 2
10-08 19:55:37.193 2764 13809 I CameraManagerGlobal: Camera 4 facing CAMERA_FACING_FRONT state now CAMERA_STATE_CLOSED for client vendor.client.pid API Level 2
10-08 19:55:37.193 2764 13809 I CameraManagerGlobal: Camera 50 facing CAMERA_FACING_BACK state now CAMERA_STATE_CLOSED for client android.system API Level 2
10-08 19:55:37.194 2764 13809 I CameraManagerGlobal: Camera 52 facing CAMERA_FACING_BACK state now CAMERA_STATE_CLOSED for client android.system API Level 2
10-08 19:55:37.194 2764 13809 I CameraManagerGlobal: Camera 54 facing CAMERA_FACING_BACK state now CAMERA_STATE_CLOSED for client android.system API Level 2
10-08 19:55:37.209 2764 13817 W AudioCapabilities: Unsupported mime audio/x-ima
10-08 19:55:37.210 2764 13817 W VideoCapabilities: Unsupported mime video/wvc1
10-08 19:55:37.213 2764 13817 W VideoCapabilities: Unsupported mime video/x-ms-wmv
10-08 19:55:37.213 2764 13817 W AudioCapabilities: Unsupported mime audio/x-ima
10-08 19:55:37.214 2764 13817 W AudioCapabilities: Unsupported mime audio/mpeg-L1
10-08 19:55:37.214 2764 13817 W AudioCapabilities: Unsupported mime audio/mpeg-L2
10-08 19:55:37.214 2764 13817 W VideoCapabilities: Unsupported mime video/wvc1
10-08 19:55:37.240 2764 13817 W VideoCapabilities: Unsupported mime video/wvc1
10-08 19:55:37.246 2764 13817 W VideoCapabilities: Unrecognized profile/level 1/32 for video/mp4v-es
10-08 19:55:37.246 2764 13817 W VideoCapabilities: Unrecognized profile/level 32768/2 for video/mp4v-es
10-08 19:55:37.246 2764 13817 W VideoCapabilities: Unrecognized profile/level 32768/64 for video/mp4v-es
10-08 19:55:37.269 2764 13873 D CameraManager2: GotArray:0
10-08 19:55:37.269 2764 13873 D CameraManager2: GotArray:1
10-08 19:55:37.269 2764 13873 D CameraManager2: GotArray:2
10-08 19:55:37.269 2764 13873 D CameraManager2: GotArray:3
10-08 19:55:37.273 2764 13881 D CameraManager2: GotArray:0
10-08 19:55:37.273 2764 13881 D CameraManager2: GotArray:1
10-08 19:55:37.273 2764 13881 D CameraManager2: GotArray:2
10-08 19:55:37.273 2764 13881 D CameraManager2: GotArray:3
10-08 19:55:37.281 2764 13817 W CAM_A : Build number (F127GDDS3AVF1) is not a number. Ignoring version check for b/149569689.
10-08 19:55:37.286 2764 13817 D CameraManager2: GotArray:0
10-08 19:55:37.286 2764 13817 D CameraManager2: GotArray:1
10-08 19:55:37.286 2764 13817 D CameraManager2: GotArray:2
10-08 19:55:37.286 2764 13817 D CameraManager2: GotArray:3
10-08 19:55:37.291 2764 2764 I DecorView: [INFO] isPopOver=false, config=true
10-08 19:55:37.291 2764 2764 I DecorView: updateCaptionType >> DecorView@a91395d[], isFloating=false, isApplication=true, hasWindowDecorCaption=false, hasWindowControllerCallback=true
10-08 19:55:37.291 2764 2764 D DecorView: setCaptionType = 0, this = DecorView@a91395d[]
10-08 19:55:37.322 2764 13881 D CameraManager2: GotArray:0
10-08 19:55:37.322 2764 13881 D CameraManager2: GotArray:1
10-08 19:55:37.322 2764 13881 D CameraManager2: GotArray:2
10-08 19:55:37.322 2764 13881 D CameraManager2: GotArray:3
10-08 19:55:37.325 2764 13881 D CameraManager2: GotArray:0
10-08 19:55:37.325 2764 13881 D CameraManager2: GotArray:1
10-08 19:55:37.325 2764 13881 D CameraManager2: GotArray:2
10-08 19:55:37.325 2764 13881 D CameraManager2: GotArray:3
10-08 19:55:37.349 2764 13881 D CameraManager2: GotArray:0
10-08 19:55:37.349 2764 13881 D CameraManager2: GotArray:1
10-08 19:55:37.349 2764 13881 D CameraManager2: GotArray:2
10-08 19:55:37.349 2764 13881 D CameraManager2: GotArray:3
10-08 19:55:37.358 2764 13804 I eCameraEngR18F: ThreadFlipBegin blocked for 5.014ms
10-08 19:55:37.359 2764 13880 I eCameraEngR18F: IncrementDisableThreadFlip blocked for 5.211ms
10-08 19:55:37.390 2764 13902 I CameraManager: registerAvailabilityCallback: Is device callback = false
10-08 19:55:37.390 2764 13902 I CameraManagerGlobal: postSingleUpdate device: camera id 0 status STATUS_PRESENT
10-08 19:55:37.390 2764 13902 I CameraManagerGlobal: postSingleUpdate device: camera id 1 status STATUS_PRESENT
10-08 19:55:37.391 2764 13902 I CameraManagerGlobal: postSingleUpdate device: camera id 2 status STATUS_PRESENT
10-08 19:55:37.391 2764 13902 I CameraManagerGlobal: postSingleUpdate device: camera id 3 status STATUS_PRESENT
10-08 19:55:37.455 2764 13868 I CameraManagerGlobal: postSingleUpdate device: camera id 0 status STATUS_NOT_AVAILABLE
10-08 19:55:37.455 2764 13868 I CameraManagerGlobal: Camera 0 facing CAMERA_FACING_BACK state now CAMERA_STATE_OPEN for client com.google.android.GoogleCameraEngR18F1 API Level 2
10-08 19:55:37.826 2764 2764 I DeezNuts: MSG: SLIDER 1 FOCUS: 1.0E-4
10-08 19:55:37.827 2764 2764 I ProReC : setprogres0
10-08 19:55:37.831 2764 2764 I DeezNuts: MSG: SLIDER 0 IDX: 0
10-08 19:55:37.831 2764 2764 I ProReC : setprogres_iso0
10-08 19:55:37.833 2764 2764 I za.defcomk.prorec.cust2.RotSeek: setprogres_iso0
10-08 19:55:37.841 2764 2764 D ScrollView: initGoToTop
10-08 19:55:37.986 2764 2764 D InputTransport: Input channel constructed: 'dd6102e', fd=89
10-08 19:55:37.998 2764 2764 I ViewRootImpl@b037dd8[CameraLauncher]: setView = com.android.internal.policy.DecorView@a91395d TM=true
10-08 19:55:38.004 2764 2764 W CAM_A : Was already registered as ThermalStatusListener on AppStart
10-08 19:55:38.006 2764 13814 E SensorManager: sensor is null
10-08 19:55:38.049 2764 13873 D CameraManager2: GotArray:0
10-08 19:55:38.049 2764 13873 D CameraManager2: GotArray:1
10-08 19:55:38.049 2764 13873 D CameraManager2: GotArray:2
10-08 19:55:38.049 2764 13873 D CameraManager2: GotArray:3
10-08 19:55:38.088 2764 13873 D CameraManager2: GotArray:0
10-08 19:55:38.088 2764 13873 D CameraManager2: GotArray:1
10-08 19:55:38.088 2764 13873 D CameraManager2: GotArray:2
10-08 19:55:38.088 2764 13873 D CameraManager2: GotArray:3
10-08 19:55:38.090 2764 13873 D CameraManager2: GotArray:0
10-08 19:55:38.090 2764 13873 D CameraManager2: GotArray:1
10-08 19:55:38.090 2764 13873 D CameraManager2: GotArray:2
10-08 19:55:38.090 2764 13873 D CameraManager2: GotArray:3
10-08 19:55:38.093 2764 13873 E libgcam : [gcam.cc:268]: Create: static_metadata_list can not be empty. --------- beginning of crash
10-08 19:55:38.096 2764 13873 E AndroidRuntime: FATAL EXCEPTION: 00UiWorker
10-08 19:55:38.096 2764 13873 E AndroidRuntime: Process: com.google.android.GoogleCameraEngR18F1, PID: 2764
10-08 19:55:38.096 2764 13873 E AndroidRuntime: java.lang.RuntimeException: java.lang.NullPointerException: Attempt to invoke virtual method 'boolean com.google.googlex.gcam.Gcam.f()' on a null object reference
10-08 19:55:38.096 2764 13873 E AndroidRuntime: at lbg.run(Unknown Source:26)
10-08 19:55:38.096 2764 13873 E AndroidRuntime: at java.util.concurrent.ThreadPoolExecutor.runWorker(ThreadPoolExecutor.java:1167)
10-08 19:55:38.096 2764 13873 E AndroidRuntime: at java.util.concurrent.ThreadPoolExecutor$Worker.run(ThreadPoolExecutor.java:641)
10-08 19:55:38.096 2764 13873 E AndroidRuntime: at java.lang.Thread.run(Thread.java:923)
10-08 19:55:38.096 2764 13873 E AndroidRuntime: at lab.run(Unknown Source:5)
10-08 19:55:38.096 2764 13873 E AndroidRuntime: Caused by: java.util.concurrent.ExecutionException: java.lang.NullPointerException: Attempt to invoke virtual method 'boolean com.google.googlex.gcam.Gcam.f()' on a null object reference
10-08 19:55:38.096 2764 13873 E AndroidRuntime: at java.util.concurrent.FutureTask.report(FutureTask.java:123)
10-08 19:55:38.096 2764 13873 E AndroidRuntime: at java.util.concurrent.FutureTask.get(FutureTask.java:193)
10-08 19:55:38.096 2764 13873 E AndroidRuntime: at phe.get(Unknown Source:4)
10-08 19:55:38.096 2764 13873 E AndroidRuntime: at lbg.run(Unknown Source:15)
10-08 19:55:38.096 2764 13873 E AndroidRuntime:... 4 more
10-08 19:55:38.096 2764 13873 E AndroidRuntime: Caused by: java.lang.NullPointerException: Attempt to invoke virtual method 'boolean com.google.googlex.gcam.Gcam.f()' on a null object reference
10-08 19:55:38.096 2764 13873 E AndroidRuntime: at eat.get(Unknown Source:493)
10-08 19:55:38.096 2764 13873 E AndroidRuntime: at pyr.get(Unknown Source:13)
10-08 19:55:38.096 2764 13873 E AndroidRuntime: at enl.a(Unknown Source:3)
10-08 19:55:38.096 2764 13873 E AndroidRuntime: at dsd.get(Unknown Source:30)
10-08 19:55:38.096 2764 13873 E AndroidRuntime: at pyr.get(Unknown Source:13)
10-08 19:55:38.096 2764 13873 E AndroidRuntime: at dvd.get(Unknown Source:175)
10-08 19:55:38.096 2764 13873 E AndroidRuntime: at pyr.get(Unknown Source:13)
10-08 19:55:38.096 2764 13873 E AndroidRuntime: at kbj.get(Unknown Source:73)
10-08 19:55:38.096 2764 13873 E AndroidRuntime: at pyr.get(Unknown Source:13)
10-08 19:55:38.096 2764 13873 E AndroidRuntime: at eus.get(Unknown Source:335)
10-08 19:55:38.096 2764 13873 E AndroidRuntime: at pyr.get(Unknown Source:13)
10-08 19:55:38.096 2764 13873 E AndroidRuntime: at pyq.get(Unknown Source:4)
10-08 19:55:38.096 2764 13873 E AndroidRuntime: at pyr.get(Unknown Source:13)
10-08 19:55:38.096 2764 13873 E AndroidRuntime: at ewe.run(Unknown Source:60)
10-08 19:55:38.096 2764 13873 E AndroidRuntime: at dks.run(Unknown Source:13)
10-08 19:55:38.096 2764 13873 E AndroidRuntime: at bvr.run(Unknown Source:58)
10-08 19:55:38.096 2764 13873 E AndroidRuntime: at java.util.concurrent.Executors$RunnableAdapter.call(Executors.java:462)
10-08 19:55:38.096 2764 13873 E AndroidRuntime: at java.util.concurrent.FutureTask.run(FutureTask.java:266)
10-08 19:55:38.096 2764 13873 E AndroidRuntime: at java.util.concurrent.ScheduledThreadPoolExecutor$ScheduledFutureTask.run(ScheduledThreadPoolExecutor.java:301)
10-08 19:55:38.096 2764 13873 E AndroidRuntime: at lbh.run(Unknown Source:2)
10-08 19:55:38.096 2764 13873 E AndroidRuntime: at lbg.run(Unknown Source:0)
10-08 19:55:38.096 2764 13873 E AndroidRuntime:... 4 more
10-08 19:55:38.147 2764 2764 E CAM_A : HalideRuntime.checkGcamHalideRuntime -> Failed
10-08 19:55:38.148 2764 2764 D CameraManager2: GotArray:0
10-08 19:55:38.148 2764 2764 D CameraManager2: GotArray:1
10-08 19:55:38.148 2764 2764 D CameraManager2: GotArray:2
10-08 19:55:38.148 2764 2764 D CameraManager2: GotArray:3
10-08 19:55:38.151 2764 2764 D CameraManager2: GotArray:0
10-08 19:55:38.151 2764 2764 D CameraManager2: GotArray:1
10-08 19:55:38.151 2764 2764 D CameraManager2: GotArray:2
10-08 19:55:38.151 2764 2764 D CameraManager2: GotArray:3
10-08 19:55:38.152 2764 2764 E libgcam : [gcam.cc:268]: Create: static_metadata_list can not be empty.
10-08 19:55:38.153 2764 2764 W CAM_ActivityUiStartup: CameraActivityController failed!
10-08 19:55:38.153 2764 2764 W CAM_ActivityUiStartup: java.lang.NullPointerException: Attempt to invoke virtual method 'boolean com.google.googlex.gcam.Gcam.f()' on a null object reference
10-08 19:55:38.153 2764 2764 W CAM_ActivityUiStartup: at eat.get(Unknown Source:493)
10-08 19:55:38.153 2764 2764 W CAM_ActivityUiStartup: at pyr.get(Unknown Source:13)
10-08 19:55:38.153 2764 2764 W CAM_ActivityUiStartup: at enl.a(Unknown Source:3)
10-08 19:55:38.153 2764 2764 W CAM_ActivityUiStartup: at dsd.get(Unknown Source:30)
10-08 19:55:38.153 2764 2764 W CAM_ActivityUiStartup: at pyr.get(Unknown Source:13)
10-08 19:55:38.153 2764 2764 W CAM_ActivityUiStartup: at dvd.get(Unknown Source:175)
10-08 19:55:38.153 2764 2764 W CAM_ActivityUiStartup: at pyr.get(Unknown Source:13)
10-08 19:55:38.153 2764 2764 W CAM_ActivityUiStartup: at kbj.get(Unknown Source:73)
10-08 19:55:38.153 2764 2764 W CAM_ActivityUiStartup: at pyr.get(Unknown Source:13)
10-08 19:55:38.153 2764 2764 W CAM_ActivityUiStartup: at eus.get(Unknown Source:335)
10-08 19:55:38.153 2764 2764 W CAM_ActivityUiStartup: at pyr.get(Unknown Source:13)
10-08 19:55:38.153 2764 2764 W CAM_ActivityUiStartup: at pyq.get(Unknown Source:4)
10-08 19:55:38.153 2764 2764 W CAM_ActivityUiStartup: at btj.d(Unknown Source:15)
10-08 19:55:38.153 2764 2764 W CAM_ActivityUiStartup: at btj.a(Unknown Source:0)
10-08 19:55:38.153 2764 2764 W CAM_ActivityUiStartup: at cak.run(Unknown Source:2)
10-08 19:55:38.153 2764 2764 W CAM_ActivityUiStartup: at bwx.run(Unknown Source:82)
10-08 19:55:38.153 2764 2764 W CAM_ActivityUiStartup: at android.os.Handler.handleCallback(Handler.java:938)
10-08 19:55:38.153 2764 2764 W CAM_ActivityUiStartup: at android.os.Handler.dispatchMessage(Handler.java:99)
10-08 19:55:38.153 2764 2764 W CAM_ActivityUiStartup: at android.os.Looper.loop(Looper.java:246)
10-08 19:55:38.153 2764 2764 W CAM_ActivityUiStartup: at android.app.ActivityThread.main(ActivityThread.java:8653)
10-08 19:55:38.153 2764 2764 W CAM_ActivityUiStartup: at java.lang.reflect.Method.invoke(Native Method)
10-08 19:55:38.153 2764 2764 W CAM_ActivityUiStartup: at com.android.internal.os.RuntimeInit$MethodAndArgsCaller.run(RuntimeInit.java:602)
10-08 19:55:38.153 2764 2764 W CAM_ActivityUiStartup: at com.android.internal.os.ZygoteInit.main(ZygoteInit.java:1130)
10-08 19:55:38.153 2764 13958 W CAM_ActivityUiStartup: Interactivity failed!
10-08 19:55:38.153 2764 13958 W CAM_ActivityUiStartup: java.lang.NullPointerException: Attempt to invoke virtual method 'boolean com.google.googlex.gcam.Gcam.f()' on a null object reference
10-08 19:55:38.153 2764 13958 W CAM_ActivityUiStartup: at eat.get(Unknown Source:493)
10-08 19:55:38.153 2764 13958 W CAM_ActivityUiStartup: at pyr.get(Unknown Source:13)
10-08 19:55:38.153 2764 13958 W CAM_ActivityUiStartup: at enl.a(Unknown Source:3)
10-08 19:55:38.153 2764 13958 W CAM_ActivityUiStartup: at dsd.get(Unknown Source:30)
10-08 19:55:38.153 2764 13958 W CAM_ActivityUiStartup: at pyr.get(Unknown Source:13)
10-08 19:55:38.153 2764 13958 W CAM_ActivityUiStartup: at dvd.get(Unknown Source:175)
10-08 19:55:38.153 2764 13958 W CAM_ActivityUiStartup: at pyr.get(Unknown Source:13)
10-08 19:55:38.153 2764 13958 W CAM_ActivityUiStartup: at kbj.get(Unknown Source:73)
10-08 19:55:38.153 2764 13958 W CAM_ActivityUiStartup: at pyr.get(Unknown Source:13)
10-08 19:55:38.153 2764 13958 W CAM_ActivityUiStartup: at eus.get(Unknown Source:335)
10-08 19:55:38.153 2764 13958 W CAM_ActivityUiStartup: at pyr.get(Unknown Source:13)
10-08 19:55:38.153 2764 13958 W CAM_ActivityUiStartup: at pyq.get(Unknown Source:4)
10-08 19:55:38.153 2764 13958 W CAM_ActivityUiStartup: at btj.d(Unknown Source:15)
10-08 19:55:38.153 2764 13958 W CAM_ActivityUiStartup: at btj.a(Unknown Source:0)
10-08 19:55:38.153 2764 13958 W CAM_ActivityUiStartup: at cak.run(Unknown Source:2)
10-08 19:55:38.153 2764 13958 W CAM_ActivityUiStartup: at bwx.run(Unknown Source:82)
10-08 19:55:38.153 2764 13958 W CAM_ActivityUiStartup: at android.os.Handler.handleCallback(Handler.java:938)
10-08 19:55:38.153 2764 13958 W CAM_ActivityUiStartup: at android.os.Handler.dispatchMessage(Handler.java:99)
10-08 19:55:38.153 2764 13958 W CAM_ActivityUiStartup: at android.os.Looper.loop(Looper.java:246)
10-08 19:55:38.153 2764 13958 W CAM_ActivityUiStartup: at android.app.ActivityThread.main(ActivityThread.java:8653)
10-08 19:55:38.153 2764 13958 W CAM_ActivityUiStartup: at java.lang.reflect.Method.invoke(Native Method)
10-08 19:55:38.153 2764 13958 W CAM_ActivityUiStartup: at com.android.internal.os.RuntimeInit$MethodAndArgsCaller.run(RuntimeInit.java:602)
10-08 19:55:38.153 2764 13958 W CAM_ActivityUiStartup: at com.android.internal.os.ZygoteInit.main(ZygoteInit.java:1130)
10-08 19:55:38.160 2764 2764 D AndroidRuntime: Shutting down VM
10-08 19:55:38.160 2764 2764 E AndroidRuntime: FATAL EXCEPTION: main
10-08 19:55:38.160 2764 2764 E AndroidRuntime: Process: com.google.android.GoogleCameraEngR18F1, PID: 2764
10-08 19:55:38.160 2764 2764 E AndroidRuntime: java.lang.RuntimeException: java.lang.NullPointerException: Attempt to invoke virtual method 'boolean com.google.googlex.gcam.Gcam.f()' on a null object reference
10-08 19:55:38.160 2764 2764 E AndroidRuntime: at kqn.run(Unknown Source:9)
10-08 19:55:38.160 2764 2764 E AndroidRuntime: at bwx.run(Unknown Source:82)
10-08 19:55:38.160 2764 2764 E AndroidRuntime: at android.os.Handler.handleCallback(Handler.java:938)
10-08 19:55:38.160 2764 2764 E AndroidRuntime: at android.os.Handler.dispatchMessage(Handler.java:99)
10-08 19:55:38.160 2764 2764 E AndroidRuntime: at android.os.Looper.loop(Looper.java:246)
10-08 19:55:38.160 2764 2764 E AndroidRuntime: at android.app.ActivityThread.main(ActivityThread.java:8653)
10-08 19:55:38.160 2764 2764 E AndroidRuntime: at java.lang.reflect.Method.invoke(Native Method)
10-08 19:55:38.160 2764 2764 E AndroidRuntime: at com.android.internal.os.RuntimeInit$MethodAndArgsCaller.run(RuntimeInit.java:602)
10-08 19:55:38.160 2764 2764 E AndroidRuntime: at com.android.internal.os.ZygoteInit.main(ZygoteInit.java:1130)
10-08 19:55:38.160 2764 2764 E AndroidRuntime: Caused by: java.lang.NullPointerException: Attempt to invoke virtual method 'boolean com.google.googlex.gcam.Gcam.f()' on a null object reference
10-08 19:55:38.160 2764 2764 E AndroidRuntime: at eat.get(Unknown Source:493)
10-08 19:55:38.160 2764 2764 E AndroidRuntime: at pyr.get(Unknown Source:13)
10-08 19:55:38.160 2764 2764 E AndroidRuntime: at enl.a(Unknown Source:3)
10-08 19:55:38.160 2764 2764 E AndroidRuntime: at dsd.get(Unknown Source:30)
10-08 19:55:38.160 2764 2764 E AndroidRuntime: at pyr.get(Unknown Source:13)
10-08 19:55:38.160 2764 2764 E AndroidRuntime: at dvd.get(Unknown Source:175)
10-08 19:55:38.160 2764 2764 E AndroidRuntime: at pyr.get(Unknown Source:13)
10-08 19:55:38.160 2764 2764 E AndroidRuntime: at kbj.get(Unknown Source:73)
10-08 19:55:38.160 2764 2764 E AndroidRuntime: at pyr.get(Unknown Source:13)
10-08 19:55:38.160 2764 2764 E AndroidRuntime: at eus.get(Unknown Source:335)
10-08 19:55:38.160 2764 2764 E AndroidRuntime: at pyr.get(Unknown Source:13)
10-08 19:55:38.160 2764 2764 E AndroidRuntime: at pyq.get(Unknown Source:4)
10-08 19:55:38.160 2764 2764 E AndroidRuntime: at btj.d(Unknown Source:15)
10-08 19:55:38.160 2764 2764 E AndroidRuntime: at btj.a(Unknown Source:0)
10-08 19:55:38.160 2764 2764 E AndroidRuntime: at cak.run(Unknown Source:2)
10-08 19:55:38.160 2764 2764 E AndroidRuntime:... 8 more
10-08 19:55:38.816 2764 13873 E CAM_A : Uncaught exception in background thread
10-08 19:55:38.816 2764 13873 E CAM_A : java.lang.RuntimeException: java.lang.NullPointerException: Attempt to invoke virtual method 'boolean com.google.googlex.gcam.Gcam.f()' on a null object reference
10-08 19:55:38.816 2764 13873 E CAM_A : at lbg.run(Unknown Source:26)
10-08 19:55:38.816 2764 13873 E CAM_A : at java.util.concurrent.ThreadPoolExecutor.runWorker(ThreadPoolExecutor.java:1167)
10-08 19:55:38.816 2764 13873 E CAM_A : at java.util.concurrent.ThreadPoolExecutor$Worker.run(ThreadPoolExecutor.java:641)
10-08 19:55:38.816 2764 13873 E CAM_A : at java.lang.Thread.run(Thread.java:923)
10-08 19:55:38.816 2764 13873 E CAM_A : at lab.run(Unknown Source:5)
10-08 19:55:38.816 2764 13873 E CAM_A : Caused by: java.util.concurrent.ExecutionException: java.lang.NullPointerException: Attempt to invoke virtual method 'boolean com.google.googlex.gcam.Gcam.f()' on a null object reference
10-08 19:55:38.816 2764 13873 E CAM_A : at java.util.concurrent.FutureTask.report(FutureTask.java:123)
10-08 19:55:38.816 2764 13873 E CAM_A : at java.util.concurrent.FutureTask.get(FutureTask.java:193)
10-08 19:55:38.816 2764 13873 E CAM_A : at phe.get(Unknown Source:4)
10-08 19:55:38.816 2764 13873 E CAM_A : at lbg.run(Unknown Source:15)
10-08 19:55:38.816 2764 13873 E CAM_A :... 4 more
10-08 19:55:38.816 2764 13873 E CAM_A : Caused by: java.lang.NullPointerException: Attempt to invoke virtual method 'boolean com.google.googlex.gcam.Gcam.f()' on a null object reference
10-08 19:55:38.816 2764 13873 E CAM_A : at eat.get(Unknown Source:493)
10-08 19:55:38.816 2764 13873 E CAM_A : at pyr.get(Unknown Source:13)
10-08 19:55:38.816 2764 13873 E CAM_A : at enl.a(Unknown Source:3)
10-08 19:55:38.816 2764 13873 E CAM_A : at dsd.get(Unknown Source:30)
10-08 19:55:38.816 2764 13873 E CAM_A : at pyr.get(Unknown Source:13)
10-08 19:55:38.816 2764 13873 E CAM_A : at dvd.get(Unknown Source:175)
10-08 19:55:38.816 2764 13873 E CAM_A : at pyr.get(Unknown Source:13)
10-08 19:55:38.816 2764 13873 E CAM_A : at kbj.get(Unknown Source:73)
10-08 19:55:38.816 2764 13873 E CAM_A : at pyr.get(Unknown Source:13)
10-08 19:55:38.816 2764 13873 E CAM_A : at eus.get(Unknown Source:335)
10-08 19:55:38.816 2764 13873 E CAM_A : at pyr.get(Unknown Source:13)
10-08 19:55:38.816 2764 13873 E CAM_A : at pyq.get(Unknown Source:4)
10-08 19:55:38.816 2764 13873 E CAM_A : at pyr.get(Unknown Source:13)
10-08 19:55:38.816 2764 13873 E CAM_A : at ewe.run(Unknown Source:60)
10-08 19:55:38.816 2764 13873 E CAM_A : at dks.run(Unknown Source:13)
10-08 19:55:38.816 2764 13873 E CAM_A : at bvr.run(Unknown Source:58)
10-08 19:55:38.816 2764 13873 E CAM_A : at java.util.concurrent.Executors$RunnableAdapter.call(Executors.java:462)
10-08 19:55:38.816 2764 13873 E CAM_A : at java.util.concurrent.FutureTask.run(FutureTask.java:266)
10-08 19:55:38.816 2764 13873 E CAM_A : at java.util.concurrent.ScheduledThreadPoolExecutor$ScheduledFutureTask.run(ScheduledThreadPoolExecutor.java:301)
10-08 19:55:38.816 2764 13873 E CAM_A : at lbh.run(Unknown Source:2)
10-08 19:55:38.816 2764 13873 E CAM_A : at lbg.run(Unknown Source:0)
10-08 19:55:38.816 2764 13873 E CAM_A :... 4 more
10-08 19:55:38.817 2764 13873 E CAM_A : Uncaught exception in background thread Thread[00UiWorker,5,main]
10-08 19:55:38.817 2764 13873 E CAM_A : java.lang.RuntimeException: java.lang.NullPointerException: Attempt to invoke virtual method 'boolean com.google.googlex.gcam.Gcam.f()' on a null object reference
10-08 19:55:38.817 2764 13873 E CAM_A : at lbg.run(Unknown Source:26)
10-08 19:55:38.817 2764 13873 E CAM_A : at java.util.concurrent.ThreadPoolExecutor.runWorker(ThreadPoolExecutor.java:1167)
10-08 19:55:38.817 2764 13873 E CAM_A : at java.util.concurrent.ThreadPoolExecutor$Worker.run(ThreadPoolExecutor.java:641)
10-08 19:55:38.817 2764 13873 E CAM_A : at java.lang.Thread.run(Thread.java:923)
10-08 19:55:38.817 2764 13873 E CAM_A : at lab.run(Unknown Source:5)
10-08 19:55:38.817 2764 13873 E CAM_A : Caused by: java.util.concurrent.ExecutionException: java.lang.NullPointerException: Attempt to invoke virtual method 'boolean com.google.googlex.gcam.Gcam.f()' on a null object reference
10-08 19:55:38.817 2764 13873 E CAM_A : at java.util.concurrent.FutureTask.report(FutureTask.java:123)
10-08 19:55:38.817 2764 13873 E CAM_A : at java.util.concurrent.FutureTask.get(FutureTask.java:193)
10-08 19:55:38.817 2764 13873 E CAM_A : at phe.get(Unknown Source:4)
10-08 19:55:38.817 2764 13873 E CAM_A : at lbg.run(Unknown Source:15)
10-08 19:55:38.817 2764 13873 E CAM_A :... 4 more
10-08 19:55:38.817 2764 13873 E CAM_A : Caused by: java.lang.NullPointerException: Attempt to invoke virtual method 'boolean com.google.googlex.gcam.Gcam.f()' on a null object reference
10-08 19:55:38.817 2764 13873 E CAM_A : at eat.get(Unknown Source:493)
10-08 19:55:38.817 2764 13873 E CAM_A : at pyr.get(Unknown Source:13)
10-08 19:55:38.817 2764 13873 E CAM_A : at enl.a(Unknown Source:3)
10-08 19:55:38.817 2764 13873 E CAM_A : at dsd.get(Unknown Source:30)
10-08 19:55:38.817 2764 13873 E CAM_A : at pyr.get(Unknown Source:13)
10-08 19:55:38.817 2764 13873 E CAM_A : at dvd.get(Unknown Source:175)
10-08 19:55:38.817 2764 13873 E CAM_A : at pyr.get(Unknown Source:13)
10-08 19:55:38.817 2764 13873 E CAM_A : at kbj.get(Unknown Source:73)
10-08 19:55:38.817 2764 13873 E CAM_A : at pyr.get(Unknown Source:13)
10-08 19:55:38.817 2764 13873 E CAM_A : at eus.get(Unknown Source:335)
10-08 19:55:38.817 2764 13873 E CAM_A : at pyr.get(Unknown Source:13)
10-08 19:55:38.817 2764 13873 E CAM_A : at pyq.get(Unknown Source:4)
10-08 19:55:38.817 2764 13873 E CAM_A : at pyr.get(Unknown Source:13)
10-08 19:55:38.817 2764 13873 E CAM_A : at ewe.run(Unknown Source:60)
10-08 19:55:38.817 2764 13873 E CAM_A : at dks.run(Unknown Source:13)
10-08 19:55:38.817 2764 13873 E CAM_A : at bvr.run(Unknown Source:58)
10-08 19:55:38.817 2764 13873 E CAM_A : at java.util.concurrent.Executors$RunnableAdapter.call(Executors.java:462)
10-08 19:55:38.817 2764 13873 E CAM_A : at java.util.concurrent.FutureTask.run(FutureTask.java:266)
10-08 19:55:38.817 2764 13873 E CAM_A : at java.util.concurrent.ScheduledThreadPoolExecutor$ScheduledFutureTask.run(ScheduledThreadPoolExecutor.java:301)
10-08 19:55:38.817 2764 13873 E CAM_A : at lbh.run(Unknown Source:2)
10-08 19:55:38.817 2764 13873 E CAM_A : at lbg.run(Unknown Source:0)
10-08 19:55:38.817 2764 13873 E CAM_A :... 4 more
10-08 19:55:38.824 2764 13857 E PhenotypeFlagCommitter: Retrieving snapshot for com.google.android.apps.camera#com.google.android.GoogleCameraEngR18F1 failed
10-08 19:55:38.824 2764 13857 E PhenotypeFlagCommitter: java.util.concurrent.ExecutionException: java.lang.SecurityException: GoogleCertificatesRslt: not allowed: pkg=com.google.android.GoogleCameraEngR18F1, sha256=[a40da80a59d170caa950cf15c18c454d47a39b26989d8b640ecd745ba71bf5dc], atk=false, ver=243734022.true (go/gsrlt)
10-08 19:55:38.824 2764 13857 E PhenotypeFlagCommitter: at mip.fb(Unknown Source:27)
10-08 19:55:38.824 2764 13857 E PhenotypeFlagCommitter: at mip.cd(Unknown Source:63)
10-08 19:55:38.824 2764 13857 E PhenotypeFlagCommitter: at kuc.c(Unknown Source:12)
10-08 19:55:38.824 2764 13857 E PhenotypeFlagCommitter: at kuc.e(Unknown Source:35)
10-08 19:55:38.824 2764 13857 E PhenotypeFlagCommitter: at kuc.b(Unknown Source:1)
10-08 19:55:38.824 2764 13857 E PhenotypeFlagCommitter: at gvh.a(Unknown Source:35)
10-08 19:55:38.824 2764 13857 E PhenotypeFlagCommitter: at gvj.run(Unknown Source:9)
10-08 19:55:38.824 2764 13857 E PhenotypeFlagCommitter: at law.run(Unknown Source:2)
10-08 19:55:38.824 2764 13857 E PhenotypeFlagCommitter: at java.util.concurrent.Executors$RunnableAdapter.call(Executors.java:462)
10-08 19:55:38.824 2764 13857 E PhenotypeFlagCommitter: at pio.a(Unknown Source:2)
10-08 19:55:38.824 2764 13857 E PhenotypeFlagCommitter: at phs.run(Unknown Source:20)
10-08 19:55:38.824 2764 13857 E PhenotypeFlagCommitter: at pip.run(Unknown Source:4)
10-08 19:55:38.824 2764 13857 E PhenotypeFlagCommitter: at java.util.concurrent.Executors$RunnableAdapter.call(Executors.java:462)
10-08 19:55:38.824 2764 13857 E PhenotypeFlagCommitter: at java.util.concurrent.FutureTask.run(FutureTask.java:266)
10-08 19:55:38.824 2764 13857 E PhenotypeFlagCommitter: at java.util.concurrent.ScheduledThreadPoolExecutor$ScheduledFutureTask.run(ScheduledThreadPoolExecutor.java:301)
10-08 19:55:38.824 2764 13857 E PhenotypeFlagCommitter: at lbh.run(Unknown Source:2)
10-08 19:55:38.824 2764 13857 E PhenotypeFlagCommitter: at lbg.run(Unknown Source:0)
10-08 19:55:38.824 2764 13857 E PhenotypeFlagCommitter: at java.util.concurrent.ThreadPoolExecutor.runWorker(ThreadPoolExecutor.java:1167)
10-08 19:55:38.824 2764 13857 E PhenotypeFlagCommitter: at java.util.concurrent.ThreadPoolExecutor$Worker.run(ThreadPoolExecutor.java:641)
10-08 19:55:38.824 2764 13857 E PhenotypeFlagCommitter: at java.lang.Thread.run(Thread.java:923)
10-08 19:55:38.824 2764 13857 E PhenotypeFlagCommitter: at lab.run(Unknown Source:5)
10-08 19:55:38.824 2764 13857 E PhenotypeFlagCommitter: Caused by: java.lang.SecurityException: GoogleCertificatesRslt: not allowed: pkg=com.google.android.GoogleCameraEngR18F1, sha256=[a40da80a59d170caa950cf15c18c454d47a39b26989d8b640ecd745ba71bf5dc], atk=false, ver=243734022.true (go/gsrlt)
10-08 19:55:38.824 2764 13857 E PhenotypeFlagCommitter: at android.os.Parcel.createExceptionOrNull(Parcel.java:2385)
10-08 19:55:38.824 2764 13857 E PhenotypeFlagCommitter: at android.os.Parcel.createException(Parcel.java:2369)
10-08 19:55:38.824 2764 13857 E PhenotypeFlagCommitter: at android.os.Parcel.readException(Parcel.java:2352)
10-08 19:55:38.824 2764 13857 E PhenotypeFlagCommitter: at android.os.Parcel.readException(Parcel.java:2294)
10-08 19:55:38.824 2764 13857 E PhenotypeFlagCommitter: at bmn.z(Unknown Source:10)
10-08 19:55:38.824 2764 13857 E PhenotypeFlagCommitter: at ktz.a(Unknown Source:38)
10-08 19:55:38.824 2764 13857 E PhenotypeFlagCommitter: at kjd.f(Unknown Source:10)
10-08 19:55:38.824 2764 13857 E PhenotypeFlagCommitter: at kkc.t(Unknown Source:9)
10-08 19:55:38.824 2764 13857 E PhenotypeFlagCommitter: at kkc.u(Unknown Source:22)
10-08 19:55:38.824 2764 13857 E PhenotypeFlagCommitter: at kkc.e(Unknown Source:15)
10-08 19:55:38.824 2764 13857 E PhenotypeFlagCommitter: at kkg.handleMessage(Unknown Source:920)
10-08 19:55:38.824 2764 13857 E PhenotypeFlagCommitter: at android.os.Handler.dispatchMessage(Handler.java:102)
10-08 19:55:38.824 2764 13857 E PhenotypeFlagCommitter: at ksg.b(Unknown Source:0)
10-08 19:55:38.824 2764 13857 E PhenotypeFlagCommitter: at ksg.dispatchMessage(Unknown Source:0)
10-08 19:55:38.824 2764 13857 E PhenotypeFlagCommitter: at android.os.Looper.loop(Looper.java:246)
10-08 19:55:38.824 2764 13857 E PhenotypeFlagCommitter: at android.os.HandlerThread.run(HandlerThread.java:67)
10-08 19:55:38.941 2764 2764 I Process : Sending signal. PID: 2764 SIG: 9