com.accarunit.beauty.camera.videocall_logcat.txt
Document Details
Uploaded by NobleMoldavite9683
Full Transcript
--------- beginning of main
10-16 09:40:54.497 17654 17654 W libc : Access denied finding property "ro.vendor.df.effect.conflict"
10-16 09:40:54.510 17654 17654 D IS_CTS_MODE: false
10-16 09:40:54.510 17654 17654 D MULTI_WINDOW_ENABLED: false
10-16 09:40:54.514 17654 17654 D DecorView[]: getWindo...
--------- beginning of main
10-16 09:40:54.497 17654 17654 W libc : Access denied finding property "ro.vendor.df.effect.conflict"
10-16 09:40:54.510 17654 17654 D IS_CTS_MODE: false
10-16 09:40:54.510 17654 17654 D MULTI_WINDOW_ENABLED: false
10-16 09:40:54.514 17654 17654 D DecorView[]: getWindowModeFromSystem windowmode is 1
10-16 09:40:54.537 17654 17699 I FA : Tag Manager is not found and thus will not be used
10-16 09:40:54.546 17654 17654 I MSYNC3-VariableRefreshRate: Variable refreshrate is disabled
10-16 09:40:54.546 17654 17729 I PowerHalWrapper: PowerHalWrapper.getInstance
10-16 09:40:54.553 17654 17654 I SurfaceFactory: [static] sSurfaceFactory = com.mediatek.view.impl.SurfaceFactoryImpl@ad05a1
10-16 09:40:54.556 17654 17654 W libc : Access denied finding property "ro.vendor.audio.cloudctrl"
10-16 09:40:54.562 17654 17701 W libc : Access denied finding property "ro.vendor.display.iris_x7.support"
10-16 09:40:54.565 17654 17654 D VRI[SplashActivity]: hardware acceleration = true, forceHwAccelerated = false
10-16 09:40:54.567 17654 17654 D DecorView[]: getWindowModeFromSystem windowmode is 1
10-16 09:40:54.567 17654 17654 D DecorView[]: updateDecorCaptionStatus windowMode is 1
10-16 09:40:54.574 17654 17654 D libMEOW : meow new tls: 0xb4000071ceb47b80
10-16 09:40:54.574 17654 17654 D libMEOW : applied 1 plugins for [com.accarunit.beauty.camera.videocall]:
10-16 09:40:54.574 17654 17654 D libMEOW : plugin 1: [libMEOW_gift.so]: 0xb400007247852ec0
10-16 09:40:54.575 17654 17654 D libMEOW : rebuild call chain: 0xb4000071ceb562c0 --------- beginning of system
10-16 09:40:54.576 17654 17654 W Looper : PerfMonitor looperActivity : package=com.accarunit.beauty.camera.videocall/com.lightcone.beautycam.activity.SplashActivity time=0ms latency=488ms procState=-1 historyMsgCount=3
10-16 09:40:54.581 17654 17654 D FramePredict: FramePredict init: true
10-16 09:40:54.586 17654 17654 D DecorView[SplashActivity]: getWindowModeFromSystem windowmode is 1
10-16 09:40:54.586 17654 17654 D DecorView[SplashActivity]: updateDecorCaptionStatus windowMode is 1
10-16 09:40:54.596 17654 17654 D BufferQueueConsumer: [](id:44f600000000,api:0,p:-1,c:17654) connect: controlledByApp=false
10-16 09:40:54.602 17654 17701 D libMEOW : meow new tls: 0xb4000071ceb66080
10-16 09:40:54.602 17654 17701 D libMEOW : applied 1 plugins for [com.accarunit.beauty.camera.videocall]:
10-16 09:40:54.602 17654 17701 D libMEOW : plugin 1: [libMEOW_gift.so]: 0xb400007247852ec0
10-16 09:40:54.603 17654 17701 D libMEOW : rebuild call chain: 0xb4000071ceb7ee80
10-16 09:40:54.604 17654 17654 D VRI[SplashActivity]: vri.reportNextDraw android.view.ViewRootImpl.performTraversals:3916 android.view.ViewRootImpl.doTraversal:2651 android.view.ViewRootImpl$TraversalRunnable.run:9819 android.view.Choreographer$CallbackRecord.run:1429 android.view.Choreographer$CallbackRecord.run:1437
10-16 09:40:54.604 17654 17654 D VRI[SplashActivity]: vri.Setup new sync id=0 syncSeqId=0
10-16 09:40:54.609 17654 17701 E OpenGLRenderer: Device claims wide gamut support, cannot find matching config, error = EGL_SUCCESS
10-16 09:40:54.610 17654 17701 W OpenGLRenderer: Failed to initialize 101010-2 format, error = EGL_SUCCESS
10-16 09:40:54.613 17654 17701 W libc : Access denied finding property "vendor.migl.debug"
10-16 09:40:54.613 17654 17701 E libMiGL : libmigl:This GPU version is note support Variable Shading Rate
10-16 09:40:54.617 17654 17701 E libEGL : pre_cache appList: ,,
10-16 09:40:54.628 17654 17701 W FramePredict: "FramePredict won 't run in other process: com.accarunit.beauty.camera.videocall"
10-16 09:40:54.630 17654 17701 D amera.videocall: MiuiProcessManagerServiceStub setSchedFifo
10-16 09:40:54.630 17654 17701 I MiuiProcessManagerImpl: setSchedFifo pid:17654, mode:3
10-16 09:40:54.631 17654 17701 W libc : Access denied finding property "ro.vendor.magt.mtk_magt_support"
10-16 09:40:54.631 17654 17701 D hw-ProcessState: Binder ioctl to enable oneway spam detection failed: Invalid argument
10-16 09:40:54.636 17654 17701 W libc : Access denied finding property "ro.vendor.display.iris_x7.support"
10-16 09:40:54.665 17654 17701 E amera.videocall: DF open fail: No such file or directory
10-16 09:40:54.667 17654 17701 W amera.videocall: remote service is not exist
10-16 09:40:54.668 17654 17701 W libc : Access denied finding property "ro.vendor.display.iris_x7.support"
10-16 09:40:54.668 17654 17701 W libc : Access denied finding property "ro.vendor.display.iris_x7.support"
10-16 09:40:54.668 17654 17701 D BLASTBufferQueue: [VRI[SplashActivity]#0](f:0,a:1) acquireNextBufferLocked size=720x1600 mFrameNumber=1 applyTransaction=true mTimestamp=16939045061009(auto) mPendingTransactions.size=0 graphicBufferId=75823352643585 transform=0
10-16 09:40:54.671 17654 17701 W Parcel : Expecting binder but got null!
10-16 09:40:54.672 17654 17654 D VRI[SplashActivity]: vri.reportDrawFinished syncSeqId=0 android.view.ViewRootImpl.lambda$createSyncIfNeeded$4$android-view-ViewRootImpl:3984 android.view.ViewRootImpl$$ExternalSyntheticLambda1.run:6 android.os.Handler.handleCallback:942 android.os.Handler.dispatchMessage:99 android.os.Looper.loopOnce:211
10-16 09:40:54.681 17654 17654 D VRI[SplashActivity]: vri.reportNextDraw android.view.ViewRootImpl.handleResized:2024 android.view.ViewRootImpl.-$$Nest$mhandleResized:0 android.view.ViewRootImpl$ViewRootHandler.handleMessageImpl:6069 android.view.ViewRootImpl$ViewRootHandler.handleMessage:6033 android.os.Handler.dispatchMessage:106
10-16 09:40:54.697 17654 17654 D VRI[SplashActivity]: vri.Setup new sync id=1 syncSeqId=0
10-16 09:40:54.698 17654 17654 D VRI[SplashActivity]: vri.reportDrawFinished syncSeqId=0 android.view.ViewRootImpl.lambda$createSyncIfNeeded$4$android-view-ViewRootImpl:3984 android.view.ViewRootImpl$$ExternalSyntheticLambda1.run:6 android.os.Handler.handleCallback:942 android.os.Handler.dispatchMessage:99 android.os.Looper.loopOnce:211
10-16 09:40:54.704 17654 17654 D DecorView[SplashActivity]: onWindowFocusChanged hasWindowFocus true
10-16 09:40:54.705 17654 17654 I HandWritingStubImpl: refreshLastKeyboardType: 1
10-16 09:40:54.705 17654 17654 I HandWritingStubImpl: getCurrentKeyboardType: 1
10-16 09:40:54.719 17654 17654 I HandWritingStubImpl: getCurrentKeyboardType: 1
10-16 09:40:54.734 17654 17703 D TrafficStats: tagSocket(118) with statsTag=0xffffffff, statsUid=-1
10-16 09:40:54.734 17654 17709 D TrafficStats: tagSocket(128) with statsTag=0xffffffff, statsUid=-1
10-16 09:40:54.735 17654 17692 D TrafficStats: tagSocket(129) with statsTag=0xffffffff, statsUid=-1
10-16 09:40:55.725 17654 17709 E ConfigManager: loadServerConfig:
10-16 09:40:55.725 17654 17709 E ConfigManager: com.fasterxml.jackson.core.JsonParseException: Unexpected character (' setScreenProjection
10-16 09:40:59.343 17654 17654 D SurfaceControl: nativeSetScreenProjection ===> setScreenProjection
10-16 09:40:59.343 17654 17654 D SurfaceControl: nativeSetScreenProjection ===> setScreenProjection
10-16 09:40:59.343 17654 17837 D GLCore : EGLContext created, client version 2
10-16 09:40:59.345 17654 17837 D GLCore : EGLContext created, client version 3
10-16 09:40:59.350 17654 17837 D BufferQueueConsumer: [](id:44f600000005,api:0,p:-1,c:17654) connect: controlledByApp=true
10-16 09:40:59.350 17654 17654 D VRI[BeautyCameraActivity]: vri.reportDrawFinished syncSeqId=0 android.view.ViewRootImpl.lambda$createSyncIfNeeded$4$android-view-ViewRootImpl:3984 android.view.ViewRootImpl$$ExternalSyntheticLambda1.run:6 android.os.Handler.handleCallback:942 android.os.Handler.dispatchMessage:99 android.os.Looper.loopOnce:211
10-16 09:40:59.351 17654 17654 D DecorView[BeautyCameraActivity]: onWindowFocusChanged hasWindowFocus true
10-16 09:40:59.352 17654 17654 I HandWritingStubImpl: refreshLastKeyboardType: 1
10-16 09:40:59.352 17654 17654 I HandWritingStubImpl: getCurrentKeyboardType: 1
10-16 09:40:59.357 17654 17654 I [LiveEventBus]: post: com.lightcone.beautycam.viewmodel.event.FavoriteEffectListUpdateEvent@15ee137 with key: class com.lightcone.beautycam.viewmodel.event.FavoriteEffectListUpdateEvent
10-16 09:40:59.357 17654 17654 I [LiveEventBus]: broadcast: com.lightcone.beautycam.viewmodel.event.EffectIntensityUpdateEvent@a0f8c0d foreground: false with key: class com.lightcone.beautycam.viewmodel.event.EffectIntensityUpdateEvent
10-16 09:40:59.359 17654 17654 I [LiveEventBus]: broadcast: com.lightcone.beautycam.viewmodel.event.FilterIntensityUpdateEvent@8b659d3 foreground: false with key: class com.lightcone.beautycam.viewmodel.event.FilterIntensityUpdateEvent
10-16 09:40:59.361 17654 17654 I [LiveEventBus]: broadcast: com.lightcone.beautycam.viewmodel.event.BeautyIntensityUpdateEvent@602c02f foreground: false with key: class com.lightcone.beautycam.viewmodel.event.BeautyIntensityUpdateEvent
10-16 09:40:59.364 17654 17654 I [LiveEventBus]: broadcast: com.lightcone.beautycam.viewmodel.event.ShapeIntensityUpdateEvent@d05304b foreground: false with key: class com.lightcone.beautycam.viewmodel.event.ShapeIntensityUpdateEvent
10-16 09:40:59.368 17654 17654 I [LiveEventBus]: post: com.lightcone.beautycam.viewmodel.event.SelectedShapeEvent@f800341 with key: class com.lightcone.beautycam.viewmodel.event.SelectedShapeEvent
10-16 09:40:59.368 17654 17654 I [LiveEventBus]: message received: com.lightcone.beautycam.viewmodel.event.SelectedShapeEvent@f800341
10-16 09:40:59.368 17654 17654 I [LiveEventBus]: broadcast: com.lightcone.beautycam.viewmodel.event.SelectedShapeEvent@2748627 foreground: false with key: class com.lightcone.beautycam.viewmodel.event.SelectedShapeEvent
10-16 09:40:59.368 17654 17839 I CameraManagerGlobal: Connecting to camera service
10-16 09:40:59.370 17654 17654 I [LiveEventBus]: broadcast: com.lightcone.beautycam.viewmodel.event.ShapeModeUpdateEvent@5a730d4 foreground: false with key: class com.lightcone.beautycam.viewmodel.event.ShapeModeUpdateEvent
10-16 09:40:59.374 17654 17839 D CameraExtStub: init android.hardware.camera2.impl.CameraExtImplXiaoMi
10-16 09:40:59.374 17654 17654 I [LiveEventBus]: post: com.lightcone.beautycam.viewmodel.event.EffectIntensityUpdateEvent@6f6a572 with key: class com.lightcone.beautycam.viewmodel.event.EffectIntensityUpdateEvent
10-16 09:40:59.375 17654 17654 I [LiveEventBus]: post: com.lightcone.beautycam.viewmodel.event.FilterIntensityUpdateEvent@4b08640 with key: class com.lightcone.beautycam.viewmodel.event.FilterIntensityUpdateEvent
10-16 09:40:59.376 17654 17839 D CameraInjector: waitForResult:
10-16 09:40:59.376 17654 17841 D CameraInjector: updateCloudCameraControllerInfoAsync: E
10-16 09:40:59.377 17654 17654 I [LiveEventBus]: post: com.lightcone.beautycam.viewmodel.event.BeautyIntensityUpdateEvent@585a6be with key: class com.lightcone.beautycam.viewmodel.event.BeautyIntensityUpdateEvent
10-16 09:40:59.378 17654 17654 I [LiveEventBus]: post: com.lightcone.beautycam.viewmodel.event.ShapeIntensityUpdateEvent@e37c66c with key: class com.lightcone.beautycam.viewmodel.event.ShapeIntensityUpdateEvent
10-16 09:40:59.378 17654 17654 I [LiveEventBus]: post: com.lightcone.beautycam.viewmodel.event.SelectedShapeEvent@e7170ca with key: class com.lightcone.beautycam.viewmodel.event.SelectedShapeEvent
10-16 09:40:59.378 17654 17654 I [LiveEventBus]: message received: com.lightcone.beautycam.viewmodel.event.SelectedShapeEvent@e7170ca
10-16 09:40:59.379 17654 17654 I [LiveEventBus]: post: com.lightcone.beautycam.viewmodel.event.ShapeModeUpdateEvent@210dd58 with key: class com.lightcone.beautycam.viewmodel.event.ShapeModeUpdateEvent
10-16 09:40:59.410 17654 17841 D CameraInjector: updateCloudCameraControllerInfoAsync: X
10-16 09:40:59.411 17654 17839 W libc : Access denied finding property "vendor.camera.aux.packagelist"
10-16 09:40:59.411 17654 17839 W CameraManagerGlobal: [soar.cts] ignore the status update of camera: 2
10-16 09:40:59.411 17654 17839 D CameraInjector: updateCloudCameraControllerInfoAsync: has aleardy start update task.
10-16 09:40:59.411 17654 17839 D CameraInjector: waitForResult:
10-16 09:40:59.411 17654 17839 W libc : Access denied finding property "vendor.camera.aux.packagelist"
10-16 09:40:59.412 17654 17806 D CameraInjector: updateCloudCameraControllerInfoAsync: has aleardy start update task.
10-16 09:40:59.412 17654 17806 D CameraInjector: waitForResult:
10-16 09:40:59.412 17654 17806 W libc : Access denied finding property "vendor.camera.aux.packagelist"
10-16 09:40:59.412 17654 17806 W CameraManagerGlobal: ignore the torch status update of camera: 2
10-16 09:40:59.420 17654 17839 D CameraRepository: Added camera: 0
10-16 09:40:59.426 17654 17839 I Camera2CameraInfo: Device Level: INFO_SUPPORTED_HARDWARE_LEVEL_FULL
10-16 09:40:59.427 17654 17839 D CameraRepository: Added camera: 1
10-16 09:40:59.427 17654 17839 I Camera2CameraInfo: Device Level: INFO_SUPPORTED_HARDWARE_LEVEL_3
10-16 09:40:59.428 17654 17842 D UseCaseAttachState: Active and attached use case: [] for camera: 0
10-16 09:40:59.428 17654 17842 D UseCaseAttachState: Active and attached use case: [] for camera: 1
10-16 09:40:59.429 17654 17654 I [LiveEventBus]: observe sticky forever observer: com.jeremyliao.liveeventbus.core.LiveEventBusCore$ObserverWrapper@d874a46(d.c.d.q.g@49c3621) with key: class com.lightcone.beautycam.viewmodel.event.SelectedFilterEvent
10-16 09:40:59.429 17654 17654 I [LiveEventBus]: message received: com.lightcone.beautycam.viewmodel.event.DisableRenderEvent@b887b1b
10-16 09:40:59.429 17654 17654 I [LiveEventBus]: observe sticky forever observer: com.jeremyliao.liveeventbus.core.LiveEventBusCore$ObserverWrapper@f53a934(d.c.d.q.j@3602407) with key: class com.lightcone.beautycam.viewmodel.event.DisableRenderEvent
10-16 09:40:59.429 17654 17654 I [LiveEventBus]: observe sticky forever observer: com.jeremyliao.liveeventbus.core.LiveEventBusCore$ObserverWrapper@bddc4d2(d.c.d.q.e@665135d) with key: class com.lightcone.beautycam.viewmodel.event.SelectedEffectEvent
10-16 09:40:59.429 17654 17654 I [LiveEventBus]: message received: com.lightcone.beautycam.viewmodel.event.FilterIntensityUpdateEvent@4b08640
10-16 09:40:59.429 17654 17654 I [LiveEventBus]: observe sticky forever observer: com.jeremyliao.liveeventbus.core.LiveEventBusCore$ObserverWrapper@b1c24a0(d.c.d.q.l@bd0f9a3) with key: class com.lightcone.beautycam.viewmodel.event.FilterIntensityUpdateEvent
10-16 09:40:59.429 17654 17654 I [LiveEventBus]: message received: com.lightcone.beautycam.viewmodel.event.ShapeModeUpdateEvent@210dd58
10-16 09:40:59.430 17654 17654 I [LiveEventBus]: observe sticky forever observer: com.jeremyliao.liveeventbus.core.LiveEventBusCore$ObserverWrapper@daf5c1e(d.c.d.q.i@1e48859) with key: class com.lightcone.beautycam.viewmodel.event.ShapeModeUpdateEvent
10-16 09:40:59.430 17654 17654 I [LiveEventBus]: message received: com.lightcone.beautycam.viewmodel.event.ShapeIntensityUpdateEvent@e37c66c
10-16 09:40:59.430 17654 17654 I [LiveEventBus]: observe sticky forever observer: com.jeremyliao.liveeventbus.core.LiveEventBusCore$ObserverWrapper@52eeacc(d.c.d.q.m@eef8cff) with key: class com.lightcone.beautycam.viewmodel.event.ShapeIntensityUpdateEvent
10-16 09:40:59.430 17654 17654 I [LiveEventBus]: message received: com.lightcone.beautycam.viewmodel.event.BeautyIntensityUpdateEvent@585a6be
10-16 09:40:59.430 17654 17654 I [LiveEventBus]: observe sticky forever observer: com.jeremyliao.liveeventbus.core.LiveEventBusCore$ObserverWrapper@a711c2a(d.c.d.q.h@64c5115) with key: class com.lightcone.beautycam.viewmodel.event.BeautyIntensityUpdateEvent
10-16 09:40:59.430 17654 17654 I [LiveEventBus]: message received: com.lightcone.beautycam.viewmodel.event.EffectIntensityUpdateEvent@6f6a572
10-16 09:40:59.430 17654 17654 I [LiveEventBus]: observe sticky forever observer: com.jeremyliao.liveeventbus.core.LiveEventBusCore$ObserverWrapper@dc5e7b8(d.c.d.q.k@b39fa1b) with key: class com.lightcone.beautycam.viewmodel.event.EffectIntensityUpdateEvent
10-16 09:40:59.432 17654 17837 I GLContextOP: EGLEnv config success.
10-16 09:40:59.432 17654 17654 I [LiveEventBus]: observe forever observer: com.jeremyliao.liveeventbus.core.LiveEventBusCore$ObserverWrapper@ccdc764(d.c.d.q.f@ef41cf7) with key: class com.lightcone.beautycam.viewmodel.event.ViewPortChangeEvent
10-16 09:40:59.432 17654 17654 I [LiveEventBus]: broadcast: com.lightcone.beautycam.viewmodel.event.ViewPortChangeEvent@1b68dcd foreground: false with key: class com.lightcone.beautycam.viewmodel.event.ViewPortChangeEvent
10-16 09:40:59.436 17654 17837 E libEGL : pre_cache appList: ,,
10-16 09:40:59.460 17654 17654 D DeferrableSurface: Surface created[total_surfaces=1, used_surfaces=0](androidx.camera.core.SurfaceRequest$2@fbbfdf5}
10-16 09:40:59.462 17654 17654 D CameraOrientationUtil: getRelativeImageRotation: destRotationDegrees=0, sourceRotationDegrees=270, isOppositeFacing=false, result=270
10-16 09:40:59.464 17654 17654 D BufferQueueConsumer: [](id:44f600000006,api:0,p:-1,c:17654) connect: controlledByApp=true
10-16 09:40:59.466 17654 17654 D DeferrableSurface: Surface created[total_surfaces=2, used_surfaces=0](androidx.camera.core.impl.ImmediateSurface@60fa218}
10-16 09:40:59.467 17654 17839 D Camera2CameraImpl: {Camera@a3bf4a5[id=1]} Use case ImageCapture:androidx.camera.core.ImageCapture-f0bf2dd7-4915-458e-b9b4-97a62b334a22 ACTIVE
10-16 09:40:59.467 17654 17839 D UseCaseAttachState: Active and attached use case: [] for camera: 1
10-16 09:40:59.468 17654 17839 D Camera2CameraImpl: {Camera@a3bf4a5[id=1]} Use case Preview:androidx.camera.core.Preview-abf1d29c-387c-4d6a-8673-e219ed4fe84e ACTIVE
10-16 09:40:59.468 17654 17654 I [LiveEventBus]: broadcast: com.lightcone.beautycam.viewmodel.event.BeautyIntensityUpdateEvent@b68c7c4 foreground: false with key: class com.lightcone.beautycam.viewmodel.event.BeautyIntensityUpdateEvent
10-16 09:40:59.468 17654 17839 D UseCaseAttachState: Active and attached use case: [] for camera: 1
10-16 09:40:59.468 17654 17839 D Camera2CameraImpl: {Camera@a3bf4a5[id=1]} Use case ImageCapture:androidx.camera.core.ImageCapture-f0bf2dd7-4915-458e-b9b4-97a62b334a22 ACTIVE
10-16 09:40:59.468 17654 17839 D UseCaseAttachState: Active and attached use case: [] for camera: 1
10-16 09:40:59.469 17654 17839 D UseCaseAttachState: Active and attached use case: [] for camera: 1
10-16 09:40:59.470 17654 17654 I [LiveEventBus]: broadcast: com.lightcone.beautycam.viewmodel.event.ShapeIntensityUpdateEvent@5815573 foreground: false with key: class com.lightcone.beautycam.viewmodel.event.ShapeIntensityUpdateEvent
10-16 09:40:59.470 17654 17839 D Camera2CameraImpl: {Camera@a3bf4a5[id=1]} Use cases [Preview:androidx.camera.core.Preview-abf1d29c-387c-4d6a-8673-e219ed4fe84e, ImageCapture:androidx.camera.core.ImageCapture-f0bf2dd7-4915-458e-b9b4-97a62b334a22] now ATTACHED
10-16 09:40:59.471 17654 17839 D UseCaseAttachState: All use case: [androidx.camera.core.ImageCapture-f0bf2dd7-4915-458e-b9b4-97a62b334a2228926886, androidx.camera.core.Preview-abf1d29c-387c-4d6a-8673-e219ed4fe84e743681] for camera: 1
10-16 09:40:59.471 17654 17839 D Camera2CameraImpl: mMeteringRepeating is ATTACHED, SessionConfig Surfaces: 2, CaptureConfig Surfaces: 1
10-16 09:40:59.471 17654 17839 D UseCaseAttachState: Active and attached use case: [androidx.camera.core.ImageCapture-f0bf2dd7-4915-458e-b9b4-97a62b334a2228926886, androidx.camera.core.Preview-abf1d29c-387c-4d6a-8673-e219ed4fe84e743681] for camera: 1
10-16 09:40:59.472 17654 17839 D Camera2CameraImpl: {Camera@a3bf4a5[id=1]} Resetting Capture Session
10-16 09:40:59.472 17654 17839 D Camera2CameraImpl: {Camera@a3bf4a5[id=1]} Releasing session in state INITIALIZED
10-16 09:40:59.472 17654 17654 I [LiveEventBus]: broadcast: com.lightcone.beautycam.viewmodel.event.ShapeModeUpdateEvent@c1550a9 foreground: false with key: class com.lightcone.beautycam.viewmodel.event.ShapeModeUpdateEvent
10-16 09:40:59.472 17654 17839 D CameraStateRegistry: tryOpenCamera(Camera@a3bf4a5[id=1]) [Available Cameras: 1, Already Open: false (Previous state: null)] --> SUCCESS
10-16 09:40:59.472 17654 17839 D CameraStateRegistry: Recalculating open cameras:
10-16 09:40:59.472 17654 17839 D CameraStateRegistry: Camera State
10-16 09:40:59.472 17654 17839 D CameraStateRegistry: -------------------------------------------------------------------
10-16 09:40:59.472 17654 17839 D CameraStateRegistry: Camera@f11ff70[id=0] UNKNOWN
10-16 09:40:59.472 17654 17839 D CameraStateRegistry: Camera@a3bf4a5[id=1] OPENING
10-16 09:40:59.472 17654 17839 D CameraStateRegistry: -------------------------------------------------------------------
10-16 09:40:59.472 17654 17839 D CameraStateRegistry: Open count: 1 (Max allowed: 1)
10-16 09:40:59.473 17654 17839 D Camera2CameraImpl: {Camera@a3bf4a5[id=1]} Transitioning camera internal state: INITIALIZED --> OPENING
10-16 09:40:59.473 17654 17839 D Camera2CameraImpl: {Camera@a3bf4a5[id=1]} Opening camera.
10-16 09:40:59.473 17654 17839 D UseCaseAttachState: All use case: [androidx.camera.core.ImageCapture-f0bf2dd7-4915-458e-b9b4-97a62b334a2228926886, androidx.camera.core.Preview-abf1d29c-387c-4d6a-8673-e219ed4fe84e743681] for camera: 1
10-16 09:40:59.474 17654 17654 I [LiveEventBus]: post: com.lightcone.beautycam.viewmodel.event.ViewPortChangeEvent@811d5cf with key: class com.lightcone.beautycam.viewmodel.event.ViewPortChangeEvent
10-16 09:40:59.474 17654 17654 I [LiveEventBus]: message received: com.lightcone.beautycam.viewmodel.event.ViewPortChangeEvent@811d5cf
10-16 09:40:59.476 17654 17843 D CameraXController: camerax size=960x720
10-16 09:40:59.476 17654 17654 I [LiveEventBus]: post: com.lightcone.beautycam.viewmodel.event.BeautyIntensityUpdateEvent@6056be1 with key: class com.lightcone.beautycam.viewmodel.event.BeautyIntensityUpdateEvent
10-16 09:40:59.476 17654 17654 I [LiveEventBus]: message received: com.lightcone.beautycam.viewmodel.event.BeautyIntensityUpdateEvent@6056be1
10-16 09:40:59.477 17654 17654 I [LiveEventBus]: post: com.lightcone.beautycam.viewmodel.event.ShapeIntensityUpdateEvent@55cafc7 with key: class com.lightcone.beautycam.viewmodel.event.ShapeIntensityUpdateEvent
10-16 09:40:59.477 17654 17654 I [LiveEventBus]: message received: com.lightcone.beautycam.viewmodel.event.ShapeIntensityUpdateEvent@55cafc7
10-16 09:40:59.477 17654 17654 I [LiveEventBus]: post: com.lightcone.beautycam.viewmodel.event.ShapeModeUpdateEvent@6cd9392 with key: class com.lightcone.beautycam.viewmodel.event.ShapeModeUpdateEvent
10-16 09:40:59.477 17654 17654 I [LiveEventBus]: message received: com.lightcone.beautycam.viewmodel.event.ShapeModeUpdateEvent@6cd9392
10-16 09:40:59.477 17654 17839 W libc : Access denied finding property "persist.vendor.camera.privapp.list"
10-16 09:40:59.477 17654 17839 D CameraExtImplXiaoMi: initCameraDevice: 1
10-16 09:40:59.488 17654 17839 D MiuiMultiWindowUtils: freeform resolution args raw data:{ "xun": { "freeform_args": { "vertical_portrait":{"aspect_ratio":0.5625, "original_ratio":0.5,"original_scale":0.6133,"top_margin":0.049,"left_margin":0.2775}, "horizontal_portrait":{"aspect_ratio":0.5625, "original_ratio":0.5,"original_scale":0.6133,"top_margin":-1,"left_margin":0.6525}, "vertical_landscape":{"aspect_ratio":-1, "original_ratio":1,"original_scale":0.468,"top_margin":0.049,"left_margin":-1}, "horizontal_landscape":{"aspect_ratio":-1, "original_ratio":1,"original_scale":0.468,"top_margin":-1,"left_margin":0.4976} }, "mini_freeform_args":{ "vertical_portrait":{"aspect_ratio":0.5625, "original_ratio":0.1917}, "horizontal_portrait":{"aspect_ratio":0.5625, "original_ratio":0.1917}, "vertical_landscape":{"aspect_ratio":-1, "original_ratio":0.2667}, "horizontal_landscape":{"aspect_ratio":-1, "original_ratio":0.2667} } }, "yudi": { "freeform_args": { "vertical_portrait":{"aspect_ratio":0.5625, "original_ratio":0.3334,"original_scale":0.835,"top_margin":0.049,"left_margin":0.2775}, "horizontal_portrait":{"aspect_ratio":0.5625, "original_ratio":0.3334,"original_scale":0.835,"top_margin":-1,"left_margin":0.6525}, "vertical_landscape":{"aspect_ratio":-1, "original_ratio":1,"original_scale":0.468,"top_margin":0.049,"left_margin":-1}, "horizontal_landscape":{"aspect_ratio":-1, "original_ratio":1,"original_scale":0.468,"top_margin":-1,"left_margin":0.4976} }, "mini_freeform_args":{ "vertical_portrait":{"aspect_ratio":0.5625, "original_ratio":0.1278}, "horizontal_portrait":{"aspect_ratio":0.5625, "original_ratio":0.1278}, "vertical_landscape":{"aspect_ratio":-1, "original_ratio":0.1778}, "horizontal_landscape":{"aspect_ratio":-1, "original_ratio":0.1778} } }, "liuqin": { "freeform_args": { "vertical_portrait":{"aspect_ratio":0.5625, "original_ratio":0.3334,"original_scale":0.835,"top_margin":0.049,"left_margin":0.2775}, "horizontal_portrait":{"aspect_ratio":0.5625, "original_ratio":0.3334,"original_scale":0.835,"top_margin":-1,"left_margin":0.6525}, "vertical_landscape":{"aspect_ratio":-1, "original_ratio":1,"original_scale":0.468,"top_margin":0.049,"left_margin":-1}, "horizontal_landscape":{"aspect_ratio":-1, "original_ratio":1,"original_scale":0.468,"top_margin":-1,"left_margin":0.4976} }, "mini_freeform_args":{ "vertical_portrait":{"aspect_ratio":0.5625, "original_ratio":0.1278}, "horizontal_portrait":{"aspect_ratio":0.5625, "original_ratio":0.1278}, "vertical_landscape":{"aspect_ratio":-1, "original_ratio":0.1778}, "horizontal_landscape":{"aspect_ratio":-1, "original_ratio":0.1778} } }, "pipa": { "freeform_args": { "vertical_portrait":{"aspect_ratio":0.5625, "original_ratio":0.3334,"original_scale":0.835,"top_margin":0.049,"left_margin":0.2775}, "horizontal_portrait":{"aspect_ratio":0.5625, "original_ratio":0.3334,"original_scale":0.835,"top_margin":-1,"left_margin":0.6525}, "vertical_landscape":{"aspect_ratio":-1, "original_ratio":1,"original_scale":0.468,"top_margin":0.049,"left_margin":-1}, "horizontal_landscape":{"aspect_ratio":-1, "original_ratio":1,"original_scale":0.468,"top_margin":-1,"left_margin":0.4976} }, "mini_freeform_args":{ "vertical_portrait":{"aspect_ratio":0.5625, "original_ratio":0.1278}, "horizontal_portrait":{"aspect_ratio":0.5625, "original_ratio":0.1278}, "vertical_landscape":{"aspect_ratio":-1, "original_ratio":0.1778}, "horizontal_landscape":{"aspect_ratio":-1, "original_ratio":0.1778} } }, "yunluo": { "freeform_args": { "vertical_portrait":{"aspect_ratio":0.5625, "original_ratio":0.48,"original_scale":0.6133,"top_margin":0.049,"left_margin":0.2775}, "horizontal_portrait":{"aspect_ratio":0.5625, "original_ratio":0.48,"original_scale":0.6133,"top_margin":-1,"left_margin":0.6525}, "vertical_landscape":{"aspect_ratio":-1, "original_ratio":1,"original_scale":0.468,"top_margin":0
10-16 09:40:59.490 17654 17839 E MiuiMultiWindowUtils: initFreeFormResolutionArgs failed, device is gale
10-16 09:40:59.491 17654 17839 D IS_CTS_MODE: false
10-16 09:40:59.491 17654 17839 D MULTI_WINDOW_SWITCH_ENABLED: false
10-16 09:40:59.496 17654 17839 I CameraManager: Open camera top activityName is com.lightcone.beautycam.activity.BeautyCameraActivity
10-16 09:40:59.518 17654 17845 W libc : Access denied finding property "ro.hardware.chipname"
10-16 09:40:59.526 17654 17839 D Camera2CameraImpl: {Camera@a3bf4a5[id=1]} Use case Preview:androidx.camera.core.Preview-abf1d29c-387c-4d6a-8673-e219ed4fe84e ACTIVE
10-16 09:40:59.527 17654 17839 D UseCaseAttachState: Active and attached use case: [androidx.camera.core.ImageCapture-f0bf2dd7-4915-458e-b9b4-97a62b334a2228926886, androidx.camera.core.Preview-abf1d29c-387c-4d6a-8673-e219ed4fe84e743681] for camera: 1
10-16 09:40:59.528 17654 17839 D Camera2CameraImpl: {Camera@a3bf4a5[id=1]} Use case ImageCapture:androidx.camera.core.ImageCapture-f0bf2dd7-4915-458e-b9b4-97a62b334a22 ACTIVE
10-16 09:40:59.528 17654 17839 D UseCaseAttachState: Active and attached use case: [androidx.camera.core.ImageCapture-f0bf2dd7-4915-458e-b9b4-97a62b334a2228926886, androidx.camera.core.Preview-abf1d29c-387c-4d6a-8673-e219ed4fe84e743681] for camera: 1
10-16 09:40:59.528 17654 17839 D Camera2CameraImpl: {Camera@a3bf4a5[id=1]} CameraDevice.onOpened()
10-16 09:40:59.532 17654 17839 D Camera2CameraImpl: {Camera@a3bf4a5[id=1]} Transitioning camera internal state: OPENING --> OPENED
10-16 09:40:59.533 17654 17839 D CameraStateRegistry: Recalculating open cameras:
10-16 09:40:59.533 17654 17839 D CameraStateRegistry: Camera State
10-16 09:40:59.533 17654 17839 D CameraStateRegistry: -------------------------------------------------------------------
10-16 09:40:59.533 17654 17839 D CameraStateRegistry: Camera@f11ff70[id=0] UNKNOWN
10-16 09:40:59.533 17654 17839 D CameraStateRegistry: Camera@a3bf4a5[id=1] OPEN
10-16 09:40:59.533 17654 17839 D CameraStateRegistry: -------------------------------------------------------------------
10-16 09:40:59.533 17654 17839 D CameraStateRegistry: Open count: 1 (Max allowed: 1)
10-16 09:40:59.534 17654 17839 D UseCaseAttachState: All use case: [androidx.camera.core.ImageCapture-f0bf2dd7-4915-458e-b9b4-97a62b334a2228926886, androidx.camera.core.Preview-abf1d29c-387c-4d6a-8673-e219ed4fe84e743681] for camera: 1
10-16 09:40:59.539 17654 17839 D UseCaseAttachState: Active and attached use case: [androidx.camera.core.ImageCapture-f0bf2dd7-4915-458e-b9b4-97a62b334a2228926886, androidx.camera.core.Preview-abf1d29c-387c-4d6a-8673-e219ed4fe84e743681] for camera: 1
10-16 09:40:59.539 17654 17839 D SyncCaptureSessionBase: [androidx.camera.camera2.internal.SynchronizedCaptureSessionBaseImpl@6945789] getSurface...done
10-16 09:40:59.539 17654 17839 D CaptureSession: Opening capture session.
10-16 09:40:59.542 17654 17839 D DeferrableSurface: New surface in use[total_surfaces=2, used_surfaces=1](androidx.camera.core.impl.ImmediateSurface@60fa218}
10-16 09:40:59.542 17654 17839 D DeferrableSurface: use count+1, useCount=1 androidx.camera.core.impl.ImmediateSurface@60fa218
10-16 09:40:59.542 17654 17839 D DeferrableSurface: New surface in use[total_surfaces=2, used_surfaces=2](androidx.camera.core.SurfaceRequest$2@fbbfdf5}
10-16 09:40:59.542 17654 17839 D DeferrableSurface: use count+1, useCount=1 androidx.camera.core.SurfaceRequest$2@fbbfdf5
10-16 09:40:59.543 17654 17839 D CameraDevice-JV-1: waitUntilIdle: E. id = 1
10-16 09:40:59.543 17654 17839 D CameraDevice-JV-1: waitUntilIdle: X
10-16 09:40:59.547 17654 17845 W System.err: java.lang.SecurityException: getDeviceId: The uid 10273 does not meet the requirements to access device identifiers.
10-16 09:40:59.547 17654 17845 W System.err: at android.os.Parcel.createExceptionOrNull(Parcel.java:3011)
10-16 09:40:59.547 17654 17845 W System.err: at android.os.Parcel.createException(Parcel.java:2995)
10-16 09:40:59.547 17654 17845 W System.err: at android.os.Parcel.readException(Parcel.java:2978)
10-16 09:40:59.547 17654 17845 W System.err: at android.os.Parcel.readException(Parcel.java:2920)
10-16 09:40:59.547 17654 17845 W System.err: at com.android.internal.telephony.ITelephony$Stub$Proxy.getDeviceIdWithFeature(ITelephony.java:10713)
10-16 09:40:59.547 17654 17845 W System.err: at android.telephony.TelephonyManager.getDeviceId(TelephonyManager.java:2074)
10-16 09:40:59.547 17654 17845 W System.err: at com.alibaba.android.mnnkit.utils.DeviceIdUtil.a(DeviceIdUtil.java:2)
10-16 09:40:59.547 17654 17845 W System.err: at com.alibaba.android.mnnkit.utils.DeviceIdUtil.getDeviceId(DeviceIdUtil.java:2)
10-16 09:40:59.548 17654 17845 W System.err: at com.alibaba.android.mnnkit.monitor.MNNMonitor.c(MNNMonitor.java:3)
10-16 09:40:59.548 17654 17845 W System.err: at com.alibaba.android.mnnkit.monitor.MNNMonitor.loadCommit(MNNMonitor.java:2)
10-16 09:40:59.548 17654 17845 W System.err: at com.alibaba.android.mnnkit.actor.FaceDetector$1.run(FaceDetector.java:11)
10-16 09:40:59.548 17654 17845 W System.err: at java.lang.Thread.run(Thread.java:1012)
10-16 09:40:59.595 17654 17839 D CaptureSession: Attempting to send capture request onConfigured
10-16 09:40:59.596 17654 17839 D CaptureSession: Issuing request for session.
10-16 09:40:59.600 17654 17839 D CaptureSession: CameraCaptureSession.onConfigured() mState=OPENED
10-16 09:40:59.600 17654 17839 D CaptureSession: CameraCaptureSession.onReady() OPENED
10-16 09:40:59.773 17654 17654 E MainActivity: onBannerTimerProcess: false
10-16 09:40:59.828 17654 17654 W GLHandler-rende: type=1400 audit(0.0:14188): avc: denied { getattr } for name="dmabuf:" dev="dmabuf" ino=1 scontext=u:r:untrusted_app_30:s0:c17,c257,c512,c768 tcontext=u:object_r:unlabeled:s0 tclass=filesystem permissive=0 app=com.accarunit.beauty.camera.videocall
10-16 09:40:59.831 17654 17837 I mali_config: @get_buffer_dataspace_setting: update dataspace from GE (0x00000000 -> 0x08020000)
10-16 09:40:59.831 17654 17837 E amera.videocall: == MALI DEBUG ===eglp_winsys_populate_image_templates ==12288
10-16 09:40:59.832 17654 17654 V MediaPlayer: resetDrmState: mDrmInfo=null mDrmProvisioningThread=null mPrepareDrmInProgress=false mActiveDrmScheme=false
10-16 09:40:59.832 17654 17654 V MediaPlayer: cleanDrmObj: mDrmObj=null mDrmSessionId=null
10-16 09:40:59.833 17654 17654 D MediaPlayer: _release native called
10-16 09:40:59.837 17654 17837 I GED : ged_boost_gpu_freq, level 100, eOrigin 2, final_idx 31, oppidx_max 31, oppidx_min 0
10-16 09:40:59.873 17654 17669 W BufferQueueProducer: [SurfaceView[com.accarunit.beauty.camera.videocall/com.lightcone.beautycam.activity.MainActivity]#2(BLAST Consumer)2](id:44f600000002,api:3,p:1047,c:17654) detachBuffer: slot 0 is not owned by the producer (state = FREE)
10-16 09:40:59.873 17654 17669 W BufferQueueProducer: [SurfaceView[com.accarunit.beauty.camera.videocall/com.lightcone.beautycam.activity.MainActivity]#2(BLAST Consumer)2](id:44f600000002,api:3,p:1047,c:17654) detachBuffer: slot 1 is not owned by the producer (state = FREE)
10-16 09:40:59.874 17654 17669 W BufferQueueProducer: [SurfaceView[com.accarunit.beauty.camera.videocall/com.lightcone.beautycam.activity.MainActivity]#2(BLAST Consumer)2](id:44f600000002,api:3,p:1047,c:17654) detachBuffer: slot 2 is not owned by the producer (state = FREE)
10-16 09:40:59.874 17654 17669 W BufferQueueProducer: [SurfaceView[com.accarunit.beauty.camera.videocall/com.lightcone.beautycam.activity.MainActivity]#2(BLAST Consumer)2](id:44f600000002,api:3,p:1047,c:17654) detachBuffer: slot 4 is not owned by the producer (state = FREE)
10-16 09:40:59.875 17654 17669 W BufferQueueProducer: [SurfaceView[com.accarunit.beauty.camera.videocall/com.lightcone.beautycam.activity.MainActivity]#2(BLAST Consumer)2](id:44f600000002,api:3,p:1047,c:17654) detachBuffer: slot 5 is not owned by the producer (state = FREE)
10-16 09:40:59.875 17654 17669 W BufferQueueProducer: [SurfaceView[com.accarunit.beauty.camera.videocall/com.lightcone.beautycam.activity.MainActivity]#2(BLAST Consumer)2](id:44f600000002,api:3,p:1047,c:17654) detachBuffer: slot 6 is not owned by the producer (state = FREE)
10-16 09:40:59.875 17654 17669 W BufferQueueProducer: [SurfaceView[com.accarunit.beauty.camera.videocall/com.lightcone.beautycam.activity.MainActivity]#2(BLAST Consumer)2](id:44f600000002,api:3,p:1047,c:17654) detachBuffer: slot 7 is not owned by the producer (state = FREE)
10-16 09:40:59.876 17654 17669 W BufferQueueProducer: [SurfaceView[com.accarunit.beauty.camera.videocall/com.lightcone.beautycam.activity.MainActivity]#2(BLAST Consumer)2](id:44f600000002,api:3,p:1047,c:17654) detachBuffer: slot 8 is not owned by the producer (state = FREE)
10-16 09:40:59.876 17654 17669 W BufferQueueProducer: [SurfaceView[com.accarunit.beauty.camera.videocall/com.lightcone.beautycam.activity.MainActivity]#2(BLAST Consumer)2](id:44f600000002,api:3,p:1047,c:17654) detachBuffer: slot 9 is not owned by the producer (state = FREE)
10-16 09:40:59.876 17654 17669 W BufferQueueProducer: [SurfaceView[com.accarunit.beauty.camera.videocall/com.lightcone.beautycam.activity.MainActivity]#2(BLAST Consumer)2](id:44f600000002,api:3,p:1047,c:17654) detachBuffer: slot 10 is not owned by the producer (state = FREE)
10-16 09:40:59.877 17654 17669 W BufferQueueProducer: [SurfaceView[com.accarunit.beauty.camera.videocall/com.lightcone.beautycam.activity.MainActivity]#2(BLAST Consumer)2](id:44f600000002,api:3,p:1047,c:17654) detachBuffer: slot 12 is not owned by the producer (state = FREE)
10-16 09:40:59.877 17654 17669 W BufferQueueProducer: [SurfaceView[com.accarunit.beauty.camera.videocall/com.lightcone.beautycam.activity.MainActivity]#2(BLAST Consumer)2](id:44f600000002,api:3,p:1047,c:17654) detachBuffer: slot 13 is not owned by the producer (state = FREE)
10-16 09:40:59.878 17654 17669 W BufferQueueProducer: [SurfaceView[com.accarunit.beauty.camera.videocall/com.lightcone.beautycam.activity.MainActivity]#2(BLAST Consumer)2](id:44f600000002,api:3,p:1047,c:17654) detachBuffer: slot 14 is not owned by the producer (state = ACQUIRED)
10-16 09:40:59.878 17654 17669 W BufferQueueProducer: [SurfaceView[com.accarunit.beauty.camera.videocall/com.lightcone.beautycam.activity.MainActivity]#2(BLAST Consumer)2](id:44f600000002,api:3,p:1047,c:17654) detachBuffer: slot 15 is not owned by the producer (state = FREE)
10-16 09:40:59.879 17654 17669 W BufferQueueProducer: [SurfaceView[com.accarunit.beauty.camera.videocall/com.lightcone.beautycam.activity.MainActivity]#2(BLAST Consumer)2](id:44f600000002,api:3,p:1047,c:17654) detachBuffer: slot 16 is not owned by the producer (state = FREE)
10-16 09:40:59.879 17654 17669 W BufferQueueProducer: [SurfaceView[com.accarunit.beauty.camera.videocall/com.lightcone.beautycam.activity.MainActivity]#2(BLAST Consumer)2](id:44f600000002,api:3,p:1047,c:17654) detachBuffer: slot 17 is not owned by the producer (state = FREE)
10-16 09:40:59.881 17654 17669 W BufferQueueProducer: [SurfaceView[com.accarunit.beauty.camera.videocall/com.lightcone.beautycam.activity.MainActivity]#2(BLAST Consumer)2](id:44f600000002,api:3,p:1047,c:17654) detachBuffer: slot 20 is not owned by the producer (state = FREE)
10-16 09:40:59.881 17654 17669 W BufferQueueProducer: [SurfaceView[com.accarunit.beauty.camera.videocall/com.lightcone.beautycam.activity.MainActivity]#2(BLAST Consumer)2](id:44f600000002,api:3,p:1047,c:17654) detachBuffer: slot 21 is not owned by the producer (state = FREE)
10-16 09:40:59.882 17654 17669 W BufferQueueProducer: [SurfaceView[com.accarunit.beauty.camera.videocall/com.lightcone.beautycam.activity.MainActivity]#2(BLAST Consumer)2](id:44f600000002,api:3,p:1047,c:17654) detachBuffer: slot 22 is not owned by the producer (state = FREE)
10-16 09:40:59.882 17654 17669 W BufferQueueProducer: [SurfaceView[com.accarunit.beauty.camera.videocall/com.lightcone.beautycam.activity.MainActivity]#2(BLAST Consumer)2](id:44f600000002,api:3,p:1047,c:17654) detachBuffer: slot 23 is not owned by the producer (state = FREE)
10-16 09:40:59.882 17654 17669 W BufferQueueProducer: [SurfaceView[com.accarunit.beauty.camera.videocall/com.lightcone.beautycam.activity.MainActivity]#2(BLAST Consumer)2](id:44f600000002,api:3,p:1047,c:17654) detachBuffer: slot 24 is not owned by the producer (state = FREE)
10-16 09:40:59.882 17654 17669 W BufferQueueProducer: [SurfaceView[com.accarunit.beauty.camera.videocall/com.lightcone.beautycam.activity.MainActivity]#2(BLAST Consumer)2](id:44f600000002,api:3,p:1047,c:17654) detachBuffer: slot 25 is not owned by the producer (state = FREE)
10-16 09:40:59.883 17654 17669 W BufferQueueProducer: [SurfaceView[com.accarunit.beauty.camera.videocall/com.lightcone.beautycam.activity.MainActivity]#2(BLAST Consumer)2](id:44f600000002,api:3,p:1047,c:17654) detachBuffer: slot 26 is not owned by the producer (state = FREE)
10-16 09:40:59.883 17654 17669 W BufferQueueProducer: [SurfaceView[com.accarunit.beauty.camera.videocall/com.lightcone.beautycam.activity.MainActivity]#2(BLAST Consumer)2](id:44f600000002,api:3,p:1047,c:17654) detachBuffer: slot 27 is not owned by the producer (state = FREE)
10-16 09:40:59.883 17654 17669 W BufferQueueProducer: [SurfaceView[com.accarunit.beauty.camera.videocall/com.lightcone.beautycam.activity.MainActivity]#2(BLAST Consumer)2](id:44f600000002,api:3,p:1047,c:17654) detachBuffer: slot 28 is not owned by the producer (state = FREE)
10-16 09:40:59.884 17654 17669 W BufferQueueProducer: [SurfaceView[com.accarunit.beauty.camera.videocall/com.lightcone.beautycam.activity.MainActivity]#2(BLAST Consumer)2](id:44f600000002,api:3,p:1047,c:17654) detachBuffer: slot 29 is not owned by the producer (state = FREE)
10-16 09:40:59.885 17654 17669 W BufferQueueProducer: [SurfaceView[com.accarunit.beauty.camera.videocall/com.lightcone.beautycam.activity.MainActivity]#2(BLAST Consumer)2](id:44f600000002,api:3,p:1047,c:17654) detachBuffer: slot 30 is not owned by the producer (state = FREE)
10-16 09:40:59.885 17654 17669 W BufferQueueProducer: [SurfaceView[com.accarunit.beauty.camera.videocall/com.lightcone.beautycam.activity.MainActivity]#2(BLAST Consumer)2](id:44f600000002,api:3,p:1047,c:17654) detachBuffer: slot 31 is not owned by the producer (state = FREE)
10-16 09:40:59.885 17654 17669 W BufferQueueProducer: [SurfaceView[com.accarunit.beauty.camera.videocall/com.lightcone.beautycam.activity.MainActivity]#2(BLAST Consumer)2](id:44f600000002,api:3,p:1047,c:17654) detachBuffer: slot 32 is not owned by the producer (state = FREE)
10-16 09:40:59.886 17654 17669 W BufferQueueProducer: [SurfaceView[com.accarunit.beauty.camera.videocall/com.lightcone.beautycam.activity.MainActivity]#2(BLAST Consumer)2](id:44f600000002,api:3,p:1047,c:17654) detachBuffer: slot 33 is not owned by the producer (state = FREE)
10-16 09:40:59.887 17654 17669 W BufferQueueProducer: [SurfaceView[com.accarunit.beauty.camera.videocall/com.lightcone.beautycam.activity.MainActivity]#2(BLAST Consumer)2](id:44f600000002,api:3,p:1047,c:17654) detachBuffer: slot 34 is not owned by the producer (state = FREE)
10-16 09:40:59.887 17654 17669 W BufferQueueProducer: [SurfaceView[com.accarunit.beauty.camera.videocall/com.lightcone.beautycam.activity.MainActivity]#2(BLAST Consumer)2](id:44f600000002,api:3,p:1047,c:17654) detachBuffer: slot 35 is not owned by the producer (state = FREE)
10-16 09:40:59.888 17654 17806 W BufferQueueProducer: [SurfaceView[com.accarunit.beauty.camera.videocall/com.lightcone.beautycam.activity.MainActivity]#2(BLAST Consumer)2](id:44f600000002,api:3,p:1047,c:17654) detachBuffer: slot 36 is not owned by the producer (state = FREE)
10-16 09:40:59.888 17654 17806 W BufferQueueProducer: [SurfaceView[com.accarunit.beauty.camera.videocall/com.lightcone.beautycam.activity.MainActivity]#2(BLAST Consumer)2](id:44f600000002,api:3,p:1047,c:17654) detachBuffer: slot 37 is not owned by the producer (state = FREE)
10-16 09:40:59.889 17654 17669 W BufferQueueProducer: [SurfaceView[com.accarunit.beauty.camera.videocall/com.lightcone.beautycam.activity.MainActivity]#2(BLAST Consumer)2](id:44f600000002,api:3,p:1047,c:17654) detachBuffer: slot 38 is not owned by the producer (state = FREE)
10-16 09:40:59.889 17654 17669 W BufferQueueProducer: [SurfaceView[com.accarunit.beauty.camera.videocall/com.lightcone.beautycam.activity.MainActivity]#2(BLAST Consumer)2](id:44f600000002,api:3,p:1047,c:17654) detachBuffer: slot 39 is not owned by the producer (state = FREE)
10-16 09:40:59.889 17654 17669 W BufferQueueProducer: [SurfaceView[com.accarunit.beauty.camera.videocall/com.lightcone.beautycam.activity.MainActivity]#2(BLAST Consumer)2](id:44f600000002,api:3,p:1047,c:17654) detachBuffer: slot 40 is not owned by the producer (state = FREE)
10-16 09:40:59.890 17654 17669 W BufferQueueProducer: [SurfaceView[com.accarunit.beauty.camera.videocall/com.lightcone.beautycam.activity.MainActivity]#2(BLAST Consumer)2](id:44f600000002,api:3,p:1047,c:17654) detachBuffer: slot 41 is not owned by the producer (state = FREE)
10-16 09:40:59.890 17654 17669 W BufferQueueProducer: [SurfaceView[com.accarunit.beauty.camera.videocall/com.lightcone.beautycam.activity.MainActivity]#2(BLAST Consumer)2](id:44f600000002,api:3,p:1047,c:17654) detachBuffer: slot 42 is not owned by the producer (state = FREE)
10-16 09:40:59.890 17654 17669 W BufferQueueProducer: [SurfaceView[com.accarunit.beauty.camera.videocall/com.lightcone.beautycam.activity.MainActivity]#2(BLAST Consumer)2](id:44f600000002,api:3,p:1047,c:17654) detachBuffer: slot 43 is not owned by the producer (state = FREE)
10-16 09:40:59.891 17654 17669 W BufferQueueProducer: [SurfaceView[com.accarunit.beauty.camera.videocall/com.lightcone.beautycam.activity.MainActivity]#2(BLAST Consumer)2](id:44f600000002,api:3,p:1047,c:17654) detachBuffer: slot 44 is not owned by the producer (state = FREE)
10-16 09:40:59.891 17654 17669 W BufferQueueProducer: [SurfaceView[com.accarunit.beauty.camera.videocall/com.lightcone.beautycam.activity.MainActivity]#2(BLAST Consumer)2](id:44f600000002,api:3,p:1047,c:17654) detachBuffer: slot 45 is not owned by the producer (state = FREE)
10-16 09:40:59.891 17654 17669 W BufferQueueProducer: [SurfaceView[com.accarunit.beauty.camera.videocall/com.lightcone.beautycam.activity.MainActivity]#2(BLAST Consumer)2](id:44f600000002,api:3,p:1047,c:17654) detachBuffer: slot 46 is not owned by the producer (state = FREE)
10-16 09:40:59.892 17654 17669 W BufferQueueProducer: [SurfaceView[com.accarunit.beauty.camera.videocall/com.lightcone.beautycam.activity.MainActivity]#2(BLAST Consumer)2](id:44f600000002,api:3,p:1047,c:17654) detachBuffer: slot 47 is not owned by the producer (state = FREE)
10-16 09:40:59.892 17654 17669 W BufferQueueProducer: [SurfaceView[com.accarunit.beauty.camera.videocall/com.lightcone.beautycam.activity.MainActivity]#2(BLAST Consumer)2](id:44f600000002,api:3,p:1047,c:17654) detachBuffer: slot 48 is not owned by the producer (state = FREE)
10-16 09:40:59.892 17654 17669 W BufferQueueProducer: [SurfaceView[com.accarunit.beauty.camera.videocall/com.lightcone.beautycam.activity.MainActivity]#2(BLAST Consumer)2](id:44f600000002,api:3,p:1047,c:17654) detachBuffer: slot 49 is not owned by the producer (state = FREE)
10-16 09:40:59.893 17654 17669 W BufferQueueProducer: [SurfaceView[com.accarunit.beauty.camera.videocall/com.lightcone.beautycam.activity.MainActivity]#2(BLAST Consumer)2](id:44f600000002,api:3,p:1047,c:17654) detachBuffer: slot 50 is not owned by the producer (state = FREE)
10-16 09:40:59.893 17654 17669 W BufferQueueProducer: [SurfaceView[com.accarunit.beauty.camera.videocall/com.lightcone.beautycam.activity.MainActivity]#2(BLAST Consumer)2](id:44f600000002,api:3,p:1047,c:17654) detachBuffer: slot 51 is not owned by the producer (state = FREE)
10-16 09:40:59.894 17654 17669 W BufferQueueProducer: [SurfaceView[com.accarunit.beauty.camera.videocall/com.lightcone.beautycam.activity.MainActivity]#2(BLAST Consumer)2](id:44f600000002,api:3,p:1047,c:17654) detachBuffer: slot 52 is not owned by the producer (state = FREE)
10-16 09:40:59.895 17654 17669 W BufferQueueProducer: [SurfaceView[com.accarunit.beauty.camera.videocall/com.lightcone.beautycam.activity.MainActivity]#2(BLAST Consumer)2](id:44f600000002,api:3,p:1047,c:17654) detachBuffer: slot 53 is not owned by the producer (state = FREE)
10-16 09:40:59.896 17654 17806 W BufferQueueProducer: [SurfaceView[com.accarunit.beauty.camera.videocall/com.lightcone.beautycam.activity.MainActivity]#2(BLAST Consumer)2](id:44f600000002,api:3,p:1047,c:17654) detachBuffer: slot 54 is not owned by the producer (state = FREE)
10-16 09:40:59.897 17654 17806 W BufferQueueProducer: [SurfaceView[com.accarunit.beauty.camera.videocall/com.lightcone.beautycam.activity.MainActivity]#2(BLAST Consumer)2](id:44f600000002,api:3,p:1047,c:17654) detachBuffer: slot 55 is not owned by the producer (state = FREE)
10-16 09:40:59.897 17654 17806 W BufferQueueProducer: [SurfaceView[com.accarunit.beauty.camera.videocall/com.lightcone.beautycam.activity.MainActivity]#2(BLAST Consumer)2](id:44f600000002,api:3,p:1047,c:17654) detachBuffer: slot 56 is not owned by the producer (state = FREE)
10-16 09:40:59.898 17654 17806 W BufferQueueProducer: [SurfaceView[com.accarunit.beauty.camera.videocall/com.lightcone.beautycam.activity.MainActivity]#2(BLAST Consumer)2](id:44f600000002,api:3,p:1047,c:17654) detachBuffer: slot 57 is not owned by the producer (state = FREE)
10-16 09:40:59.898 17654 17806 W BufferQueueProducer: [SurfaceView[com.accarunit.beauty.camera.videocall/com.lightcone.beautycam.activity.MainActivity]#2(BLAST Consumer)2](id:44f600000002,api:3,p:1047,c:17654) detachBuffer: slot 58 is not owned by the producer (state = FREE)
10-16 09:40:59.899 17654 17806 W BufferQueueProducer: [SurfaceView[com.accarunit.beauty.camera.videocall/com.lightcone.beautycam.activity.MainActivity]#2(BLAST Consumer)2](id:44f600000002,api:3,p:1047,c:17654) detachBuffer: slot 59 is not owned by the producer (state = FREE)
10-16 09:40:59.900 17654 17806 W BufferQueueProducer: [SurfaceView[com.accarunit.beauty.camera.videocall/com.lightcone.beautycam.activity.MainActivity]#2(BLAST Consumer)2](id:44f600000002,api:3,p:1047,c:17654) detachBuffer: slot 60 is not owned by the producer (state = FREE)
10-16 09:40:59.900 17654 17806 W BufferQueueProducer: [SurfaceView[com.accarunit.beauty.camera.videocall/com.lightcone.beautycam.activity.MainActivity]#2(BLAST Consumer)2](id:44f600000002,api:3,p:1047,c:17654) detachBuffer: slot 61 is not owned by the producer (state = FREE)
10-16 09:40:59.901 17654 17806 W BufferQueueProducer: [SurfaceView[com.accarunit.beauty.camera.videocall/com.lightcone.beautycam.activity.MainActivity]#2(BLAST Consumer)2](id:44f600000002,api:3,p:1047,c:17654) detachBuffer: slot 62 is not owned by the producer (state = FREE)
