12-31 16:30:54.198 9492 9631 I acceleration: ModifyGraphWithDelegate model namespace: unknown_namespace model id: unknown_model_id accelerator name: NNAPI:
12-31 16:30:54.200 9492 9897 E GoLog : INFO: Created TensorFlow Lite delegate for NNAPI.
12-31 16:30:54.210 9492 9631 D CameraManager2: GotArray:0
12-31 16:30:54.210 9492 9631 D CameraManager2: GotArray:1
12-31 16:30:54.210 9492 9631 D CameraManager2: GotArray:20
12-31 16:30:54.210 9492 9631 D CameraManager2: GotArray:21
12-31 16:30:54.210 9492 9631 D CameraManager2: GotArray:22
12-31 16:30:54.212 9492 9718 D CameraManager2: GotArray:0
12-31 16:30:54.212 9492 9718 D CameraManager2: GotArray:1
12-31 16:30:54.212 9492 9718 D CameraManager2: GotArray:20
12-31 16:30:54.212 9492 9718 D CameraManager2: GotArray:21
12-31 16:30:54.212 9492 9718 D CameraManager2: GotArray:22
12-31 16:30:54.213 9492 10037 D MediaCodec: CreateByType: pid -1(9492)
12-31 16:30:54.213 9492 10037 D MediaCodec: CreateByType: mime audio/vorbis, encoder 0, pid -1
12-31 16:30:54.214 9492 10037 D MediaCodecList: processName: org.codeaurora.snapcam , mime: audio/vorbis
12-31 16:30:54.214 9492 9774 D BLASTBufferQueue: [SurfaceView[org.codeaurora.snapcam/com.android.camera.CameraLauncher]#1](f:0,a:1) acquireNextBufferLocked size=640x480 mFrameNumber=1 applyTransaction=true mTimestamp=273290141614860 mPendingTransactions.size=0 graphicBufferId=40767829573654 transform=4
12-31 16:30:54.217 9492 10037 D MediaCodecList: codecHandlesFormat: no format, so no extra checks
12-31 16:30:54.218 9492 10037 D MediaCodecList: codecHandlesFormat: no format, so no extra checks
12-31 16:30:54.219 9492 10037 W libc : Access denied finding property "vendor.debug.stagefright.mediacodec.trace"
12-31 16:30:54.228 9492 10037 W libc : Access denied finding property "vendor.debug.stagefright.BufferCount"
12-31 16:30:54.228 9492 10037 W libc : Access denied finding property "vendor.debug.stagefright.BufferCount"
12-31 16:30:54.228 9492 10037 D CCodecBufferChannel: mBufferCountDebug=0 mIsUserLoad=1
12-31 16:30:54.231 9492 10037 D OplusCCodec: OplusCCodec : (0x7a32c47900)
12-31 16:30:54.232 9492 10037 W libc : Access denied finding property "vendor.oplus.media.vpp.stutter"
12-31 16:30:54.233 9492 10037 D ListServiceUtils: checkInListByUid module:video-setsurface-error uid:10328 cost 178us return 0
12-31 16:30:54.234 9492 10037 W libc : Access denied finding property "vendor.debug.stagefright.BufferCount"
12-31 16:30:54.234 9492 10037 W libc : Access denied finding property "vendor.debug.stagefright.BufferCount"
12-31 16:30:54.236 9492 10037 D CCodecBufferChannel: mBufferCountDebug=0 mIsUserLoad=1
12-31 16:30:54.237 9492 10037 D MediaCodec: [0x79ae472000] init: CCodec 0x7a32c47900, CCodecBufferChannel 0x794a988218
12-31 16:30:54.237 9492 10040 D MediaCodec: [0x79ae472000] setState: 1
12-31 16:30:54.238 9492 10040 D CCodec : allocate(c2.android.vorbis.decoder)
12-31 16:30:54.241 9492 10030 I tflite : Initialized TensorFlow Lite runtime.
12-31 16:30:54.241 9492 10030 I tflite : Replacing 26 node(s) with delegate (unknown) node, yielding 1 partitions.
12-31 16:30:54.242 9492 9897 E GoLog : INFO: Initialized TensorFlow Lite runtime.
12-31 16:30:54.242 9492 10040 I Codec2Client: Available Codec2 services: "default" "software"
12-31 16:30:54.242 9492 9897 E GoLog : INFO: Replacing 26 node(s) with delegate (unknown) node, yielding 1 partitions.
12-31 16:30:54.242 9492 10030 I tflite : Replacing 26 node(s) with delegate (unknown) node, yielding 1 partitions.
12-31 16:30:54.247 9492 10040 I CCodec : setting up 'default' as default (vendor) store
12-31 16:30:54.253 9492 9897 E GoLog : INFO: Replacing 26 node(s) with delegate (unknown) node, yielding 1 partitions.
12-31 16:30:54.267 9492 9492 D CompatibilityChangeReporter: Compat change id reported: 193247900; UID 10328; state: DISABLED
12-31 16:30:54.277 9492 10040 I CCodec : Created component [c2.android.vorbis.decoder]
12-31 16:30:54.277 9492 10040 D CCodecBufferChannel: [0x794a988218] setComponent: mName c2.android.vorbis.decoder#183, mPipelineWatcher 0x794a9886c0
12-31 16:30:54.277 9492 10040 D CCodecBufferChannel: PipelineWatcher debug info [c2.android.vorbis.decoder#183] enable=0
12-31 16:30:54.277 9492 10040 D CCodecConfig: read media type: audio/vorbis
12-31 16:30:54.279 9492 10040 D ReflectedParamUpdater: extent() != 1 for single value type: algo.buffers.max-count.values
12-31 16:30:54.279 9492 10040 D ReflectedParamUpdater: extent() != 1 for single value type: output.subscribed-indices.values
12-31 16:30:54.279 9492 10040 D ReflectedParamUpdater: extent() != 1 for single value type: input.buffers.allocator-ids.values
12-31 16:30:54.280 9492 10040 D ReflectedParamUpdater: extent() != 1 for single value type: output.buffers.allocator-ids.values
12-31 16:30:54.280 9492 10040 D ReflectedParamUpdater: extent() != 1 for single value type: algo.buffers.allocator-ids.values
12-31 16:30:54.280 9492 10040 D ReflectedParamUpdater: extent() != 1 for single value type: output.buffers.pool-ids.values
12-31 16:30:54.280 9492 10040 D ReflectedParamUpdater: extent() != 1 for single value type: algo.buffers.pool-ids.values
12-31 16:30:54.281 9492 10040 I CCodecConfig: query failed after returning 7 values (BAD_INDEX)
12-31 16:30:54.282 9492 10040 D CCodecConfig: c2 config diff is Dict {
12-31 16:30:54.282 9492 10040 D CCodecConfig: c2::u32 coded.bitrate.value = 64000
12-31 16:30:54.282 9492 10040 D CCodecConfig: c2::u32 input.buffers.max-size.value = 32768
12-31 16:30:54.282 9492 10040 D CCodecConfig: c2::u32 input.delay.value = 0
12-31 16:30:54.282 9492 10040 D CCodecConfig: string input.media-type.value = "audio/vorbis"
12-31 16:30:54.282 9492 10040 D CCodecConfig: string output.media-type.value = "audio/raw"
12-31 16:30:54.282 9492 10040 D CCodecConfig: c2::u32 raw.channel-count.value = 1
12-31 16:30:54.282 9492 10040 D CCodecConfig: c2::u32 raw.sample-rate.value = 48000
12-31 16:30:54.282 9492 10040 D CCodecConfig: }
12-31 16:30:54.282 9492 10040 D MediaCodec: [0x79ae472000] setState: 2
12-31 16:30:54.286 9492 10037 I MediaCodec: [0x79ae472000] [c2.android.vorbis.decoder] configure, format : AMessage(what = 0x00000000) = {
12-31 16:30:54.286 9492 10037 I MediaCodec: string mime = "audio/vorbis"
12-31 16:30:54.286 9492 10037 I MediaCodec: int64_t durationUs = 97083
12-31 16:30:54.286 9492 10037 I MediaCodec: int32_t track-id = 1
12-31 16:30:54.286 9492 10037 I MediaCodec: Buffer csd-0 = {
12-31 16:30:54.286 9492 10037 I MediaCodec: 00000000: 01 76 6f 72 62 69 73 00 00 00 00 01 80 bb 00 00.vorbis.........
12-31 16:30:54.286 9492 10037 I MediaCodec: 00000010: 00 00 00 00 c0 d4 01 00 00 00 00 00 b8 01..............
12-31 16:30:54.286 9492 10037 I MediaCodec: }
12-31 16:30:54.286 9492 10037 I MediaCodec: Buffer *csd-1 = 0x794278cb80
12-31 16:30:54.286 9492 10037 I MediaCodec: int32_t bitrate = 120000
12-31 16:30:54.286 9492 10037 I MediaCodec: int32_t channel-count = 1
12-31 16:30:54.286 9492 10037 I MediaCodec: int32_t sample-rate = 48000
12-31 16:30:54.286 9492 10037 I MediaCodec: int32_t channel-mask = 1
12-31 16:30:54.286 9492 10037 I MediaCodec: }
12-31 16:30:54.286 9492 10040 D MediaCodec: flushMediametrics
12-31 16:30:54.286 9492 10040 D MediaCodec: [0x79ae472000] setState: 3
12-31 16:30:54.286 9492 10040 I OplusCCodec: configEncoderFilter enter, mIsEncoder: 0
12-31 16:30:54.286 9492 10040 D OplusCCodec: [initiateConfigureComponent:L1174] OplusFeedbackInfo mFeedbackID:524837746944
12-31 16:30:54.286 9492 10040 D OplusCCodec: configureInputDelay : (0x7a32c47900)
12-31 16:30:54.286 9492 10035 D MediaCodec: CreateByType: pid -1(9492)
12-31 16:30:54.286 9492 10035 D MediaCodec: CreateByType: mime audio/vorbis, encoder 0, pid -1
12-31 16:30:54.287 9492 10040 D OplusVideoBoost: OplusVideoBoost remote
12-31 16:30:54.287 9492 10040 D OplusCCodec: sample-rate: 48000, bits-per-sample: 0, channel-count: 1
12-31 16:30:54.287 9492 10040 D OplusCCodec: operating-rate: 0, codec-id: 0, bitrate: 120000
12-31 16:30:54.288 9492 10040 D OplusCCodec: videoBoost activity name: com.google.android.apps.camera.legacy.app.activity.main.CameraActivity
12-31 16:30:54.288 9492 10040 I OplusWhiteListCache: property[ro.hardware] return value
12-31 16:30:54.288 9492 10040 I OplusWhiteListCache: property[ro.build.device_family] return value
12-31 16:30:54.288 9492 10040 I OplusWhiteListCache: property[ro.boot.prjname] return value
12-31 16:30:54.288 9492 10040 D OplusWhiteListCache: vendor: qcom, soc: OPSM6375, project: 22241
12-31 16:30:54.288 9492 10040 I OplusWhiteListCache: Failed to get value from property[debug.codec.ux]
12-31 16:30:54.288 9492 10040 I OplusWhiteListCache: Failed to get value from property[debug.cpu.boost]
12-31 16:30:54.288 9492 10040 D OplusWhiteListCache: App[org.codeaurora.snapcam] boost scenario, isVideo
12-31 16:30:54.288 9492 10040 I OplusWhiteListCache: Need to update cache
12-31 16:30:54.288 9492 10040 D OplusWhiteListCache: Get media-sched-boost, ret: 0, value:
12-31 16:30:54.288 9492 10040 I OplusWhiteListCache: Failed to get media-sched-boost info from MMlist
12-31 16:30:54.288 9492 10040 D OplusWhiteListCache: No ux info
12-31 16:30:54.288 9492 10040 I OplusWhiteListCache: Activity map size is.
12-31 16:30:54.288 9492 10040 I OplusWhiteListCache: Need to update cache
12-31 16:30:54.290 9492 10040 E ListServiceUtils: getListValueByTopActivity module:vdec-cpu-boost pid:9492 cost 1995us return 0
12-31 16:30:54.290 9492 10040 I OplusWhiteListCache: Fail to get activity[com.google.android.apps.camera.legacy.app.activity.main.CameraActivity] boost info from mmlist.
12-31 16:30:54.290 9492 10040 D OplusWhiteListCache: No cluster info
12-31 16:30:54.290 9492 10040 D OplusCCodec: uxInfo.needVendorBoost: 0
12-31 16:30:54.290 9492 10040 D OplusCCodec: No boost info
12-31 16:30:54.290 9492 10040 D CCodec : [c2.android.vorbis.decoder] buffers are bound to CCodec for this session
12-31 16:30:54.290 9492 10040 D CCodecConfig: no c2 equivalents for durationUs
12-31 16:30:54.290 9492 10040 D CCodecConfig: no c2 equivalents for track-id
12-31 16:30:54.290 9492 10040 D CCodecConfig: no c2 equivalents for csd-1
12-31 16:30:54.290 9492 10040 D CCodecConfig: no c2 equivalents for tp-ux-tid
12-31 16:30:54.290 9492 10040 D CCodecConfig: no c2 equivalents for flags
12-31 16:30:54.291 9492 10040 D CCodecConfig: c2 config diff is c2::u32 coded.bitrate.value = 120000
12-31 16:30:54.293 9492 10040 W Codec2Client: query -- param skipped: index = 1107298332.
12-31 16:30:54.293 9492 10040 D CCodec : encoding statistics level = 0
12-31 16:30:54.293 9492 10040 D CCodec : setup formats input: AMessage(what = 0x00000000) = {
12-31 16:30:54.293 9492 10040 D CCodec : int32_t bitrate = 120000
12-31 16:30:54.293 9492 10040 D CCodec : int32_t channel-count = 1
12-31 16:30:54.293 9492 10040 D CCodec : int32_t max-input-size = 32768
12-31 16:30:54.293 9492 10040 D CCodec : string mime = "audio/vorbis"
12-31 16:30:54.293 9492 10040 D CCodec : int32_t sample-rate = 48000
12-31 16:30:54.293 9492 10040 D CCodec : }
12-31 16:30:54.293 9492 10040 D CCodec : setup formats output: AMessage(what = 0x00000000) = {
12-31 16:30:54.293 9492 10040 D CCodec : int32_t channel-count = 1
12-31 16:30:54.293 9492 10040 D CCodec : string mime = "audio/raw"
12-31 16:30:54.293 9492 10040 D CCodec : int32_t sample-rate = 48000
12-31 16:30:54.293 9492 10040 D CCodec : int32_t channel-mask = 1
12-31 16:30:54.293 9492 10040 D CCodec : int32_t android._config-pcm-encoding = 2
12-31 16:30:54.293 9492 10040 D CCodec : }
12-31 16:30:54.293 9492 10040 I CCodecConfig: query failed after returning 7 values (BAD_INDEX)
12-31 16:30:54.293 9492 10040 D MediaCodec: [0x79ae472000] setState: 4
12-31 16:30:54.294 9492 10040 D MediaCodec: [0x79ae472000] setState: 5
12-31 16:30:54.295 9492 10040 W Codec2Client: query -- param skipped: index = 1342179345.
12-31 16:30:54.295 9492 10040 W Codec2Client: query -- param skipped: index = 2415921170.
12-31 16:30:54.295 9492 10040 D C2Store : Using ION
12-31 16:30:54.299 9492 10040 D CCodecBufferChannel: [c2.android.vorbis.decoder#183] Created input block pool with allocatorID 16 => poolID 17 - OK (0)
12-31 16:30:54.301 9492 10035 D MediaCodecList: processName: org.codeaurora.snapcam , mime: audio/vorbis
12-31 16:30:54.302 9492 10040 I CCodecBufferChannel: [c2.android.vorbis.decoder#183] Created output block pool with allocatorID 16 => poolID 15847 - OK
12-31 16:30:54.302 9492 10040 D CCodecBufferChannel: [c2.android.vorbis.decoder#183] Configured output block pool ids 15847 => OK
12-31 16:30:54.302 9492 10040 D CCodecBufferChannel: [0x794a988218] [c2.android.vorbis.decoder#183] start: output->outputDelay 0, output->numSlots 4
12-31 16:30:54.304 9492 10040 D CCodecBuffers: [c2.android.vorbis.decoder#183:1D-Output.Impl[N]] converted 0 buffers to array mode of 4
12-31 16:30:54.304 9492 10035 D MediaCodecList: codecHandlesFormat: no format, so no extra checks
12-31 16:30:54.305 9492 10040 D CCodecBufferChannel: [c2.android.vorbis.decoder#183] start: updating output delay 0
12-31 16:30:54.308 9492 10040 D MediaCodec: [0x79ae472000] setState: 6
12-31 16:30:54.313 9492 10037 D SoundPool::Sound: begin to decode(fd=234)
12-31 16:30:54.314 9492 10040 D CCodecBuffers: [c2.android.vorbis.decoder#183:1D-Input.Impl[N]] converted 4 buffers to array mode of 4
12-31 16:30:54.316 9492 10035 D MediaCodecList: codecHandlesFormat: no format, so no extra checks
12-31 16:30:54.317 9492 10035 W libc : Access denied finding property "vendor.debug.stagefright.mediacodec.trace"
12-31 16:30:54.320 9492 10040 D PipelineWatcher: [0x794a9886c0] pipelineFull: too many frames in pipeline (4)
12-31 16:30:54.322 9492 10040 D PipelineWatcher: [0x794a9886c0] pipelineFull: too many frames in pipeline (5)
12-31 16:30:54.323 9492 10035 W libc : Access denied finding property "vendor.debug.stagefright.BufferCount"
12-31 16:30:54.323 9492 10035 W libc : Access denied finding property "vendor.debug.stagefright.BufferCount"
12-31 16:30:54.323 9492 10040 D PipelineWatcher: [0x794a9886c0] pipelineFull: too many frames in pipeline (4)
12-31 16:30:54.323 9492 10035 D CCodecBufferChannel: mBufferCountDebug=0 mIsUserLoad=1
12-31 16:30:54.323 9492 10035 D OplusCCodec: OplusCCodec : (0x793d7fd200)
12-31 16:30:54.325 9492 10035 W libc : Access denied finding property "vendor.oplus.media.vpp.stutter"
12-31 16:30:54.325 9492 10035 D ListServiceUtils: checkInListByUid module:video-setsurface-error uid:10328 cost 79us return 0
12-31 16:30:54.325 9492 10035 W libc : Access denied finding property "vendor.debug.stagefright.BufferCount"
12-31 16:30:54.325 9492 10035 W libc : Access denied finding property "vendor.debug.stagefright.BufferCount"
12-31 16:30:54.325 9492 10035 D CCodecBufferChannel: mBufferCountDebug=0 mIsUserLoad=1
12-31 16:30:54.326 9492 10035 D MediaCodec: [0x793ee6d800] init: CCodec 0x793d7fd200, CCodecBufferChannel 0x7938c36618
12-31 16:30:54.347 9492 9820 W CAM_A : UNINITIALIZED > rel Δ(result sensor timestamp) = 0.30 > 0.25
12-31 16:30:54.347 9492 10030 W libc : Access denied finding property "ro.vendor.gfx.32bit.target"
12-31 16:30:54.349 9492 9820 W CAM_A : UNINITIALIZED > result sensor delay = 1.30 > 1.10
12-31 16:30:54.352 9492 10046 D MediaCodec: [0x793ee6d800] setState: 1
12-31 16:30:54.352 9492 10046 D CCodec : allocate(c2.android.vorbis.decoder)
12-31 16:30:54.357 9492 10046 I CCodec : setting up 'default' as default (vendor) store
12-31 16:30:54.359 9492 10040 D PipelineWatcher: [0x794a9886c0] pipelineFull: too many frames in pipeline (4)
12-31 16:30:54.360 9492 10046 I CCodec : Created component [c2.android.vorbis.decoder]
12-31 16:30:54.360 9492 10046 D CCodecBufferChannel: [0x7938c36618] setComponent: mName c2.android.vorbis.decoder#442, mPipelineWatcher 0x7938c36ac0
12-31 16:30:54.361 9492 10046 D CCodecBufferChannel: PipelineWatcher debug info [c2.android.vorbis.decoder#442] enable=0
12-31 16:30:54.361 9492 10046 D CCodecConfig: read media type: audio/vorbis
12-31 16:30:54.364 9492 10040 D PipelineWatcher: [0x794a9886c0] pipelineFull: too many frames in pipeline (4)
12-31 16:30:54.365 9492 10046 D ReflectedParamUpdater: extent() != 1 for single value type: algo.buffers.max-count.values
12-31 16:30:54.366 9492 10046 D ReflectedParamUpdater: extent() != 1 for single value type: output.subscribed-indices.values
12-31 16:30:54.367 9492 10046 D ReflectedParamUpdater: extent() != 1 for single value type: input.buffers.allocator-ids.values
12-31 16:30:54.367 9492 10046 D ReflectedParamUpdater: extent() != 1 for single value type: output.buffers.allocator-ids.values
12-31 16:30:54.367 9492 10046 D ReflectedParamUpdater: extent() != 1 for single value type: algo.buffers.allocator-ids.values
12-31 16:30:54.367 9492 10046 D ReflectedParamUpdater: extent() != 1 for single value type: output.buffers.pool-ids.values
12-31 16:30:54.367 9492 10046 D ReflectedParamUpdater: extent() != 1 for single value type: algo.buffers.pool-ids.values
12-31 16:30:54.384 9492 10046 I CCodecConfig: query failed after returning 7 values (BAD_INDEX)
12-31 16:30:54.385 9492 10046 D CCodecConfig: c2 config diff is Dict {
12-31 16:30:54.385 9492 10046 D CCodecConfig: c2::u32 coded.bitrate.value = 64000
12-31 16:30:54.385 9492 10046 D CCodecConfig: c2::u32 input.buffers.max-size.value = 32768
12-31 16:30:54.385 9492 10046 D CCodecConfig: c2::u32 input.delay.value = 0
12-31 16:30:54.385 9492 10046 D CCodecConfig: string input.media-type.value = "audio/vorbis"
12-31 16:30:54.385 9492 10046 D CCodecConfig: string output.media-type.value = "audio/raw"
12-31 16:30:54.385 9492 10046 D CCodecConfig: c2::u32 raw.channel-count.value = 1
12-31 16:30:54.385 9492 10046 D CCodecConfig: c2::u32 raw.sample-rate.value = 48000
12-31 16:30:54.385 9492 10046 D CCodecConfig: }
12-31 16:30:54.385 9492 10046 D MediaCodec: [0x793ee6d800] setState: 2
12-31 16:30:54.389 9492 10035 I MediaCodec: [0x793ee6d800] [c2.android.vorbis.decoder] configure, format : AMessage(what = 0x00000000) = {
12-31 16:30:54.389 9492 10035 I MediaCodec: string mime = "audio/vorbis"
12-31 16:30:54.389 9492 10035 I MediaCodec: int64_t durationUs = 282086
12-31 16:30:54.389 9492 10035 I MediaCodec: int32_t track-id = 1
12-31 16:30:54.389 9492 10035 I MediaCodec: Buffer csd-0 = {
12-31 16:30:54.389 9492 10035 I MediaCodec: 00000000: 01 76 6f 72 62 69 73 00 00 00 00 01 44 ac 00 00.vorbis.....D...
12-31 16:30:54.389 9492 10035 I MediaCodec: 00000010: 00 00 00 00 80 38 01 00 00 00 00 00 b8 01.....8........
12-31 16:30:54.389 9492 10035 I MediaCodec: }
12-31 16:30:54.389 9492 10035 I MediaCodec: Buffer *csd-1 = 0x7955076f80
12-31 16:30:54.389 9492 10035 I MediaCodec: int32_t bitrate = 80000
12-31 16:30:54.389 9492 10035 I MediaCodec: int32_t channel-count = 1
12-31 16:30:54.389 9492 10035 I MediaCodec: int32_t sample-rate = 44100
12-31 16:30:54.389 9492 10035 I MediaCodec: int32_t channel-mask = 1
12-31 16:30:54.389 9492 10035 I MediaCodec: }
12-31 16:30:54.389 9492 10046 D MediaCodec: flushMediametrics
12-31 16:30:54.389 9492 10046 D MediaCodec: [0x793ee6d800] setState: 3
12-31 16:30:54.389 9492 10046 I OplusCCodec: configEncoderFilter enter, mIsEncoder: 0
12-31 16:30:54.389 9492 10046 D OplusCCodec: [initiateConfigureComponent:L1174] OplusFeedbackInfo mFeedbackID:520722829824
12-31 16:30:54.389 9492 10046 D OplusCCodec: configureInputDelay : (0x793d7fd200)
12-31 16:30:54.390 9492 10046 D OplusVideoBoost: OplusVideoBoost remote
12-31 16:30:54.390 9492 10046 D OplusCCodec: sample-rate: 44100, bits-per-sample: 0, channel-count: 1
12-31 16:30:54.390 9492 10046 D OplusCCodec: operating-rate: 0, codec-id: 0, bitrate: 80000
12-31 16:30:54.390 9492 10046 D OplusCCodec: videoBoost activity name: com.google.android.apps.camera.legacy.app.activity.main.CameraActivity
12-31 16:30:54.390 9492 10046 I OplusWhiteListCache: Failed to get value from property[debug.codec.ux]
12-31 16:30:54.390 9492 10046 I OplusWhiteListCache: Failed to get value from property[debug.cpu.boost]
12-31 16:30:54.390 9492 10046 D OplusWhiteListCache: App[org.codeaurora.snapcam] boost scenario, isVideo
12-31 16:30:54.390 9492 10046 D OplusWhiteListCache: Cache is timeout.
12-31 16:30:54.390 9492 10046 I OplusWhiteListCache: Need to update cache
12-31 16:30:54.391 9492 10046 D OplusWhiteListCache: Get media-sched-boost, ret: 0, value:
12-31 16:30:54.391 9492 10046 I OplusWhiteListCache: Failed to get media-sched-boost info from MMlist
12-31 16:30:54.391 9492 10046 D OplusWhiteListCache: No ux info
12-31 16:30:54.391 9492 10046 D OplusWhiteListCache: Find activity[com.google.android.apps.camera.legacy.app.activity.main.CameraActivity/Decoder] boost info []
12-31 16:30:54.391 9492 10046 D OplusWhiteListCache: Cache is timeout.
12-31 16:30:54.391 9492 10046 I OplusWhiteListCache: Need to update cache
12-31 16:30:54.391 9492 10046 I OplusWhiteListCache: Fail to get activity[com.google.android.apps.camera.legacy.app.activity.main.CameraActivity] boost info from mmlist.
12-31 16:30:54.391 9492 10046 D OplusWhiteListCache: No cluster info
12-31 16:30:54.391 9492 10046 D OplusCCodec: uxInfo.needVendorBoost: 0
12-31 16:30:54.391 9492 10046 D OplusCCodec: No boost info
12-31 16:30:54.391 9492 10046 D CCodec : [c2.android.vorbis.decoder] buffers are bound to CCodec for this session
12-31 16:30:54.391 9492 10046 D CCodecConfig: no c2 equivalents for durationUs
12-31 16:30:54.391 9492 10046 D CCodecConfig: no c2 equivalents for track-id
12-31 16:30:54.391 9492 10046 D CCodecConfig: no c2 equivalents for csd-1
12-31 16:30:54.391 9492 10046 D CCodecConfig: no c2 equivalents for tp-ux-tid
12-31 16:30:54.391 9492 10046 D CCodecConfig: no c2 equivalents for flags
12-31 16:30:54.391 9492 10046 D CCodecConfig: c2 config diff is c2::u32 coded.bitrate.value = 80000
12-31 16:30:54.391 9492 10046 D CCodecConfig: c2::u32 raw.sample-rate.value = 44100
12-31 16:30:54.392 9492 10046 W Codec2Client: query -- param skipped: index = 1107298332.
12-31 16:30:54.392 9492 10046 D CCodec : encoding statistics level = 0
12-31 16:30:54.392 9492 10046 D CCodec : setup formats input: AMessage(what = 0x00000000) = {
12-31 16:30:54.392 9492 10046 D CCodec : int32_t bitrate = 80000
12-31 16:30:54.392 9492 10046 D CCodec : int32_t channel-count = 1
12-31 16:30:54.392 9492 10046 D CCodec : int32_t max-input-size = 32768
12-31 16:30:54.392 9492 10046 D CCodec : string mime = "audio/vorbis"
12-31 16:30:54.392 9492 10046 D CCodec : int32_t sample-rate = 44100
12-31 16:30:54.392 9492 10046 D CCodec : }
12-31 16:30:54.392 9492 10046 D CCodec : setup formats output: AMessage(what = 0x00000000) = {
12-31 16:30:54.392 9492 10046 D CCodec : int32_t channel-count = 1
12-31 16:30:54.392 9492 10046 D CCodec : string mime = "audio/raw"
12-31 16:30:54.392 9492 10046 D CCodec : int32_t sample-rate = 44100
12-31 16:30:54.392 9492 10046 D CCodec : int32_t channel-mask = 1
12-31 16:30:54.392 9492 10046 D CCodec : int32_t android._config-pcm-encoding = 2
12-31 16:30:54.392 9492 10046 D CCodec : }
12-31 16:30:54.392 9492 10046 I CCodecConfig: query failed after returning 7 values (BAD_INDEX)
12-31 16:30:54.392 9492 10046 D MediaCodec: [0x793ee6d800] setState: 4
12-31 16:30:54.393 9492 10046 D MediaCodec: [0x793ee6d800] setState: 5
12-31 16:30:54.394 9492 10046 W Codec2Client: query -- param skipped: index = 1342179345.
12-31 16:30:54.394 9492 10046 W Codec2Client: query -- param skipped: index = 2415921170.
12-31 16:30:54.394 9492 10046 D CCodecBufferChannel: [c2.android.vorbis.decoder#442] Created input block pool with allocatorID 16 => poolID 18 - OK (0)
12-31 16:30:54.396 9492 10046 I CCodecBufferChannel: [c2.android.vorbis.decoder#442] Created output block pool with allocatorID 16 => poolID 15849 - OK
12-31 16:30:54.396 9492 10046 D CCodecBufferChannel: [c2.android.vorbis.decoder#442] Configured output block pool ids 15849 => OK
12-31 16:30:54.396 9492 10046 D CCodecBufferChannel: [0x7938c36618] [c2.android.vorbis.decoder#442] start: output->outputDelay 0, output->numSlots 4
12-31 16:30:54.396 9492 10046 D CCodecBuffers: [c2.android.vorbis.decoder#442:1D-Output.Impl[N]] converted 0 buffers to array mode of 4
12-31 16:30:54.396 9492 10046 D CCodecBufferChannel: [c2.android.vorbis.decoder#442] start: updating output delay 0
12-31 16:30:54.399 9492 10046 D MediaCodec: [0x793ee6d800] setState: 6
12-31 16:30:54.403 9492 10035 D SoundPool::Sound: begin to decode(fd=245)
12-31 16:30:54.403 9492 10046 D CCodecBuffers: [c2.android.vorbis.decoder#442:1D-Input.Impl[N]] converted 4 buffers to array mode of 4
12-31 16:30:54.486 9492 10040 D CCodecBufferChannel: [c2.android.vorbis.decoder#183] input EOS
12-31 16:30:54.486 9492 10040 I OplusFeedbackInfo: 0x7a32cb1700 setInputMetEos true
12-31 16:30:54.494 9492 10037 D MediaCodec: [0x79ae472000] [c2.android.vorbis.decoder] stop
12-31 16:30:54.495 9492 10040 D MediaCodec: [0x79ae472000] setState: 9
12-31 16:30:54.495 9492 10040 D OplusCCodec: initiateShutdown : (0x7a32c47900) keepComponentAllocated=1
12-31 16:30:54.496 9492 10040 D CCodecBufferChannel: [c2.android.vorbis.decoder#183] MediaCodec discarded an unknown buffer
12-31 16:30:54.498 9492 10040 D CCodecBufferChannel: [c2.android.vorbis.decoder#183] MediaCodec discarded an unknown buffer
12-31 16:30:54.498 9492 10040 D CCodecBufferChannel: [c2.android.vorbis.decoder#183] MediaCodec discarded an unknown buffer
12-31 16:30:54.499 9492 10040 D MediaCodec: [0x79ae472000] [c2.android.vorbis.decoder] kWhatStopCompleted
12-31 16:30:54.500 9492 10040 D MediaCodec: [0x79ae472000] setState: 2
12-31 16:30:54.501 9492 10037 D SoundPool::Sound: end to decode (fd=234)
12-31 16:30:54.501 9492 10037 D MediaCodec: [0x79ae472000] [c2.android.vorbis.decoder] release
12-31 16:30:54.503 9492 10040 D MediaCodec: [0x79ae472000] setState: 10
12-31 16:30:54.503 9492 10040 D OplusCCodec: initiateShutdown : (0x7a32c47900) keepComponentAllocated=0
12-31 16:30:54.513 9492 10040 D MediaCodec: [0x79ae472000] [c2.android.vorbis.decoder] kWhatReleaseCompleted
12-31 16:30:54.513 9492 10040 D MediaCodec: [0x79ae472000] setState: 0
12-31 16:30:54.514 9492 10037 D MediaCodec: [0x79ae472000] ~MediaCodec
12-31 16:30:54.514 9492 10037 D MediaCodec: flushMediametrics
12-31 16:30:54.515 9492 10052 I hw-BpHwBinder: onLastStrongRef automatically unlinking death recipients
12-31 16:30:54.517 9492 10052 D OplusCCodec: ~OplusCCodec : (0x7a32c47900)
12-31 16:30:54.519 9492 10052 D OplusFeedbackInfo: ~OplusAnalysisFPS
12-31 16:30:54.548 9492 9628 W CAM_A : Framerate metadata does not exist for the video at content://media/external/video/media/1000078267
12-31 16:30:54.618 9492 10046 D CCodecBufferChannel: [c2.android.vorbis.decoder#442] input EOS
12-31 16:30:54.618 9492 10046 I OplusFeedbackInfo: 0x793ef75980 setInputMetEos true
12-31 16:30:54.625 9492 10035 D MediaCodec: [0x793ee6d800] [c2.android.vorbis.decoder] stop
12-31 16:30:54.626 9492 10046 D MediaCodec: [0x793ee6d800] setState: 9
12-31 16:30:54.626 9492 10046 D OplusCCodec: initiateShutdown : (0x793d7fd200) keepComponentAllocated=1
12-31 16:30:54.628 9492 10046 D CCodecBufferChannel: [c2.android.vorbis.decoder#442] MediaCodec discarded an unknown buffer
12-31 16:30:54.628 9492 10046 D CCodecBufferChannel: [c2.android.vorbis.decoder#442] MediaCodec discarded an unknown buffer
12-31 16:30:54.629 9492 10046 D MediaCodec: [0x793ee6d800] [c2.android.vorbis.decoder] kWhatStopCompleted
12-31 16:30:54.630 9492 10046 D MediaCodec: [0x793ee6d800] setState: 2
12-31 16:30:54.634 9492 10035 D SoundPool::Sound: end to decode (fd=245)
12-31 16:30:54.634 9492 10035 D MediaCodec: [0x793ee6d800] [c2.android.vorbis.decoder] release
12-31 16:30:54.634 9492 10046 D MediaCodec: [0x793ee6d800] setState: 10
12-31 16:30:54.634 9492 10046 D OplusCCodec: initiateShutdown : (0x793d7fd200) keepComponentAllocated=0
12-31 16:30:54.635 9492 10046 I hw-BpHwBinder: onLastStrongRef automatically unlinking death recipients
12-31 16:30:54.636 9492 10046 D MediaCodec: [0x793ee6d800] [c2.android.vorbis.decoder] kWhatReleaseCompleted
12-31 16:30:54.636 9492 10046 D MediaCodec: [0x793ee6d800] setState: 0
12-31 16:30:54.637 9492 10030 E native : E1231 16:30:54.637390 10030 resource_util_android.cc:65] generic::internal: RET_CHECK failure (third_party/mediapipe/util/resource_util_android.cc:65) Singleton::get()->ReadFile(path, output) could not read asset: research/vision/loco/video/models/siamese_fcpp/mobile/model_21086792_30/siamese_end2end.tflite
12-31 16:30:54.637 9492 10030 E native : Stack trace:
12-31 16:30:54.637 9492 10030 E native :
12-31 16:30:54.637 9492 9897 E GoLog : E1231 16:30:54.637390 10030 resource_util_android.cc:65] generic::internal: RET_CHECK failure (third_party/mediapipe/util/resource_util_android.cc:65) Singleton::get()->ReadFile(path, output) could not read asset: research/vision/loco/video/models/siamese_fcpp/mobile/model_21086792_30/siamese_end2end.tflite
12-31 16:30:54.637 9492 9897 E GoLog : Stack trace:
12-31 16:30:54.637 9492 9897 E GoLog :
12-31 16:30:54.637 9492 10035 D MediaCodec: [0x793ee6d800] ~MediaCodec
12-31 16:30:54.637 9492 10030 E native : E1231 16:30:54.637819 10030 asset_manager_util.cc:166] generic::internal: RET_CHECK failure (third_party/mediapipe/util/android/asset_manager_util.cc:166) ReadFile(asset_path, &asset_data) could not read asset: research/vision/loco/video/models/siamese_fcpp/mobile/model_21086792_30/siamese_end2end.tflite
12-31 16:30:54.637 9492 10030 E native : Stack trace:
12-31 16:30:54.637 9492 10030 E native :
12-31 16:30:54.638 9492 9897 E GoLog : E1231 16:30:54.637819 10030 asset_manager_util.cc:166] generic::internal: RET_CHECK failure (third_party/mediapipe/util/android/asset_manager_util.cc:166) ReadFile(asset_path, &asset_data) could not read asset: research/vision/loco/video/models/siamese_fcpp/mobile/model_21086792_30/siamese_end2end.tflite
12-31 16:30:54.638 9492 9897 E GoLog : Stack trace:
12-31 16:30:54.638 9492 9897 E GoLog :
12-31 16:30:54.638 9492 10035 D MediaCodec: flushMediametrics
12-31 16:30:54.638 9492 10035 D OplusCCodec: ~OplusCCodec : (0x793d7fd200)
12-31 16:30:54.638 9492 10035 D OplusFeedbackInfo: ~OplusAnalysisFPS
12-31 16:30:54.651 9492 9628 W CAM_A : Framerate metadata does not exist for the video at content://media/external/video/media/1000078254
12-31 16:30:54.654 9492 10030 I tflite : Replacing 47 node(s) with delegate (unknown) node, yielding 1 partitions.
12-31 16:30:54.654 9492 9897 E GoLog : INFO: Replacing 47 node(s) with delegate (unknown) node, yielding 1 partitions.
12-31 16:30:54.656 9492 10030 I tflite : Replacing 47 node(s) with delegate (unknown) node, yielding 1 partitions.
12-31 16:30:54.657 9492 9897 E GoLog : INFO: Replacing 47 node(s) with delegate (unknown) node, yielding 1 partitions.
12-31 16:30:54.759 9492 9628 W CAM_A : Framerate metadata does not exist for the video at content://media/external/video/media/1000078253
12-31 16:30:54.846 9492 9628 W CAM_A : Framerate metadata does not exist for the video at content://media/external/video/media/1000077226
12-31 16:30:54.910 9492 9628 W CAM_A : Framerate metadata does not exist for the video at content://media/external/video/media/1000071552
12-31 16:30:54.910 9492 9628 V SystemSensorManagerExtImpl: RegisterListener icm4x6xa Accelerometer Non-wakeup type:1 delay:200000us by hpe@2aea945 from org.codeaurora.snapcam
12-31 16:30:54.920 9492 9628 V SystemSensorManagerExtImpl: RegisterListener mmc56x3x Magnetometer Non-wakeup type:2 delay:200000us by hpe@2aea945 from org.codeaurora.snapcam
12-31 16:30:54.932 9492 10013 D OplusScrollToTopManager: org.codeaurora.snapcam/com.android.camera.CameraLauncher,This DecorView@fad5a67[CameraLauncher] change focus to true
12-31 16:30:54.958 9492 9631 W Glide : Failed to find GeneratedAppGlideModule. You should include an annotationProcessor compile dependency on com.github.bumptech.glide:compiler in your application and a @GlideModule annotated AppGlideModule implementation or LibraryGlideModules will be silently ignored
12-31 16:30:55.020 9492 9631 D ListServiceUtils: checkInListByUid module:custom-icc uid:10328 cost 483us return 0
12-31 16:30:55.021 9492 9631 V JpegEncoderExtImpl: Resolution: 433 x 577,support: 0;
12-31 16:30:55.872 9492 9628 W ProtoDataStoreFlagStore: Unable to retrieve flag snapshot for com.google.android.libraries.performance.primes#org.codeaurora.snapcam, using defaults.
12-31 16:30:55.875 9492 9869 W ProtoDataStoreFlagStore: Unable to update local snapshot for com.google.android.libraries.performance.primes#org.codeaurora.snapcam, may result in stale flags.
12-31 16:30:55.875 9492 9869 W ProtoDataStoreFlagStore: java.util.concurrent.ExecutionException: java.lang.SecurityException: GoogleCertificatesRslt: not allowed: pkg=org.codeaurora.snapcam, sha256=[a40da80a59d170caa950cf15c18c454d47a39b26989d8b640ecd745ba71bf5dc], atk=false, ver=244738030.true (go/gsrlt)
12-31 16:30:55.875 9492 9869 W ProtoDataStoreFlagStore: at pfx.s(Unknown Source:20)
12-31 16:30:55.875 9492 9869 W ProtoDataStoreFlagStore: at pfx.get(Unknown Source:21)
12-31 16:30:55.875 9492 9869 W ProtoDataStoreFlagStore: at plk.I(Unknown Source:1)
12-31 16:30:55.875 9492 9869 W ProtoDataStoreFlagStore: at plk.ad(Unknown Source:9)
12-31 16:30:55.875 9492 9869 W ProtoDataStoreFlagStore: at nfm.d(Unknown Source:0)
12-31 16:30:55.875 9492 9869 W ProtoDataStoreFlagStore: at ngq.run(Unknown Source:9)
12-31 16:30:55.875 9492 9869 W ProtoDataStoreFlagStore: at java.util.concurrent.Executors$RunnableAdapter.call(Executors.java:487)
12-31 16:30:55.875 9492 9869 W ProtoDataStoreFlagStore: at java.util.concurrent.FutureTask.run(FutureTask.java:264)
12-31 16:30:55.875 9492 9869 W ProtoDataStoreFlagStore: at java.util.concurrent.ScheduledThreadPoolExecutor$ScheduledFutureTask.run(ScheduledThreadPoolExecutor.java:307)
12-31 16:30:55.875 9492 9869 W ProtoDataStoreFlagStore: at java.util.concurrent.ThreadPoolExecutor.runWorker(ThreadPoolExecutor.java:1145)
12-31 16:30:55.875 9492 9869 W ProtoDataStoreFlagStore: at java.util.concurrent.ThreadPoolExecutor$Worker.run(ThreadPoolExecutor.java:644)
12-31 16:30:55.875 9492 9869 W ProtoDataStoreFlagStore: at java.lang.Thread.run(Thread.java:1012)
12-31 16:30:55.875 9492 9869 W ProtoDataStoreFlagStore: Caused by: java.lang.SecurityException: GoogleCertificatesRslt: not allowed: pkg=org.codeaurora.snapcam, sha256=[a40da80a59d170caa950cf15c18c454d47a39b26989d8b640ecd745ba71bf5dc], atk=false, ver=244738030.true (go/gsrlt)
12-31 16:30:55.875 9492 9869 W ProtoDataStoreFlagStore: at android.os.Parcel.createExceptionOrNull(Parcel.java:3087)
12-31 16:30:55.875 9492 9869 W ProtoDataStoreFlagStore: at android.os.Parcel.createException(Parcel.java:3071)
12-31 16:30:55.875 9492 9869 W ProtoDataStoreFlagStore: at android.os.Parcel.readException(Parcel.java:3054)
12-31 16:30:55.875 9492 9869 W ProtoDataStoreFlagStore: at android.os.Parcel.readException(Parcel.java:2996)
12-31 16:30:55.875 9492 9869 W ProtoDataStoreFlagStore: at bmn.z(Unknown Source:10)
12-31 16:30:55.875 9492 9869 W ProtoDataStoreFlagStore: at ktz.a(Unknown Source:38)
12-31 16:30:55.875 9492 9869 W ProtoDataStoreFlagStore: at kjd.f(Unknown Source:10)
12-31 16:30:55.875 9492 9869 W ProtoDataStoreFlagStore: at kkc.t(Unknown Source:9)
12-31 16:30:55.875 9492 9869 W ProtoDataStoreFlagStore: at kkc.u(Unknown Source:22)
12-31 16:30:55.875 9492 9869 W ProtoDataStoreFlagStore: at kkc.e(Unknown Source:15)
12-31 16:30:55.875 9492 9869 W ProtoDataStoreFlagStore: at kkg.handleMessage(Unknown Source:920)
12-31 16:30:55.875 9492 9869 W ProtoDataStoreFlagStore: at android.os.Handler.dispatchMessage(Handler.java:102)
12-31 16:30:55.875 9492 9869 W ProtoDataStoreFlagStore: at ksg.b(Unknown Source:0)
12-31 16:30:55.875 9492 9869 W ProtoDataStoreFlagStore: at ksg.dispatchMessage(Unknown Source:0)
12-31 16:30:55.875 9492 9869 W ProtoDataStoreFlagStore: at android.os.Looper.loopOnce(Looper.java:257)
12-31 16:30:55.875 9492 9869 W ProtoDataStoreFlagStore: at android.os.Looper.loop(Looper.java:368)
12-31 16:30:55.875 9492 9869 W ProtoDataStoreFlagStore: at android.os.HandlerThread.run(HandlerThread.java:67)
12-31 16:30:59.299 9492 10043 D BufferPoolAccessor2.0: bufferpool2 0x793efffa28 : 0(0 size) total buffers - 0(0 size) used buffers - 1/7 (recycle/alloc) - 11/40 (fetch/transfer)
12-31 16:30:59.299 9492 10043 D BufferPoolAccessor2.0: evictor expired: 1, evicted: 1
12-31 16:30:59.358 9492 9492 V AutofillManager: requestHideFillUi(null): anchor = null
12-31 16:30:59.439 9492 9492 D OplusInputMethodManagerInternal: get inputMethodManager extension: com.android.internal.view.IInputMethodManager$Stub$Proxy@c2ecbcd
12-31 16:30:59.442 9492 9492 D ViewRootImplExtImpl: MotionEvent MotionEvent { action=ACTION_UP, actionButton=0, id=0, x=571.5996, y=1969.5996, toolType=TOOL_TYPE_FINGER, buttonState=0, classification=NONE, metaState=0, flags=0x0, edgeFlags=0x0, pointerCount=1, historySize=0, eventTime=273295425, downTime=273295339, deviceId=3, source=0x1002, displayId=0, eventId=547535420 } handled by client, just return
12-31 16:30:59.469 9492 9492 W MediaFsQModule: Returning Q MediaFs implementation
12-31 16:30:59.489 9492 9492 I Quality : Skipped: false 2 cost 48.453487 refreshRate 16666666 bit true processName org.codeaurora.snapcam
12-31 16:30:59.496 9492 9718 I AudioTrack: set(): type=audio,case=1,attributes=1,content_type=4,usage=13,source=0,flags=0x901
12-31 16:30:59.496 9492 9718 D AudioTrackExtImpl: AudioTrackExtImpl init
12-31 16:30:59.496 9492 9718 D ExtensionsLoader: createInstance(64bit) : createExtendedFactory
12-31 16:30:59.497 9492 9718 D ExtensionsLoader: Opened libSchedAssistExtImpl.so
12-31 16:30:59.497 9492 9718 D AudioTrack: set(): streamType -1, sampleRate 44100, format 0x1, channelMask 0x1, frameCount 0, flags #0, notificationFrames 0, sessionId 0, transferType 0, uid -1, pid -1
12-31 16:30:59.497 9492 9718 I AudioTrack: set(): 0x7a371fc000, Create AudioTrackThread, tid = 10161
12-31 16:30:59.498 9492 9718 D ListServiceUtils: checkInListByUid module:audio-boost-blacklist uid:10328 cost 408us return 0
12-31 16:30:59.498 9492 9718 D AudioTrackExtImpl: doSchedBoost, set audioapp task boost, pid=9492, tid=10161, enable=1, ret=0
12-31 16:30:59.510 9492 9492 I Quality : Skipped: false 1 cost 20.618097 refreshRate 16599657 bit true processName org.codeaurora.snapcam
12-31 16:30:59.528 9492 9718 I AudioTrack: createTrack_l(9274) on outputId(13) : 0x7a371fc000, mCblk = 0x7add6be000, mLatency = 343, mAfLatency = 61, frameCount = 12440, mSampleRate = 44100, mFlags = 0, mReqFrameCount = 12440, mNotificationFramesAct = 0
12-31 16:30:59.530 9492 9718 D ListServiceUtils: checkInListByUid module:audio-boost-blacklist uid:10328 cost 99us return 0
12-31 16:30:59.533 9492 9718 E ListServiceUtils: getListValueByUid module:audio-boost-3rdUX uid:10328 cost 3222us return 0
12-31 16:30:59.533 9492 9718 D AudioTrackExtImpl: doSchedBoost, set audioapp task boost, pid=9492, tid=9718, enable=1, ret=0
12-31 16:30:59.534 9492 9718 D ListServiceUtils: checkInListByUid module:change-futex-timeout uid:10328 cost 950us return 0
12-31 16:30:59.539 9492 9718 D AudioTrack: setVolume(9274) left 0.600 right 0.600 , callingPid 9492
12-31 16:30:59.539 9492 9718 D AudioTrack: start(9274): prior state:STATE_STOPPED output 13 stream 7 session 68249
12-31 16:30:59.547 9492 9507 D CompatibilityChangeReporter: Compat change id reported: 150939131; UID 10328; state: DISABLED
12-31 16:30:59.569 9492 9718 E ListServiceUtils: getListValueByName module:control package:audioBoostEnable cost 1179us return 1
12-31 16:30:59.569 9492 9718 D ListServiceUtils: checkInListByUid module:audio-boost-blacklist uid:10328 cost 269us return 0
12-31 16:30:59.613 9492 10159 W libgcam : [shot_helper.cc:84]: CheckLscMap: Contents of SpatialGainMap for payload frame 0 are likely incorrect (Some values were out of range... Some values were out of range... Some values were out of range... Some values were out of range... ).
12-31 16:30:59.622 9492 10159 W libgcam : [shot_helper.cc:84]: CheckLscMap: Contents of SpatialGainMap for payload frame 1 are likely incorrect (Some values were out of range... Some values were out of range... Some values were out of range... Some values were out of range... ).
12-31 16:30:59.636 9492 10159 W libgcam : [shot_helper.cc:84]: CheckLscMap: Contents of SpatialGainMap for payload frame 2 are likely incorrect (Some values were out of range... Some values were out of range... Some values were out of range... Some values were out of range... ).
12-31 16:30:59.646 9492 10159 W libgcam : [shot_helper.cc:84]: CheckLscMap: Contents of SpatialGainMap for payload frame 3 are likely incorrect (Some values were out of range... Some values were out of range... Some values were out of range... Some values were out of range... ).
12-31 16:30:59.654 9492 10159 W libgcam : [shot_helper.cc:84]: CheckLscMap: Contents of SpatialGainMap for payload frame 4 are likely incorrect (Some values were out of range... Some values were out of range... Some values were out of range... Some values were out of range... ).
12-31 16:30:59.665 9492 10159 W libgcam : [shot_helper.cc:84]: CheckLscMap: Contents of SpatialGainMap for payload frame 5 are likely incorrect (Some values were out of range... Some values were out of range... Some values were out of range... Some values were out of range... ).
12-31 16:30:59.674 9492 10159 W libgcam : [shot_helper.cc:84]: CheckLscMap: Contents of SpatialGainMap for payload frame 6 are likely incorrect (Some values were out of range... Some values were out of range... Some values were out of range... Some values were out of range... ).
12-31 16:30:59.681 9492 9899 E libgcam : [camera_motion_blur_estimator.cc:57]: EstimateCameraMotionBlur: Can't estimate camera motion blur, because gyro data is missing.
12-31 16:30:59.685 9492 9899 E libgcam : [camera_motion_blur_estimator.cc:57]: EstimateCameraMotionBlur: Can't estimate camera motion blur, because gyro data is missing.
12-31 16:30:59.687 9492 9899 E libgcam : [camera_motion_blur_estimator.cc:57]: EstimateCameraMotionBlur: Can't estimate camera motion blur, because gyro data is missing.
12-31 16:30:59.690 9492 9899 E libgcam : [camera_motion_blur_estimator.cc:57]: EstimateCameraMotionBlur: Can't estimate camera motion blur, because gyro data is missing.
12-31 16:30:59.690 9492 9899 W libgcam : [shot_helper.cc:352]: LogViewfinderAeWarnings: viewfinder_short_tet (0.000ms) is further than expected from the capture TET (7.368ms). Relative error: 100%.
12-31 16:30:59.892 9492 9667 D ListServiceUtils: checkInListByUid module:custom-icc uid:10328 cost 417us return 0
12-31 16:30:59.893 9492 9667 V JpegEncoderExtImpl: Resolution: 578 x 772,support: 0;
12-31 16:30:59.895 9492 9899 E libgcam : [camera_motion_blur_estimator.cc:57]: EstimateCameraMotionBlur: Can't estimate camera motion blur, because gyro data is missing.
12-31 16:30:59.899 9492 10190 D ListServiceUtils: checkInListByUid module:custom-icc uid:10328 cost 362us return 0
12-31 16:30:59.899 9492 10190 V JpegEncoderExtImpl: Resolution: 578 x 772,support: 0;
12-31 16:30:59.916 9492 9899 E libgcam : [camera_motion_blur_estimator.cc:57]: EstimateCameraMotionBlur: Can't estimate camera motion blur, because gyro data is missing.
12-31 16:30:59.924 9492 9667 D ListServiceUtils: checkInListByUid module:custom-icc uid:10328 cost 3801us return 0
12-31 16:30:59.924 9492 9667 E ListServiceUtils: checkInListByUid module:custom-icc uid:10328 cost 3801us return 0
12-31 16:30:59.924 9492 9667 V JpegEncoderExtImpl: Resolution: 578 x 772,support: 0;
12-31 16:30:59.933 9492 9899 E libgcam : [camera_motion_blur_estimator.cc:57]: EstimateCameraMotionBlur: Can't estimate camera motion blur, because gyro data is missing.
12-31 16:30:59.940 9492 10191 D AudioTrack: stop(9274): prior state:STATE_ACTIVE output 13 stream 7 session 68249
12-31 16:30:59.941 9492 10191 I AudioTrack: stop(9274): 0x7a371fc000 stop done
12-31 16:31:00.100 9492 9492 W CAM_A : isListed: unknown activity. mimeType=image/* className=com.instagram.share.handleractivity.ShareHandlerActivity
12-31 16:31:00.100 9492 9492 W CAM_A : isListed: unknown activity. mimeType=image/* className=com.instagram.share.handleractivity.ReelShareHandlerActivity
12-31 16:31:00.100 9492 9492 W CAM_A : isListed: unknown activity. mimeType=image/* className=com.instagram.direct.share.handler.DirectExternalMediaShareActivityPhotoInterop
12-31 16:31:00.103 9492 9492 W CAM_A : isListed: unknown activity. mimeType=video/* className=com.google.android.apps.messaging.ui.conversationlist.ShareIntentActivity
12-31 16:31:00.103 9492 9492 W CAM_A : isListed: unknown activity. mimeType=video/* className=com.instagram.share.handleractivity.ShareHandlerActivity
12-31 16:31:00.103 9492 9492 W CAM_A : isListed: unknown activity. mimeType=video/* className=com.instagram.share.handleractivity.ReelShareHandlerActivity
12-31 16:31:00.103 9492 9492 W CAM_A : isListed: unknown activity. mimeType=video/* className=com.instagram.direct.share.handler.DirectExternalMediaShareActivityVideoInterop
12-31 16:31:00.115 9492 9492 I Quality : Skipped: true 1 cost 28.08894 refreshRate 16593583 bit true processName org.codeaurora.snapcam
12-31 16:31:00.120 9492 9669 D UxIconPackageManagerExt: UxIcon checkChooseIconsRootPath false
12-31 16:31:00.132 9492 9669 D UxIconPackageManagerExt: UxIcon checkChooseIconsRootPath false
12-31 16:31:00.290 9492 9502 I eaurora.snapcam: NativeAlloc concurrent copying GC freed 29MB AllocSpace bytes, 31(804KB) LOS objects, 49% free, 15MB/31MB, paused 120us,66us total 185.270ms
12-31 16:31:00.307 9492 10043 D BufferPoolAccessor2.0: bufferpool2 0x7938c70828 : 0(0 size) total buffers - 0(0 size) used buffers - 2/7 (recycle/alloc) - 5/82 (fetch/transfer)
12-31 16:31:00.307 9492 10043 D BufferPoolAccessor2.0: evictor expired: 1, evicted: 1
12-31 16:31:02.158 9492 9820 W CAM_A : PHOTO > rel Δ(result sensor timestamp) = 0.30 > 0.25
12-31 16:31:02.187 9492 9820 W CAM_A : PHOTO > rel Δ(result sensor timestamp) = 0.43 > 0.25
12-31 16:31:02.285 9492 9820 W CAM_A : PHOTO > rel Δ(result sensor timestamp) = 0.30 > 0.25
12-31 16:31:02.319 9492 9820 W CAM_A : PHOTO > rel Δ(result sensor timestamp) = 0.43 > 0.25
12-31 16:31:02.522 9492 10215 W PermissionInjector: applyBatch in invalid type: 2
12-31 16:31:02.580 9492 9492 W CAM_A : Placeholder drawable removed: key=ShotId-0 evicted=false
12-31 16:31:02.590 9492 10217 D CompatibilityChangeReporter: Compat change id reported: 149924527; UID 10328; state: ENABLED
12-31 16:31:02.591 9492 10217 D CompatibilityChangeReporter: Compat change id reported: 132649864; UID 10328; state: DISABLED
12-31 16:31:02.796 9492 9667 D ListServiceUtils: checkInListByUid module:custom-icc uid:10328 cost 262us return 0
12-31 16:31:02.796 9492 9667 V JpegEncoderExtImpl: Resolution: 433 x 577,support: 0;
12-31 16:31:02.796 9492 10217 D ListServiceUtils: checkInListByUid module:custom-icc uid:10328 cost 571us return 0
12-31 16:31:02.796 9492 10217 V JpegEncoderExtImpl: Resolution: 433 x 577,support: 0;
12-31 16:31:03.182 9492 9492 V AutofillManager: requestHideFillUi(null): anchor = null
12-31 16:31:03.241 9492 9492 D ViewRootImplExtImpl: MotionEvent MotionEvent { action=ACTION_UP, actionButton=0, id=0, x=873.0, y=1943.0, toolType=TOOL_TYPE_FINGER, buttonState=0, classification=NONE, metaState=0, flags=0x0, edgeFlags=0x0, pointerCount=1, historySize=0, eventTime=273299226, downTime=273299169, deviceId=3, source=0x1002, displayId=0, eventId=56028845 } handled by client, just return
12-31 16:31:03.484 9492 9492 D BufferQueueConsumer: [](id:251400000004,api:0,p:-1,c:9492) connect: controlledByApp=true
12-31 16:31:03.484 9492 9638 D BufferQueueProducer: [ImageReader-288x288f1u2816m2-9492-0](id:251400000004,api:1,p:9492,c:9492) connect: api=1 producerControlledByApp=true
12-31 16:31:03.487 9492 9638 E FrameEvents: updateAcquireFence: Did not find frame.
12-31 16:31:03.487 9492 9638 D OpenGLRenderer: SkiaOpenGLPipeline::setSurface: this=0x7903772500, surface=NULL
12-31 16:31:03.489 9492 9638 D BufferQueueProducer: [ImageReader-288x288f1u2816m2-9492-0](id:251400000004,api:1,p:9492,c:9492) disconnect: api 1
12-31 16:31:03.491 9492 9492 D BufferQueueConsumer: [ImageReader-288x288f1u2816m2-9492-0](id:251400000004,api:0,p:-1,c:9492) disconnect
12-31 16:31:03.497 9492 9492 I Quality : Skipped: false 6 cost 106.60217 refreshRate 16598418 bit true processName org.codeaurora.snapcam
12-31 16:31:03.498 9492 9492 D callGcSupression: java.lang.NullPointerException: Attempt to invoke virtual method 'java.lang.Object java.lang.reflect.Method.invoke(java.lang.Object, java.lang.Object[])' on a null object reference 12-31 16:31:0

Use Quizgecko on...
Browser
Browser