Logcat File - Debugging Information

Summary

This logcat file contains system messages, warnings, and errors from an Android device. It is likely part of troubleshooting logs for a software issue. It contains various messages related to camera functionalities and compatibility.

Full Transcript

--------- beginning of main
12-31 16:30:52.689 9665 9665 W libprocessgroup: Controller io is not found
12-31 16:30:52.689 9665 9665 W libprocessgroup: Controller io is not found
12-31 16:30:52.689 9665 9665 W libprocessgroup: Controller io is not found
12-31 16:30:52.702 9665 9665 W libproce...

--------- beginning of main
12-31 16:30:52.689 9665 9665 W libprocessgroup: Controller io is not found
12-31 16:30:52.689 9665 9665 W libprocessgroup: Controller io is not found
12-31 16:30:52.689 9665 9665 W libprocessgroup: Controller io is not found
12-31 16:30:52.702 9665 9665 W libprocessgroup: JoinCgroup: controller schedtune is not found
12-31 16:30:52.703 9665 9665 W libprocessgroup: SetAttribute: unknown attribute: CfqGroupIdle
12-31 16:30:52.703 9665 9665 W libprocessgroup: SetAttribute: unknown attribute: CfqWeight
12-31 16:30:52.703 9665 9665 W libprocessgroup: SetAttribute: unknown attribute: CfqGroupIdle
12-31 16:30:52.703 9665 9665 W libprocessgroup: SetAttribute: unknown attribute: CfqWeight
12-31 16:30:52.703 9665 9665 W libprocessgroup: SetAttribute: unknown attribute: BfqWeight
12-31 16:30:52.703 9665 9665 W libprocessgroup: SetAttribute: unknown attribute: CfqGroupIdle
12-31 16:30:52.703 9665 9665 W libprocessgroup: SetAttribute: unknown attribute: CfqWeight
12-31 16:30:52.703 9665 9665 W libprocessgroup: SetAttribute: unknown attribute: BfqWeight
12-31 16:30:52.703 9665 9665 W libprocessgroup: SetAttribute: unknown attribute: CfqGroupIdle
12-31 16:30:52.703 9665 9665 W libprocessgroup: SetAttribute: unknown attribute: CfqWeight
12-31 16:30:52.703 9665 9665 W libprocessgroup: SetAttribute: unknown attribute: BfqWeight
12-31 16:30:52.703 9665 9665 W libprocessgroup: SetAttribute: unknown attribute: CfqGroupIdle
12-31 16:30:52.703 9665 9665 W libprocessgroup: SetAttribute: unknown attribute: CfqWeight
12-31 16:30:52.703 9665 9665 W libprocessgroup: SetAttribute: unknown attribute: BfqWeight
12-31 16:30:52.703 9665 9665 W libprocessgroup: SetAttribute: unknown attribute: CfqGroupIdle
12-31 16:30:52.703 9665 9665 W libprocessgroup: SetAttribute: unknown attribute: CfqWeight
12-31 16:30:52.703 9665 9665 W libprocessgroup: SetAttribute: unknown attribute: BfqWeight
12-31 16:30:52.703 9665 9665 W libprocessgroup: SetAttribute: unknown attribute: CfqGroupIdle
12-31 16:30:52.703 9665 9665 W libprocessgroup: SetAttribute: unknown attribute: CfqWeight
12-31 16:30:52.704 9492 9667 I CameraManagerExtImpl: getInstance success!
12-31 16:30:52.704 9492 9667 I CameraManagerExtImpl: packagename is org.codeaurora.snapcam
12-31 16:30:52.704 9492 9667 I OplusCameraManager: saveOpPackageName, mOpPackageName: org.codeaurora.snapcam
12-31 16:30:52.705 9492 9667 I OplusCameraManagerGlobal: setClientInfo, packageName: org.codeaurora.snapcam, uid: 10328, pid: 9492
12-31 16:30:52.705 9492 9667 I OplusCameraManagerGlobal: Connecting to camera service
12-31 16:30:52.707 9492 9492 D CompatibilityChangeReporter: Compat change id reported: 183155436; UID 10328; state: DISABLED
12-31 16:30:52.707 9492 9667 I CameraManagerGlobal: Connecting to camera service
12-31 16:30:52.712 9492 9492 I oplus.android.OplusFrameworkFactoryImpl: Unknow feature:IOplusTextViewRTLUtilForUG
12-31 16:30:52.713 9492 9492 D nativeloader: Load liboplushwui_jni.so using system ns (caller=/system/framework/oplus-framework.jar): ok
12-31 16:30:52.719 9492 9492 D OplusWindowManager: get WMS extension: android.os.BinderProxy@600d903
12-31 16:30:52.722 9492 9669 D CameraManager2: GotArray:0
12-31 16:30:52.722 9492 9669 D CameraManager2: GotArray:1
12-31 16:30:52.722 9492 9669 D CameraManager2: GotArray:20
12-31 16:30:52.722 9492 9669 D CameraManager2: GotArray:21
12-31 16:30:52.722 9492 9669 D CameraManager2: GotArray:22
12-31 16:30:52.724 9492 9718 D CameraManager2: GotArray:0
12-31 16:30:52.724 9492 9718 D CameraManager2: GotArray:1
12-31 16:30:52.724 9492 9718 D CameraManager2: GotArray:20
12-31 16:30:52.724 9492 9718 D CameraManager2: GotArray:21
12-31 16:30:52.724 9492 9718 D CameraManager2: GotArray:22 --------- beginning of system
12-31 16:30:52.726 9492 9492 E OplusCustomizeRestrictionManager: sInstance is null, start a new sInstance
12-31 16:30:52.729 9492 9667 D OplusCameraUtils: new OplusCameraUtils!
12-31 16:30:52.730 9492 9492 D CompatibilityChangeReporter: Compat change id reported: 210923482; UID 10328; state: DISABLED
12-31 16:30:52.730 9492 9492 D CompatibilityChangeReporter: Compat change id reported: 37756858; UID 10328; state: ENABLED
12-31 16:30:52.732 9492 9631 W AudioCapabilities: Unsupported mime audio/ffmpeg
12-31 16:30:52.743 9492 9631 W VideoCapabilities: Unsupported mime image/vnd.android.heic
12-31 16:30:52.743 9492 9631 W VideoCapabilities: Unsupported mime image/vnd.android.heic
12-31 16:30:52.750 9492 9631 W VideoCapabilities: Unsupported mime video/ffmpeg
12-31 16:30:52.751 9492 9718 D CameraManager2: GotArray:0
12-31 16:30:52.751 9492 9718 D CameraManager2: GotArray:1
12-31 16:30:52.751 9492 9718 D CameraManager2: GotArray:20
12-31 16:30:52.751 9492 9718 D CameraManager2: GotArray:21
12-31 16:30:52.751 9492 9718 D CameraManager2: GotArray:22
12-31 16:30:52.754 9492 9718 I OplusCameraManagerGlobal: setClientInfo, packageName: org.codeaurora.snapcam, uid: 10328, pid: 9492
12-31 16:30:52.760 9492 9667 D CameraManager2: GotArray:0
12-31 16:30:52.760 9492 9667 D CameraManager2: GotArray:1
12-31 16:30:52.760 9492 9667 D CameraManager2: GotArray:20
12-31 16:30:52.760 9492 9667 D CameraManager2: GotArray:21
12-31 16:30:52.760 9492 9667 D CameraManager2: GotArray:22
12-31 16:30:52.765 9492 9718 I OplusCameraManagerGlobal: setClientInfo, packageName: org.codeaurora.snapcam, uid: 10328, pid: 9492
12-31 16:30:52.769 9492 9718 D CameraManager2: GotArray:0
12-31 16:30:52.769 9492 9718 D CameraManager2: GotArray:1
12-31 16:30:52.769 9492 9718 D CameraManager2: GotArray:20
12-31 16:30:52.769 9492 9718 D CameraManager2: GotArray:21
12-31 16:30:52.769 9492 9718 D CameraManager2: GotArray:22
12-31 16:30:52.770 9492 9718 D CameraManager2: GotArray:0
12-31 16:30:52.770 9492 9718 D CameraManager2: GotArray:1
12-31 16:30:52.770 9492 9718 D CameraManager2: GotArray:20
12-31 16:30:52.770 9492 9718 D CameraManager2: GotArray:21
12-31 16:30:52.770 9492 9718 D CameraManager2: GotArray:22
12-31 16:30:52.773 9492 9492 V TextView: notifyAutoFillManagerAfterTextChanged
12-31 16:30:52.773 9492 9492 V AutofillManager: notifyValueChanged(1073741824): ignoring on state UNKNOWN
12-31 16:30:52.773 9492 9492 V TextView: notifyAutoFillManagerAfterTextChanged
12-31 16:30:52.773 9492 9492 V AutofillManager: notifyValueChanged(1073741824): ignoring on state UNKNOWN
12-31 16:30:52.774 9492 9492 V TextView: notifyAutoFillManagerAfterTextChanged
12-31 16:30:52.774 9492 9492 V AutofillManager: notifyValueChanged(1073741824): ignoring on state UNKNOWN
12-31 16:30:52.775 9492 9492 V TextView: notifyAutoFillManagerAfterTextChanged
12-31 16:30:52.775 9492 9492 V AutofillManager: notifyValueChanged(1073741825): ignoring on state UNKNOWN
12-31 16:30:52.775 9492 9492 V TextView: notifyAutoFillManagerAfterTextChanged
12-31 16:30:52.775 9492 9492 V AutofillManager: notifyValueChanged(1073741825): ignoring on state UNKNOWN
12-31 16:30:52.775 9492 9492 V TextView: notifyAutoFillManagerAfterTextChanged
12-31 16:30:52.775 9492 9492 V AutofillManager: notifyValueChanged(1073741825): ignoring on state UNKNOWN
12-31 16:30:52.777 9492 9772 I OplusCameraManagerGlobal: setClientInfo, packageName: org.codeaurora.snapcam, uid: 10328, pid: 9492
12-31 16:30:52.778 9492 9492 V TextView: notifyAutoFillManagerAfterTextChanged
12-31 16:30:52.778 9492 9492 V AutofillManager: notifyValueChanged(1073741826): ignoring on state UNKNOWN
12-31 16:30:52.778 9492 9492 V TextView: notifyAutoFillManagerAfterTextChanged
12-31 16:30:52.778 9492 9492 V AutofillManager: notifyValueChanged(1073741826): ignoring on state UNKNOWN
12-31 16:30:52.778 9492 9492 V TextView: notifyAutoFillManagerAfterTextChanged
12-31 16:30:52.778 9492 9492 V AutofillManager: notifyValueChanged(1073741826): ignoring on state UNKNOWN
12-31 16:30:52.779 9492 9492 V TextView: notifyAutoFillManagerAfterTextChanged
12-31 16:30:52.779 9492 9492 V AutofillManager: notifyValueChanged(1073741827): ignoring on state UNKNOWN
12-31 16:30:52.779 9492 9492 V TextView: notifyAutoFillManagerAfterTextChanged
12-31 16:30:52.779 9492 9492 V AutofillManager: notifyValueChanged(1073741827): ignoring on state UNKNOWN
12-31 16:30:52.779 9492 9492 V TextView: notifyAutoFillManagerAfterTextChanged
12-31 16:30:52.779 9492 9492 V AutofillManager: notifyValueChanged(1073741827): ignoring on state UNKNOWN
12-31 16:30:52.780 9492 9772 I OplusCameraManagerGlobal: setClientInfo, packageName: org.codeaurora.snapcam, uid: 10328, pid: 9492
12-31 16:30:52.782 9492 9492 V TextView: notifyAutoFillManagerAfterTextChanged
12-31 16:30:52.782 9492 9492 V AutofillManager: notifyValueChanged(1073741828): ignoring on state UNKNOWN
12-31 16:30:52.782 9492 9492 V TextView: notifyAutoFillManagerAfterTextChanged
12-31 16:30:52.782 9492 9492 V AutofillManager: notifyValueChanged(1073741828): ignoring on state UNKNOWN
12-31 16:30:52.782 9492 9492 V TextView: notifyAutoFillManagerAfterTextChanged
12-31 16:30:52.782 9492 9492 V AutofillManager: notifyValueChanged(1073741828): ignoring on state UNKNOWN
12-31 16:30:52.783 9492 9492 V TextView: notifyAutoFillManagerAfterTextChanged
12-31 16:30:52.783 9492 9492 V AutofillManager: notifyValueChanged(1073741829): ignoring on state UNKNOWN
12-31 16:30:52.783 9492 9492 V TextView: notifyAutoFillManagerAfterTextChanged
12-31 16:30:52.783 9492 9492 V AutofillManager: notifyValueChanged(1073741829): ignoring on state UNKNOWN
12-31 16:30:52.783 9492 9492 V TextView: notifyAutoFillManagerAfterTextChanged
12-31 16:30:52.783 9492 9492 V AutofillManager: notifyValueChanged(1073741829): ignoring on state UNKNOWN
12-31 16:30:52.785 9492 9492 V TextView: notifyAutoFillManagerAfterTextChanged
12-31 16:30:52.785 9492 9492 V AutofillManager: notifyValueChanged(1073741830): ignoring on state UNKNOWN
12-31 16:30:52.785 9492 9492 V TextView: notifyAutoFillManagerAfterTextChanged
12-31 16:30:52.785 9492 9492 V AutofillManager: notifyValueChanged(1073741830): ignoring on state UNKNOWN
12-31 16:30:52.785 9492 9492 V TextView: notifyAutoFillManagerAfterTextChanged
12-31 16:30:52.785 9492 9492 V AutofillManager: notifyValueChanged(1073741830): ignoring on state UNKNOWN
12-31 16:30:52.786 9492 9772 I CameraDeviceImplExtImpl: getInstance success!
12-31 16:30:52.786 9492 9492 V TextView: notifyAutoFillManagerAfterTextChanged
12-31 16:30:52.786 9492 9492 V AutofillManager: notifyValueChanged(1073741831): ignoring on state UNKNOWN
12-31 16:30:52.786 9492 9492 V TextView: notifyAutoFillManagerAfterTextChanged
12-31 16:30:52.786 9492 9492 V AutofillManager: notifyValueChanged(1073741831): ignoring on state UNKNOWN
12-31 16:30:52.787 9492 9492 V TextView: notifyAutoFillManagerAfterTextChanged
12-31 16:30:52.787 9492 9492 V AutofillManager: notifyValueChanged(1073741831): ignoring on state UNKNOWN
12-31 16:30:52.788 9492 9492 V TextView: notifyAutoFillManagerAfterTextChanged
12-31 16:30:52.788 9492 9492 V AutofillManager: notifyValueChanged(1073741832): ignoring on state UNKNOWN
12-31 16:30:52.788 9492 9492 V TextView: notifyAutoFillManagerAfterTextChanged
12-31 16:30:52.788 9492 9492 V AutofillManager: notifyValueChanged(1073741832): ignoring on state UNKNOWN
12-31 16:30:52.790 9492 9492 V TextView: notifyAutoFillManagerAfterTextChanged
12-31 16:30:52.790 9492 9492 V AutofillManager: notifyValueChanged(1073741833): ignoring on state UNKNOWN
12-31 16:30:52.790 9492 9492 V TextView: notifyAutoFillManagerAfterTextChanged
12-31 16:30:52.790 9492 9492 V AutofillManager: notifyValueChanged(1073741833): ignoring on state UNKNOWN
12-31 16:30:52.790 9492 9772 W libc : Access denied finding property "persist.vendor.camera.privapp.list"
12-31 16:30:52.790 9492 9772 I OplusCameraManagerGlobal: setClientInfo, packageName: org.codeaurora.snapcam, uid: 10328, pid: 9492
12-31 16:30:52.792 9492 9492 V TextView: notifyAutoFillManagerAfterTextChanged
12-31 16:30:52.792 9492 9492 V AutofillManager: notifyValueChanged(1073741834): ignoring on state UNKNOWN
12-31 16:30:52.792 9492 9492 V TextView: notifyAutoFillManagerAfterTextChanged
12-31 16:30:52.792 9492 9492 V AutofillManager: notifyValueChanged(1073741834): ignoring on state UNKNOWN
12-31 16:30:52.793 9492 9772 I OplusCameraUtils: current activityName: com.google.android.apps.camera.legacy.app.activity.main.CameraActivity
12-31 16:30:52.793 9492 9772 I OplusCameraUtils: getComponentName, componentName: org.codeaurora.snapcam/com.google.android.apps.camera.legacy.app.activity.main.CameraActivity, packageName:org.codeaurora.snapcam, activityName:com.google.android.apps.camera.legacy.app.activity.main.CameraActivity
12-31 16:30:52.793 9492 9772 I CameraManager: openCameraDeviceUserAsync, use componentName: org.codeaurora.snapcam/com.google.android.apps.camera.legacy.app.activity.main.CameraActivity
12-31 16:30:52.793 9492 9492 V TextView: notifyAutoFillManagerAfterTextChanged
12-31 16:30:52.793 9492 9492 V AutofillManager: notifyValueChanged(1073741835): ignoring on state UNKNOWN
12-31 16:30:52.793 9492 9492 V TextView: notifyAutoFillManagerAfterTextChanged
12-31 16:30:52.793 9492 9492 V AutofillManager: notifyValueChanged(1073741835): ignoring on state UNKNOWN
12-31 16:30:52.795 9492 9492 V TextView: notifyAutoFillManagerAfterTextChanged
12-31 16:30:52.795 9492 9492 V AutofillManager: notifyValueChanged(1073741836): ignoring on state UNKNOWN
12-31 16:30:52.795 9492 9492 V TextView: notifyAutoFillManagerAfterTextChanged
12-31 16:30:52.795 9492 9492 V AutofillManager: notifyValueChanged(1073741836): ignoring on state UNKNOWN
12-31 16:30:52.795 9492 9772 I OplusCameraUtils: current activityName: com.google.android.apps.camera.legacy.app.activity.main.CameraActivity
12-31 16:30:52.795 9492 9772 I OplusCameraUtils: getComponentName, componentName: org.codeaurora.snapcam/com.google.android.apps.camera.legacy.app.activity.main.CameraActivity, packageName:org.codeaurora.snapcam, activityName:com.google.android.apps.camera.legacy.app.activity.main.CameraActivity
12-31 16:30:52.796 9492 9492 V TextView: notifyAutoFillManagerAfterTextChanged
12-31 16:30:52.796 9492 9492 V AutofillManager: notifyValueChanged(1073741837): ignoring on state UNKNOWN
12-31 16:30:52.796 9492 9492 V TextView: notifyAutoFillManagerAfterTextChanged
12-31 16:30:52.796 9492 9492 V AutofillManager: notifyValueChanged(1073741837): ignoring on state UNKNOWN
12-31 16:30:52.799 9492 9667 W CAM_A : Build number (S.19e4e9e_3a868_3a867) is not a number. Ignoring version check for b/149569689.
12-31 16:30:52.806 9492 9506 E CameraManagerGlobal: Camera 4 is not present. Ignore physical camera status change
12-31 16:30:52.815 9492 9492 I DeezNuts: MSG: SLIDER 1 FOCUS: 1.0E-4
12-31 16:30:52.815 9492 9492 I ProReC : setprogres0
12-31 16:30:52.815 9492 9718 D CompatibilityChangeReporter: Compat change id reported: 236825255; UID 10328; state: DISABLED
12-31 16:30:52.815 9492 9492 I DeezNuts: MSG: SLIDER 0 IDX: 0
12-31 16:30:52.815 9492 9492 I ProReC : setprogres_iso0
12-31 16:30:52.815 9492 9492 I za.defcomk.prorec.cust2.RotSeek: setprogres_iso0
12-31 16:30:52.818 9492 9492 D ScrollOptimizationHelper: can't find the config file for optimizaiton
12-31 16:30:52.818 9492 9492 D ScrollOptimizationHelper: will not debug for debug is false
12-31 16:30:52.818 9492 9492 D CompatibilityChangeReporter: Compat change id reported: 171228096; UID 10328; state: ENABLED
12-31 16:30:52.818 9492 9492 I oplus.android.OplusFrameworkFactoryImpl: get feature:IOplusDynamicVsyncFeature
12-31 16:30:52.818 9492 9492 I oplus.android.OplusFrameworkFactoryImpl: get feature:IOplusDynamicVsyncFeature
12-31 16:30:52.818 9492 9492 I oplus.android.OplusFrameworkFactoryImpl: get feature:IOplusDynamicVsyncFeature
12-31 16:30:52.840 9492 9718 D BufferQueueConsumer: [](id:251400000000,api:0,p:-1,c:9492) connect: controlledByApp=true
12-31 16:30:52.840 9492 9718 D ExtensionsLoader: createInstance(64bit) : createExtendedFactory
12-31 16:30:52.841 9492 9718 D ExtensionsLoader: Opened libSchedAssistExtImpl.so
12-31 16:30:52.841 9492 9718 E SchedAssist: ofbOpen failed with error=No such file or directory
12-31 16:30:52.841 9492 9718 E SchedAssist: sysOpen failed with error=No such file or directory
12-31 16:30:52.841 9492 9718 E SchedAssist: sharedImFd failed with error=Permission denied
12-31 16:30:52.847 9492 9492 I oplus.android.OplusFrameworkFactoryImpl: get feature:IOplusDynamicVsyncFeature
12-31 16:30:52.847 9492 9492 I oplus.android.OplusFrameworkFactoryImpl: get feature:IOplusDynamicVsyncFeature
12-31 16:30:52.847 9492 9492 I oplus.android.OplusFrameworkFactoryImpl: get feature:IOplusDynamicVsyncFeature
12-31 16:30:52.851 9492 9808 I OplusCameraUtils: current activityName: com.google.android.apps.camera.legacy.app.activity.main.CameraActivity
12-31 16:30:52.860 9492 9492 I Quality : InflateViewInfo:136196510,com.google.android.apps.camera.ui.views.MainActivityLayout
12-31 16:30:52.867 9492 9492 D ScrollOptim [ConfigManager]: initOptConfig: pkg= org.codeaurora.snapcam, mOptEnable= true, mAnimAheadEnable= true, mInsertDefaultNum= 1, mFrameInsertEnableList= {}, mSCEnableList= []
12-31 16:30:52.867 9492 9492 D ScrollOptim [SceneManager]: updateCurrentActivity: mCurrentActivityName=com.android.camera.CameraLauncher, isOptEnable=true, isAnimAheadEnable=true, isFrameInsertEnable=true, InsertNum=1, isEnabledForScrollChanged=false
12-31 16:30:52.867 9492 9492 D ActivityThread: ComponentInfo{org.codeaurora.snapcam/com.android.camera.CameraLauncher} checkFinished=false 2
12-31 16:30:52.868 9492 9492 D ResourcesManagerExtImpl: applyConfigurationToAppResourcesLocked app.getDisplayId() return callback.displayId:-1
12-31 16:30:52.872 9492 9718 D ExtensionsLoader: createInstance(64bit) : createExtendedFactory
12-31 16:30:52.872 9492 9718 D ExtensionsLoader: Opened libguiextimpl.so
12-31 16:30:52.872 9492 9718 D nativeloader: Load liboplusgui_jni.so using system ns (caller=/system/framework/oplus-framework.jar): ok
12-31 16:30:52.873 9492 9492 D nativeloader: Load libSchedAssistJni.so using system ns (caller=/system/framework/oplus-framework.jar): ok
12-31 16:30:52.873 9492 9492 D ExtensionsLoader: createInstance(64bit) : createExtendedFactory
12-31 16:30:52.874 9492 9492 D ExtensionsLoader: Opened libSchedAssistExtImpl.so
12-31 16:30:52.874 9492 9718 D BufferQueueConsumer: [](id:251400000001,api:0,p:-1,c:9492) connect: controlledByApp=true
12-31 16:30:52.877 9492 9492 D OplusInputMethodUtil: init sDebug to false, init sDebugIme to false, init sAlwaysOn to false
12-31 16:30:52.877 9492 9669 D Vibrator: SystemVibrator Created
12-31 16:30:52.877 9492 9492 D OplusInputMethodUtil: updateDebugToClass InputMethodManager.DEBUG = false
12-31 16:30:52.877 9492 9492 D OplusInputMethodUtil: updateDebugToClass ImeFocusController.DEBUG = false
12-31 16:30:52.877 9492 9492 D OplusInputMethodUtil: updateDebugToClass BaseInputConnection.DEBUG = false
12-31 16:30:52.879 9492 9808 D OplusStatistics--: newThread.ThreadFactory
12-31 16:30:52.882 9492 9492 D CompatibilityChangeReporter: Compat change id reported: 237531167; UID 10328; state: DISABLED
12-31 16:30:52.885 9492 9492 I DynamicFramerate [FRTCConfigManager]: initFrameRateConfig:
12-31 16:30:52.885 9492 9492 I DynamicFramerate [FRTCConfigManager]: levels: [120, 60]
12-31 16:30:52.885 9492 9492 I DynamicFramerate [FRTCConfigManager]: thresholds:
12-31 16:30:52.885 9492 9492 I DynamicFramerate [FRTCConfigManager]: scrollbar fade frame rate: 0
12-31 16:30:52.885 9492 9492 I DynamicFramerate [FRTCConfigManager]: FRTCConfigManager: FRTC_CAPABILITY = 120, package name = org.codeaurora.snapcam, WINDOW_ANIMATION_SPEED_RATE = 10, SCROLL_ANIMATION_SPEED_RATE = 20, MuitiWindowIdleFramerate = 60, PACKAGE_ENABLE = false
12-31 16:30:52.885 9492 9492 I DynamicFramerate [DynamicFrameRateController]: init info: mPackageName = org.codeaurora.snapcam, mIsEnabled = false
12-31 16:30:52.885 9492 9492 D WindowManager: Add to mViews: DecorView@fad5a67[CameraLauncher],pkg= org.codeaurora.snapcam
12-31 16:30:52.886 9492 9638 D ExtensionsLoader: createInstance(64bit) : createExtendedFactory
12-31 16:30:52.888 9492 9772 I OplusCameraManagerGlobal: setIsCameraUnitSession E
12-31 16:30:52.895 9492 9638 D ExtensionsLoader: Opened libhwuiextimpl.so
12-31 16:30:52.895 9492 9492 D ExtensionsLoader: createInstance(64bit) : createExtendedFactory
12-31 16:30:52.896 9492 9492 D ExtensionsLoader: Opened libSchedAssistExtImpl.so
12-31 16:30:52.913 9492 9492 D InputEventReceiver: Input log is disabled in InputEventReceiver.
12-31 16:30:52.914 9492 9492 D callGcSupression: java.lang.NullPointerException: Attempt to invoke virtual method 'java.lang.Object java.lang.reflect.Method.invoke(java.lang.Object, java.lang.Object[])' on a null object reference
12-31 16:30:52.914 9492 9492 D ResourcesManagerExtImpl: applyConfigurationToAppResourcesLocked app.getDisplayId() return callback.displayId:-1
12-31 16:30:52.918 9492 9492 I Quality : Skipped: false 1 cost 17.53071 refreshRate 16598519 bit true processName org.codeaurora.snapcam
12-31 16:30:52.918 9492 9492 E OplusBracketLog: [OplusViewMirrorManager] updateHostViewRootIfNeeded, not support android.view.ViewRootImpl@bf669ba
12-31 16:30:52.924 9492 9492 D ViewRootImplExtImpl: wrapConfigInfoIntoFlags rotation=0, smallestScreenWidthDp=360, relayoutAsync=false, newFlags=23592960, title=org.codeaurora.snapcam/com.android.camera.CameraLauncher
12-31 16:30:52.932 9492 9492 D VRI[CameraLauncher]: relayoutWindow result, sizeChanged:true, surfaceControlChanged:true, transformHintChanged:true, mSurfaceSize:Point(1080, 2400), mLastSurfaceSize:Point(0, 0), mWidth:-1, mHeight:-1, requestedWidth:1080, requestedHeight:2400, transformHint:0, lastTransformHint:-2147483648, installOrientation:0, displayRotation:0, isSurfaceValid:true, attr.flag:-2122251008, useBlast:true, tmpFrames:ClientWindowFrames{frame=[0,0][1080,2400] display=[0,0][1080,2400] parentFrame=[0,0][0,0]}
12-31 16:30:52.940 9492 9669 D CameraManager2: GotArray:0
12-31 16:30:52.940 9492 9669 D CameraManager2: GotArray:1
12-31 16:30:52.940 9492 9669 D CameraManager2: GotArray:20
12-31 16:30:52.940 9492 9669 D CameraManager2: GotArray:21
12-31 16:30:52.940 9492 9669 D CameraManager2: GotArray:22
12-31 16:30:52.942 9492 9492 W VRI[CameraLauncher]: updateBlastSurfaceIfNeeded, surfaceSize:Point(1080, 2400), lastSurfaceSize:Point(0, 0), format:-3, blastBufferQueue:null
12-31 16:30:52.942 9492 9492 D BufferQueueConsumer: [](id:251400000002,api:0,p:-1,c:9492) connect: controlledByApp=false
12-31 16:30:52.947 9492 9669 D Vibrator: SystemVibrator Created
12-31 16:30:52.959 9492 9772 D BufferQueueProducer: [ImageReader-4624x3468f25m42-9492-0](id:251400000000,api:4,p:1843,c:9492) connect: api=4 producerControlledByApp=false
12-31 16:30:52.960 9492 9772 D BufferQueueProducer: [ImageReader-640x480f23m52-9492-1](id:251400000001,api:4,p:1843,c:9492) connect: api=4 producerControlledByApp=false
12-31 16:30:52.964 9492 9638 I AdrenoGLES-0: QUALCOMM build : e7626cbb06, If33672715f
12-31 16:30:52.964 9492 9638 I AdrenoGLES-0: Build Date : 01/24/23
12-31 16:30:52.964 9492 9638 I AdrenoGLES-0: OpenGL ES Shader Compiler Version: EV031.35.01.12
12-31 16:30:52.964 9492 9638 I AdrenoGLES-0: Local Branch :
12-31 16:30:52.964 9492 9638 I AdrenoGLES-0: Remote Branch : refs/tags/AU_LINUX_ANDROID_LA.UM.9.14.11.00.00.571.148
12-31 16:30:52.964 9492 9638 I AdrenoGLES-0: Remote Branch : NONE
12-31 16:30:52.964 9492 9638 I AdrenoGLES-0: Reconstruct Branch : NOTHING
12-31 16:30:52.964 9492 9638 I AdrenoGLES-0: Build Config : S P 10.0.7 AArch64
12-31 16:30:52.964 9492 9638 I AdrenoGLES-0: Driver Path : /vendor/lib64/egl/libGLESv2_adreno.so
12-31 16:30:52.972 9492 9638 I AdrenoGLES-0: PFP: 0x016ee201, ME: 0x00000000
12-31 16:30:52.999 9492 9638 D BufferQueueProducer: [VRI[CameraLauncher]#0(BLAST Consumer)0](id:251400000002,api:1,p:9492,c:9492) connect: api=1 producerControlledByApp=true
12-31 16:30:52.999 9492 9638 E OpenGLRenderer: Unable to match the desired swap behavior.
12-31 16:30:53.000 9492 9492 I SurfaceControl: setExtendedRangeBrightness sc=Surface(name=org.codeaurora.snapcam/com.android.camera.CameraLauncher)/@0x42b79db,currentBufferRatio=1.0,desiredRatio=1.0
12-31 16:30:53.011 9492 9633 W ProtoDataStoreFlagStore: Unable to retrieve flag snapshot for com.google.android.libraries.consentverifier#org.codeaurora.snapcam, using defaults.
12-31 16:30:53.026 9492 9638 D BLASTBufferQueue: [VRI[CameraLauncher]#0](f:0,a:1) acquireNextBufferLocked size=1080x2400 mFrameNumber=1 applyTransaction=true mTimestamp=273289013690695(auto) mPendingTransactions.size=0 graphicBufferId=40767829573632 transform=0
12-31 16:30:53.026 9492 9638 D VRI[CameraLauncher]: Received frameCommittedCallback lastAttemptedDrawFrameNum=1 didProduceBuffer=true syncBuffer=false
12-31 16:30:53.026 9492 9492 D VRI[CameraLauncher]: draw finished.
12-31 16:30:53.026 9492 9492 D VRI[CameraLauncher]: reportDrawFinished
12-31 16:30:53.027 9492 9492 D ViewRootImplExtImpl: setMaxDequeuedBufferCount: 2
12-31 16:30:53.028 9492 9492 W CAM_A : Was already registered as ThermalStatusListener on AppStart
12-31 16:30:53.028 9492 9628 V SystemSensorManagerExtImpl: RegisterListener Rotation Vector Non-wakeup type:11 delay:200000us by hpi@32b2d43 from org.codeaurora.snapcam
12-31 16:30:53.061 9492 9492 V TextView: notifyAutoFillManagerAfterTextChanged
12-31 16:30:53.061 9492 9492 V AutofillManager: notifyValueChanged(1073741838): ignoring on state UNKNOWN
12-31 16:30:53.061 9492 9492 V TextView: notifyAutoFillManagerAfterTextChanged
12-31 16:30:53.061 9492 9492 V AutofillManager: notifyValueChanged(1073741838): ignoring on state UNKNOWN
12-31 16:30:53.063 9492 9492 V TextView: notifyAutoFillManagerAfterTextChanged
12-31 16:30:53.063 9492 9492 V AutofillManager: notifyValueChanged(1073741839): ignoring on state UNKNOWN
12-31 16:30:53.063 9492 9492 V TextView: notifyAutoFillManagerAfterTextChanged
12-31 16:30:53.063 9492 9492 V AutofillManager: notifyValueChanged(1073741839): ignoring on state UNKNOWN
12-31 16:30:53.351 9492 9808 I OplusCameraUtils: current activityName: com.google.android.apps.camera.legacy.app.activity.main.CameraActivity
12-31 16:30:53.570 9492 9631 D nativeloader: Load /data/user/0/org.codeaurora.snapcam/files/libpatched_jni.so using ns clns-6 from class loader (caller=/data/app/~~p0vPPxMwrk0muTNmhBQxxQ==/org.codeaurora.snapcam-y7446fFmxnTQ8rLegD6qyA==/base.apk): ok
12-31 16:30:53.575 9492 9631 D nativeloader: Load /data/app/~~p0vPPxMwrk0muTNmhBQxxQ==/org.codeaurora.snapcam-y7446fFmxnTQ8rLegD6qyA==/lib/arm64/libpairipcoreX.so using ns clns-6 from class loader (caller=/data/app/~~p0vPPxMwrk0muTNmhBQxxQ==/org.codeaurora.snapcam-y7446fFmxnTQ8rLegD6qyA==/base.apk!classes2.dex): ok
12-31 16:30:53.586 9492 9669 D CameraManager2: GotArray:0
12-31 16:30:53.586 9492 9669 D CameraManager2: GotArray:1
12-31 16:30:53.586 9492 9669 D CameraManager2: GotArray:20
12-31 16:30:53.586 9492 9669 D CameraManager2: GotArray:21
12-31 16:30:53.586 9492 9669 D CameraManager2: GotArray:22
12-31 16:30:53.605 9492 9669 D nativeloader: Load /data/app/~~p0vPPxMwrk0muTNmhBQxxQ==/org.codeaurora.snapcam-y7446fFmxnTQ8rLegD6qyA==/lib/arm64/libagc.so using ns clns-6 from class loader (caller=/data/app/~~p0vPPxMwrk0muTNmhBQxxQ==/org.codeaurora.snapcam-y7446fFmxnTQ8rLegD6qyA==/base.apk!classes2.dex): ok
12-31 16:30:53.639 9492 9669 D CameraManager2: GotArray:0
12-31 16:30:53.639 9492 9669 D CameraManager2: GotArray:1
12-31 16:30:53.639 9492 9669 D CameraManager2: GotArray:20
12-31 16:30:53.639 9492 9669 D CameraManager2: GotArray:21
12-31 16:30:53.639 9492 9669 D CameraManager2: GotArray:22
12-31 16:30:53.660 9492 9718 W CAM_SimpleReqProcessor: Failed to add Stream-2 to CaptureRequest for Request-0. The surface (null) was not valid.
12-31 16:30:53.660 9492 9718 W CAM_SimpleReqProcessor: Failed to submit a CaptureRequest for Request-0: There were no surfaces on the request.
12-31 16:30:53.661 9492 9718 W CAM_SimpleReqProcessor: Failed to add Stream-2 to CaptureRequest for Request-1. The surface (null) was not valid.
12-31 16:30:53.677 9492 9492 D CameraManager2: GotArray:0
12-31 16:30:53.677 9492 9492 D CameraManager2: GotArray:1
12-31 16:30:53.677 9492 9492 D CameraManager2: GotArray:20
12-31 16:30:53.677 9492 9492 D CameraManager2: GotArray:21
12-31 16:30:53.677 9492 9492 D CameraManager2: GotArray:22
12-31 16:30:53.678 9492 9492 D CameraManager2: GotArray:0
12-31 16:30:53.678 9492 9492 D CameraManager2: GotArray:1
12-31 16:30:53.678 9492 9492 D CameraManager2: GotArray:20
12-31 16:30:53.678 9492 9492 D CameraManager2: GotArray:21
12-31 16:30:53.678 9492 9492 D CameraManager2: GotArray:22
12-31 16:30:53.679 9492 9492 D CameraManager2: GotArray:0
12-31 16:30:53.679 9492 9492 D CameraManager2: GotArray:1
12-31 16:30:53.679 9492 9492 D CameraManager2: GotArray:20
12-31 16:30:53.679 9492 9492 D CameraManager2: GotArray:21
12-31 16:30:53.679 9492 9492 D CameraManager2: GotArray:22
12-31 16:30:53.681 9492 9492 D CameraManager2: GotArray:0
12-31 16:30:53.681 9492 9492 D CameraManager2: GotArray:1
12-31 16:30:53.681 9492 9492 D CameraManager2: GotArray:20
12-31 16:30:53.681 9492 9492 D CameraManager2: GotArray:21
12-31 16:30:53.681 9492 9492 D CameraManager2: GotArray:22
12-31 16:30:53.683 9492 9492 W FontsContract: Platform version of downloadable fonts is deprecated. Please use androidx version instead.
12-31 16:30:53.687 9492 9718 W CAM_SimpleReqProcessor: Failed to add Stream-2 to CaptureRequest for Request-2. The surface (null) was not valid.
12-31 16:30:53.738 9492 9492 D CameraManager2: GotArray:0
12-31 16:30:53.738 9492 9492 D CameraManager2: GotArray:1
12-31 16:30:53.738 9492 9492 D CameraManager2: GotArray:20
12-31 16:30:53.738 9492 9492 D CameraManager2: GotArray:21
12-31 16:30:53.738 9492 9492 D CameraManager2: GotArray:22
12-31 16:30:53.747 9492 9718 W CAM_SimpleReqProcessor: Failed to add Stream-2 to CaptureRequest for Request-3. The surface (null) was not valid.
12-31 16:30:53.748 9492 9492 D CameraManager2: GotArray:0
12-31 16:30:53.748 9492 9492 D CameraManager2: GotArray:1
12-31 16:30:53.748 9492 9492 D CameraManager2: GotArray:20
12-31 16:30:53.748 9492 9492 D CameraManager2: GotArray:21
12-31 16:30:53.748 9492 9492 D CameraManager2: GotArray:22
12-31 16:30:53.750 9492 9492 D CameraManager2: GotArray:0
12-31 16:30:53.750 9492 9492 D CameraManager2: GotArray:1
12-31 16:30:53.750 9492 9492 D CameraManager2: GotArray:20
12-31 16:30:53.750 9492 9492 D CameraManager2: GotArray:21
12-31 16:30:53.750 9492 9492 D CameraManager2: GotArray:22
12-31 16:30:53.751 9492 9492 D CameraManager2: GotArray:0
12-31 16:30:53.751 9492 9492 D CameraManager2: GotArray:1
12-31 16:30:53.751 9492 9492 D CameraManager2: GotArray:20
12-31 16:30:53.751 9492 9492 D CameraManager2: GotArray:21
12-31 16:30:53.752 9492 9492 D CameraManager2: GotArray:22
12-31 16:30:53.752 9492 9492 D CameraManager2: GotArray:0
12-31 16:30:53.752 9492 9492 D CameraManager2: GotArray:1
12-31 16:30:53.752 9492 9492 D CameraManager2: GotArray:20
12-31 16:30:53.752 9492 9492 D CameraManager2: GotArray:21
12-31 16:30:53.752 9492 9492 D CameraManager2: GotArray:22
12-31 16:30:53.755 9492 9718 W CAM_SimpleReqProcessor: Failed to add Stream-2 to CaptureRequest for Request-4. The surface (null) was not valid.
12-31 16:30:53.762 9492 9492 W FontsContract: Platform version of downloadable fonts is deprecated. Please use androidx version instead.
12-31 16:30:53.763 9492 9718 W CAM_SimpleReqProcessor: Failed to add Stream-2 to CaptureRequest for Request-5. The surface (null) was not valid.
12-31 16:30:53.768 9492 9718 W CAM_SimpleReqProcessor: Failed to add Stream-2 to CaptureRequest for Request-6. The surface (null) was not valid.
12-31 16:30:53.775 9492 9718 W CAM_SimpleReqProcessor: Failed to add Stream-2 to CaptureRequest for Request-7. The surface (null) was not valid.
12-31 16:30:53.779 9492 9962 W CAM_SimpleReqProcessor: Failed to add Stream-2 to CaptureRequest for Request-8. The surface (null) was not valid.
12-31 16:30:53.780 9492 9492 W CAM_A : ModeSwitcher WAS ALREADY ENABLED!
12-31 16:30:53.784 9492 9492 D CameraManager2: GotArray:0
12-31 16:30:53.784 9492 9492 D CameraManager2: GotArray:1
12-31 16:30:53.784 9492 9492 D CameraManager2: GotArray:20
12-31 16:30:53.784 9492 9492 D CameraManager2: GotArray:21
12-31 16:30:53.784 9492 9492 D CameraManager2: GotArray:22
12-31 16:30:53.784 9492 9492 D CameraManager2: GotArray:0
12-31 16:30:53.784 9492 9492 D CameraManager2: GotArray:1
12-31 16:30:53.784 9492 9492 D CameraManager2: GotArray:20
12-31 16:30:53.784 9492 9492 D CameraManager2: GotArray:21
12-31 16:30:53.784 9492 9492 D CameraManager2: GotArray:22
12-31 16:30:53.785 9492 9492 D CameraManager2: GotArray:0
12-31 16:30:53.786 9492 9492 D CameraManager2: GotArray:1
12-31 16:30:53.786 9492 9492 D CameraManager2: GotArray:20
12-31 16:30:53.786 9492 9492 D CameraManager2: GotArray:21
12-31 16:30:53.786 9492 9492 D CameraManager2: GotArray:22
12-31 16:30:53.790 9492 9492 I SurfaceView: 234878659 onAttachedToWindow
12-31 16:30:53.796 9492 9667 D ListServiceUtils: mListServiceUtils::init CallingPid 9492
12-31 16:30:53.801 9492 9492 D VRI[CameraLauncher]: onFocusEvent true
12-31 16:30:53.801 9492 9962 W CAM_SimpleReqProcessor: Failed to add Stream-2 to CaptureRequest for Request-9. The surface (null) was not valid.
12-31 16:30:53.802 9492 9667 D ListServiceUtils: mListServiceUtils::init this 0x7a37a93d00
12-31 16:30:53.802 9492 9492 W VRI[CameraLauncher]: handleResized, msg:5, frameChanged:false, configChanged:false, displayChanged:false, attachedFrameChanged:false, compatScaleChanged:false, pendingDragResizing=false
12-31 16:30:53.802 9492 9492 I Choreographer: Skipped 52 frames! The application may be doing too much work on its main thread.
12-31 16:30:53.802 9492 9492 I Quality : Skipped: false 52 cost 868.83234 refreshRate 16598657 bit true processName org.codeaurora.snapcam
12-31 16:30:53.803 9492 9667 D ListServiceUtils: checkInListByUid module:custom-icc uid:10328 cost 350us return 0
12-31 16:30:53.803 9492 9667 V JpegEncoderExtImpl: Resolution: 433 x 577,support: 0;
12-31 16:30:53.804 9492 9628 V SystemSensorManagerExtImpl: unRegisterListener by hpi@32b2d43 and its name is Rotation Vector Non-wakeup
12-31 16:30:53.815 9492 9962 W CAM_SimpleReqProcessor: Failed to add Stream-2 to CaptureRequest for Request-10. The surface (null) was not valid.
12-31 16:30:53.818 9492 9492 D ViewRootImplExtImpl: wrapConfigInfoIntoFlags rotation=0, smallestScreenWidthDp=360, relayoutAsync=true, newFlags=23592960, title=org.codeaurora.snapcam/com.android.camera.CameraLauncher
12-31 16:30:53.818 9492 9492 D VRI[CameraLauncher]: relayoutWindow result, sizeChanged:false, surfaceControlChanged:false, transformHintChanged:false, mSurfaceSize:Point(1080, 2400), mLastSurfaceSize:Point(1080, 2400), mWidth:1080, mHeight:2400, requestedWidth:1080, requestedHeight:2400, transformHint:0, lastTransformHint:0, installOrientation:0, displayRotation:0, isSurfaceValid:true, attr.flag:-2122250880, useBlast:true, tmpFrames:ClientWindowFrames{frame=[0,0][1080,2400] display=[0,0][1080,2400] parentFrame=[0,0][1080,2400]}
12-31 16:30:53.818 9492 9492 W VRI[CameraLauncher]: updateBlastSurfaceIfNeeded, surfaceSize:Point(1080, 2400), lastSurfaceSize:Point(1080, 2400), format:-3, blastBufferQueue:android.graphics.BLASTBufferQueue@12303de
12-31 16:30:53.823 9492 9492 D AutofillManager: notifyViewEnteredForFillDialog:1073741826
12-31 16:30:53.823 9492 9962 W CAM_SimpleReqProcessor: Failed to add Stream-2 to CaptureRequest for Request-11. The surface (null) was not valid.
12-31 16:30:53.823 9492 9492 D AutofillManager: notifyViewEnteredForFillDialog:1073741827
12-31 16:30:53.824 9492 9492 D AutofillManager: notifyViewEnteredForFillDialog:1073741828
12-31 16:30:53.824 9492 9492 D AutofillManager: notifyViewEnteredForFillDialog:1073741833
12-31 16:30:53.825 9492 9492 I DeezNuts: MSG: SLIDER 1 FOCUS: 1.0E-4
12-31 16:30:53.825 9492 9492 I ProReC : setprogres0
12-31 16:30:53.825 9492 9492 I DeezNuts: MSG: SLIDER 0 IDX: 0
12-31 16:30:53.825 9492 9492 I ProReC : setprogres_iso0
12-31 16:30:53.825 9492 9492 I za.defcomk.prorec.cust2.RotSeek: setprogres_iso0
12-31 16:30:53.827 9492 9962 W CAM_SimpleReqProcessor: Failed to add Stream-2 to CaptureRequest for Request-12. The surface (null) was not valid.
12-31 16:30:53.833 9492 9962 W CAM_SimpleReqProcessor: Failed to add Stream-2 to CaptureRequest for Request-13. The surface (null) was not valid.
12-31 16:30:53.836 9492 9962 W CAM_SimpleReqProcessor: Failed to add Stream-2 to CaptureRequest for Request-14. The surface (null) was not valid.
12-31 16:30:53.840 9492 9962 W CAM_SimpleReqProcessor: Failed to add Stream-2 to CaptureRequest for Request-15. The surface (null) was not valid.
12-31 16:30:53.840 9492 9492 D BufferQueueConsumer: [](id:251400000003,api:0,p:-1,c:9492) connect: controlledByApp=false
12-31 16:30:53.842 9492 9492 I SurfaceView: 234878659 visibleChanged -- surfaceCreated
12-31 16:30:53.842 9492 9492 D SurfaceView: 234878659 handleSyncNoBuffer
12-31 16:30:53.843 9492 9492 D SurfaceView: 234878659 finishedDrawing
12-31 16:30:53.843 9492 9492 D SurfaceView: 234878659 performDrawFinished mAttachedToWindow true
12-31 16:30:53.844 9492 9492 I SurfaceControl: setExtendedRangeBrightness sc=Surface(name=org.codeaurora.snapcam/com.android.camera.CameraLauncher)/@0x42b79db,currentBufferRatio=1.0,desiredRatio=1.0
12-31 16:30:53.844 9492 9492 D SurfaceView: 234878659 dispatchDraw mDrawFinished true isAboveParent false (mPrivateFlags & PFLAG_SKIP_DRAW) 128
12-31 16:30:53.844 9492 9492 D SurfaceView: 234878659 clearSurfaceViewPort mCornerRadius 0.0
12-31 16:30:53.878 9492 9638 D VRI[CameraLauncher]: Received frameCommittedCallback lastAttemptedDrawFrameNum=2 didProduceBuffer=true syncBuffer=false
12-31 16:30:53.878 9492 9492 D VRI[CameraLauncher]: draw finished.
12-31 16:30:53.878 9492 9492 D VRI[CameraLauncher]: reportDrawFinished
12-31 16:30:53.894 9492 9824 W CAM_SurfaceMap: Surface(name=null)/@0xa8d8eb2 is valid but deferred streams are not yet available for CaptureSession-0
12-31 16:30:53.894 9492 9824 W CAM_SimpleReqProcessor: Failed to add Stream-2 to CaptureRequest for Request-16. The surface is not yet available.
12-31 16:30:53.895 9492 9506 I OpenGLRenderer: Davey! duration=949ms; Flags=0, FrameTimelineVsyncId=135228553, IntendedVsync=273288921610326, Vsync=273289784740490, InputEventId=0, HandleInputStart=273289790981371, AnimationStart=273289790982569, PerformTraversalsStart=273289791190590, DrawStart=273289831833923, FrameDeadline=273289037864490, FrameInterval=273289790442621, FrameStartTime=16598657, SyncQueued=273289844747205, SyncStart=273289844831476, IssueDrawCommandsStart=273289859148194, SwapBuffers=273289865170798, FrameCompleted=273289871087413, DequeueBufferDuration=16406, QueueBufferDuration=350885, GpuCompleted=273289871087413, SwapBuffersCompleted=273289865970069, DisplayPresentTime=0, CommandSubmissionCompleted=273289865170798,
12-31 16:30:53.899 9492 9492 D CameraManager2: GotArray:0
12-31 16:30:53.899 9492 9492 D CameraManager2: GotArray:1
12-31 16:30:53.899 9492 9492 D CameraManager2: GotArray:20
12-31 16:30:53.899 9492 9492 D CameraManager2: GotArray:21
12-31 16:30:53.899 9492 9492 D CameraManager2: GotArray:22
12-31 16:30:53.900 9492 9492 W CAM_A : ModeSwitcher WAS ALREADY ENABLED!
12-31 16:30:53.902 9492 9492 W VRI[CameraLauncher]: handleResized, msg:5, frameChanged:false, configChanged:false, displayChanged:false, attachedFrameChanged:false, compatScaleChanged:false, pendingDragResizing=false
12-31 16:30:53.905 9492 9492 W CAM_SurfaceMap: Surface(name=null)/@0xa8d8eb2 is valid but deferred streams are not yet available for CaptureSession-0
12-31 16:30:53.905 9492 9492 W CAM_SimpleReqProcessor: Failed to add Stream-2 to CaptureRequest for Request-17. The surface is not yet available.
12-31 16:30:53.908 9492 9824 D BufferQueueProducer: [SurfaceView[org.codeaurora.snapcam/com.android.camera.CameraLauncher]#1(BLAST Consumer)1](id:251400000003,api:4,p:1843,c:9492) connect: api=4 producerControlledByApp=true
12-31 16:30:53.913 9492 9667 W CAM_A : Extractor (frame) of type feature.acmi.imu.frame-straightness depends on foreign type feature.acmi.imu.camera-orientation! Feature values may be calculated out of order!
12-31 16:30:53.920 9492 9667 W CAM_A : Extractor (frame) of type feature.acmi.imu.frame-straightness depends on foreign type feature.acmi.imu.camera-orientation! Feature values may be calculated out of order!
12-31 16:30:53.933 9492 9492 I Quality : Skipped: false 7 cost 119.309 refreshRate 16602482 bit true processName org.codeaurora.snapcam
12-31 16:30:53.934 9492 9669 V SystemSensorManagerExtImpl: RegisterListener icm4x6xa Accelerometer Non-wakeup type:1 delay:200000us by android.view.OrientationEventListener$SensorEventListenerImpl@4517bda from org.codeaurora.snapcam
12-31 16:30:53.938 9492 9667 V SystemSensorManagerExtImpl: RegisterListener icm4x6xa Accelerometer Non-wakeup type:1 delay:200000us by ftr@1bd06e8 from org.codeaurora.snapcam
12-31 16:30:53.956 9492 9820 W CAM_A : UNINITIALIZED > result sensor delay = 1.99 > 1.10
12-31 16:30:53.961 9492 9667 V SystemSensorManagerExtImpl: RegisterListener icm4x6xa Gyroscope Non-wakeup type:4 delay:200000us by ftr@1bd06e8 from org.codeaurora.snapcam
12-31 16:30:53.972 9492 9638 D VRI[CameraLauncher]: Received frameCommittedCallback lastAttemptedDrawFrameNum=3 didProduceBuffer=true syncBuffer=false
12-31 16:30:53.972 9492 9492 D VRI[CameraLauncher]: draw finished.
12-31 16:30:53.972 9492 9492 D VRI[CameraLauncher]: reportDrawFinished
12-31 16:30:53.975 9492 9667 V SystemSensorManagerExtImpl: RegisterListener icm4x6xa Gyroscope Non-wakeup type:4 delay:0us by lxf@58d1b8c from org.codeaurora.snapcam
12-31 16:30:53.988 9492 9492 I Quality : Skipped: false 2 cost 42.04436 refreshRate 16597822 bit true processName org.codeaurora.snapcam
12-31 16:30:54.001 9492 9492 W CBVerifier: Registering phenotype for com.google.android.libraries.consentverifier#org.codeaurora.snapcam failed
12-31 16:30:54.001 9492 9631 D nativeloader: Load /data/app/~~p0vPPxMwrk0muTNmhBQxxQ==/org.codeaurora.snapcam-y7446fFmxnTQ8rLegD6qyA==/lib/arm64/libsmartcapture_native.so using ns clns-6 from class loader (caller=/data/app/~~p0vPPxMwrk0muTNmhBQxxQ==/org.codeaurora.snapcam-y7446fFmxnTQ8rLegD6qyA==/base.apk): ok
12-31 16:30:54.003 9492 9631 I tflite : Initialized TensorFlow Lite runtime.
12-31 16:30:54.011 9492 9897 E GoLog : INFO: Initialized TensorFlow Lite runtime.
12-31 16:30:54.014 9492 9492 I Quality : Skipped: false 1 cost 17.786585 refreshRate 16595750 bit true processName org.codeaurora.snapcam
12-31 16:30:54.018 9492 9869 W ProtoDataStoreFlagStore: Unable to update local snapshot for com.google.android.libraries.consentverifier#org.codeaurora.snapcam, may result in stale flags.
12-31 16:30:54.018 9492 9869 W ProtoDataStoreFlagStore: java.util.concurrent.ExecutionException: java.lang.SecurityException: GoogleCertificatesRslt: not allowed: pkg=org.codeaurora.snapcam, sha256=[a40da80a59d170caa950cf15c18c454d47a39b26989d8b640ecd745ba71bf5dc], atk=false, ver=244738030.true (go/gsrlt)
12-31 16:30:54.018 9492 9869 W ProtoDataStoreFlagStore: at pfx.s(Unknown Source:20)
12-31 16:30:54.018 9492 9869 W ProtoDataStoreFlagStore: at pfx.get(Unknown Source:21)
12-31 16:30:54.018 9492 9869 W ProtoDataStoreFlagStore: at plk.I(Unknown Source:1)
12-31 16:30:54.018 9492 9869 W ProtoDataStoreFlagStore: at plk.ad(Unknown Source:9)
12-31 16:30:54.018 9492 9869 W ProtoDataStoreFlagStore: at nfm.d(Unknown Source:0)
12-31 16:30:54.018 9492 9869 W ProtoDataStoreFlagStore: at ngq.run(Unknown Source:9)
12-31 16:30:54.018 9492 9869 W ProtoDataStoreFlagStore: at java.util.concurrent.Executors$RunnableAdapter.call(Executors.java:487)
12-31 16:30:54.018 9492 9869 W ProtoDataStoreFlagStore: at java.util.concurrent.FutureTask.run(FutureTask.java:264)
12-31 16:30:54.018 9492 9869 W ProtoDataStoreFlagStore: at java.util.concurrent.ScheduledThreadPoolExecutor$ScheduledFutureTask.run(ScheduledThreadPoolExecutor.java:307)
12-31 16:30:54.018 9492 9869 W ProtoDataStoreFlagStore: at java.util.concurrent.ThreadPoolExecutor.runWorker(ThreadPoolExecutor.java:1145)
12-31 16:30:54.018 9492 9869 W ProtoDataStoreFlagStore: at java.util.concurrent.ThreadPoolExecutor$Worker.run(ThreadPoolExecutor.java:644)
12-31 16:30:54.018 9492 9869 W ProtoDataStoreFlagStore: at java.lang.Thread.run(Thread.java:1012)
12-31 16:30:54.018 9492 9869 W ProtoDataStoreFlagStore: Caused by: java.lang.SecurityException: GoogleCertificatesRslt: not allowed: pkg=org.codeaurora.snapcam, sha256=[a40da80a59d170caa950cf15c18c454d47a39b26989d8b640ecd745ba71bf5dc], atk=false, ver=244738030.true (go/gsrlt)
12-31 16:30:54.018 9492 9869 W ProtoDataStoreFlagStore: at android.os.Parcel.createExceptionOrNull(Parcel.java:3087)
12-31 16:30:54.018 9492 9869 W ProtoDataStoreFlagStore: at android.os.Parcel.createException(Parcel.java:3071)
12-31 16:30:54.018 9492 9869 W ProtoDataStoreFlagStore: at android.os.Parcel.readException(Parcel.java:3054)
12-31 16:30:54.018 9492 9869 W ProtoDataStoreFlagStore: at android.os.Parcel.readException(Parcel.java:2996)
12-31 16:30:54.018 9492 9869 W ProtoDataStoreFlagStore: at bmn.z(Unknown Source:10)
12-31 16:30:54.018 9492 9869 W ProtoDataStoreFlagStore: at ktz.a(Unknown Source:38)
12-31 16:30:54.018 9492 9869 W ProtoDataStoreFlagStore: at kjd.f(Unknown Source:10)
12-31 16:30:54.018 9492 9869 W ProtoDataStoreFlagStore: at kkc.t(Unknown Source:9)
12-31 16:30:54.018 9492 9869 W ProtoDataStoreFlagStore: at kkc.u(Unknown Source:22)
12-31 16:30:54.018 9492 9869 W ProtoDataStoreFlagStore: at kkc.g(Unknown Source:29)
12-31 16:30:54.018 9492 9869 W ProtoDataStoreFlagStore: at kkc.h(Unknown Source:76)
12-31 16:30:54.018 9492 9869 W ProtoDataStoreFlagStore: at kkc.b(Unknown Source:14)
12-31 16:30:54.018 9492 9869 W ProtoDataStoreFlagStore: at klz.c(Unknown Source:114)
12-31 16:30:54.018 9492 9869 W ProtoDataStoreFlagStore: at klt.d(Unknown Source:6)
12-31 16:30:54.018 9492 9869 W ProtoDataStoreFlagStore: at klu.handleMessage(Unknown Source:307)
12-31 16:30:54.018 9492 9869 W ProtoDataStoreFlagStore: at android.os.Handler.dispatchMessage(Handler.java:106)
12-31 16:30:54.018 9492 9869 W ProtoDataStoreFlagStore: at ksg.b(Unknown Source:0)
12-31 16:30:54.018 9492 9869 W ProtoDataStoreFlagStore: at ksg.dispatchMessage(Unknown Source:0)
12-31 16:30:54.018 9492 9869 W ProtoDataStoreFlagStore: at android.os.Looper.loopOnce(Looper.java:257)
12-31 16:30:54.018 9492 9869 W ProtoDataStoreFlagStore: at android.os.Looper.loop(Looper.java:368)
12-31 16:30:54.018 9492 9869 W ProtoDataStoreFlagStore: at android.os.HandlerThread.run(HandlerThread.java:67)
12-31 16:30:54.018 9492 9631 W libc : Access denied finding property "ro.hardware.chipname"
12-31 16:30:54.036 9492 9820 W CAM_A : UNINITIALIZED > rel Δ(result sensor timestamp) = 0.50 > 0.25
12-31 16:30:54.059 9492 9631 I tflite : Created TensorFlow Lite XNNPACK delegate for CPU.
12-31 16:30:54.059 9492 9631 I tflite : Replacing 5 node(s) with delegate (TfLiteXNNPackDelegate) node, yielding 1 partitions.
12-31 16:30:54.062 9492 9897 E GoLog : INFO: Created TensorFlow Lite XNNPACK delegate for CPU.
12-31 16:30:54.062 9492 9897 E GoLog : INFO: Replacing 5 node(s) with delegate (TfLiteXNNPackDelegate) node, yielding 1 partitions.
12-31 16:30:54.159 9492 9631 I Manager : DeviceManager::DeviceManager
12-31 16:30:54.159 9492 9631 W ServerFlag: Failed to parse result of GetServerConfigurableFlag, errno=34
12-31 16:30:54.166 9492 9667 W CAM_CameraDeviceVerifie: Tag CameraDeviceVerifier is 1 chars longer than limit.
12-31 16:30:54.183 9492 9631 I Manager : findAvailableDevices
12-31 16:30:54.195 9492 10030 E native : E1231 16:30:54.195048 10030 resource_util_android.cc:65] generic::internal: RET_CHECK failure (third_party/mediapipe/util/resource_util_android.cc:65) Singleton::get()->ReadFile(path, output) could not read asset: research/vision/loco/video/models/siamese_fcpp/mobile/model_21086792_30/siamese_fe.tflite
12-31 16:30:54.195 9492 10030 E native : Stack trace:
12-31 16:30:54.195 9492 10030 E native :
12-31 16:30:54.195 9492 10030 E native : E1231 16:30:54.195378 10030 asset_manager_util.cc:166] generic::internal: RET_CHECK failure (third_party/mediapipe/util/android/asset_manager_util.cc:166) ReadFile(asset_path, &asset_data) could not read asset: research/vision/loco/video/models/siamese_fcpp/mobile/model_21086792_30/siamese_fe.tflite
12-31 16:30:54.195 9492 10030 E native : Stack trace:
12-31 16:30:54.195 9492 10030 E native :
12-31 16:30:54.195 9492 9897 E GoLog : E1231 16:30:54.195048 10030 resource_util_android.cc:65] generic::internal: RET_CHECK failure (third_party/mediapipe/util/resource_util_android.cc:65) Singleton::get()->ReadFile(path, output) could not read asset: research/vision/loco/video/models/siamese_fcpp/mobile/model_21086792_30/siamese_fe.tflite
12-31 16:30:54.195 9492 9897 E GoLog : Stack trace:
12-31 16:30:54.195 9492 9897 E GoLog :
12-31 16:30:54.195 9492 9897 E GoLog : E1231 16:30:54.195378 10030 asset_manager_util.cc:166] generic::internal: RET_CHECK failure (third_party/mediapipe/util/android/asset_manager_util.cc:166) ReadFile(asset_path, &asset_data) could not read asset: research/vision/loco/video/models/siamese_fcpp/mobile/model_21086792_30/siamese_fe.tflite
12-31 16:30:54.196 9492 9897 E GoLog : Stack trace:
12-31 16:30:54.196 9492 9897 E GoLog :
12-31 16:30:54.198 9492 9631 I tflite : Created TensorFlow Lite delegate for NNAPI.
