Logcat Data - System Activity
Document Details
Uploaded by CoolLogic5169
Tags
Summary
This logcat file contains system activity from an Android device, primarily focusing on camera initialization and performance metrics. Error messages, configuration information, and process interactions are included, as are multiple instances of warning messages related to access denied and unrecognized profiles/levels.
Full Transcript
--------- beginning of system
01-07 16:31:53.267 10541 10555 D MiuiDownscaleImpl: set override inverted scale : 1.0
01-07 16:31:53.398 10541 10568 I ActivityThread: TrafficStats init done
01-07 16:31:53.402 10541 10541 D ActivityThread: useGrowthLimitOutExpendMethod invoke error.
01-07 16:31:53.421...
--------- beginning of system
01-07 16:31:53.267 10541 10555 D MiuiDownscaleImpl: set override inverted scale : 1.0
01-07 16:31:53.398 10541 10568 I ActivityThread: TrafficStats init done
01-07 16:31:53.402 10541 10541 D ActivityThread: useGrowthLimitOutExpendMethod invoke error.
01-07 16:31:53.421 10541 10568 I ActivityThread: Miui Feature Init done
01-07 16:31:53.587 10541 10568 I ActivityThread: HardwareRenderer preload done --------- beginning of main
01-07 16:31:53.719 10541 10601 D MMUD : get_leak_baseline 3246391296
01-07 16:31:53.738 10541 10619 I CameraManagerGlobal: Connecting to camera service
01-07 16:31:53.752 10541 10619 D CameraExtStub: init android.hardware.camera2.impl.CameraExtImplXiaoMi
01-07 16:31:53.755 10541 10619 D CameraInjector: waitForResult:
01-07 16:31:53.755 10541 10622 D CameraInjector: updateCloudCameraControllerInfoAsync: E
01-07 16:31:53.766 10541 10541 W libc : Access denied finding property "persist.vendor.camera.IsVariableApertureSupported"
01-07 16:31:53.766 10541 10541 W libc : Access denied finding property "persist.vendor.camera.IsStreetModeSupported"
01-07 16:31:53.772 10541 10590 W VideoCapabilities: Unrecognized profile/level 32768/256 for video/mp4v-es
01-07 16:31:53.772 10541 10590 W VideoCapabilities: Unrecognized profile/level 32768/256 for video/mp4v-es
01-07 16:31:53.775 10541 10623 D CameraManager2: GotArray:0
01-07 16:31:53.775 10541 10623 D CameraManager2: GotArray:1
01-07 16:31:53.775 10541 10623 D CameraManager2: GotArray:20
01-07 16:31:53.776 10541 10623 D CameraManager2: GotArray:21
01-07 16:31:53.776 10541 10623 D CameraManager2: GotArray:22
01-07 16:31:53.779 10541 10625 D CameraManager2: GotArray:0
01-07 16:31:53.779 10541 10625 D CameraManager2: GotArray:1
01-07 16:31:53.779 10541 10625 D CameraManager2: GotArray:20
01-07 16:31:53.779 10541 10625 D CameraManager2: GotArray:21
01-07 16:31:53.779 10541 10625 D CameraManager2: GotArray:22
01-07 16:31:53.788 10541 10625 D CameraManager2: GotArray:0
01-07 16:31:53.788 10541 10625 D CameraManager2: GotArray:1
01-07 16:31:53.788 10541 10625 D CameraManager2: GotArray:20
01-07 16:31:53.788 10541 10625 D CameraManager2: GotArray:21
01-07 16:31:53.788 10541 10625 D CameraManager2: GotArray:22
01-07 16:31:53.837 10541 10622 D CameraInjector: updateCloudCameraControllerInfoAsync: X
01-07 16:31:53.838 10541 10619 W libc : Access denied finding property "vendor.camera.aux.packagelist"
01-07 16:31:53.838 10541 10619 W libc : Access denied finding property "vendor.camera.aux.packagelistext"
01-07 16:31:53.838 10541 10619 W CameraExtImplXiaoMi: ignore the status update of camera: 2
01-07 16:31:53.840 10541 10619 D CameraInjector: updateCloudCameraControllerInfoAsync: has aleardy start update task.
01-07 16:31:53.840 10541 10619 D CameraInjector: waitForResult:
01-07 16:31:53.841 10541 10619 W libc : Access denied finding property "vendor.camera.aux.packagelist"
01-07 16:31:53.841 10541 10619 W libc : Access denied finding property "vendor.camera.aux.packagelistext"
01-07 16:31:53.841 10541 10556 D CameraInjector: updateCloudCameraControllerInfoAsync: has aleardy start update task.
01-07 16:31:53.841 10541 10556 D CameraInjector: waitForResult:
01-07 16:31:53.842 10541 10556 W libc : Access denied finding property "vendor.camera.aux.packagelist"
01-07 16:31:53.842 10541 10556 W libc : Access denied finding property "vendor.camera.aux.packagelistext"
01-07 16:31:53.842 10541 10556 W CameraManagerGlobal: ignore the torch status update of camera: 2
01-07 16:31:53.851 10541 10625 D CameraManager2: GotArray:0
01-07 16:31:53.851 10541 10625 D CameraManager2: GotArray:1
01-07 16:31:53.851 10541 10625 D CameraManager2: GotArray:20
01-07 16:31:53.851 10541 10625 D CameraManager2: GotArray:21
01-07 16:31:53.851 10541 10625 D CameraManager2: GotArray:22
01-07 16:31:53.857 10541 10619 W CAM_A : Build number (OS2.0.3.0.VGPMIXM) is not a number. Ignoring version check for b/149569689.
01-07 16:31:53.858 10541 10619 D CameraManager2: GotArray:0
01-07 16:31:53.858 10541 10619 D CameraManager2: GotArray:1
01-07 16:31:53.859 10541 10619 D CameraManager2: GotArray:20
01-07 16:31:53.859 10541 10619 D CameraManager2: GotArray:21
01-07 16:31:53.859 10541 10619 D CameraManager2: GotArray:22
01-07 16:31:53.863 10541 10625 D CameraManager2: GotArray:0
01-07 16:31:53.863 10541 10625 D CameraManager2: GotArray:1
01-07 16:31:53.863 10541 10625 D CameraManager2: GotArray:20
01-07 16:31:53.863 10541 10625 D CameraManager2: GotArray:21
01-07 16:31:53.863 10541 10625 D CameraManager2: GotArray:22
01-07 16:31:53.872 10541 10635 W EpFrameworkFactory: activated: false jar exist: false
01-07 16:31:53.873 10541 10635 W EpFrameworkFactory: activated: false jar exist: false
01-07 16:31:53.878 10541 10635 W libc : Access denied finding property "persist.vendor.camera.privapp.list"
01-07 16:31:53.878 10541 10635 D CameraExtImplXiaoMi: initCameraDevice: 0
01-07 16:31:53.887 10541 10635 D MiuiMultiWindowUtils: freeform resolution args raw data:{ "wide_default":{ "freeform_args": { "vertical_portrait":{"aspect_ratio":0.626, "original_ratio":0.5643,"original_scale":0.74,"top_margin":0.168,"left_margin":0.484}, "horizontal_portrait":{"aspect_ratio":0.626, "original_ratio":0.5643,"original_scale":0.74,"top_margin":0.1222,"left_margin":0.59745}, "vertical_landscape":{"aspect_ratio":1.6, "original_ratio":1,"original_scale":0.604,"top_margin":0.2596,"left_margin":0.2624}, "horizontal_landscape":{"aspect_ratio":1.6, "original_ratio":1,"original_scale":0.604,"top_margin":0.213,"left_margin":0.3758} }, "mini_freeform_args":{ "vertical_portrait":{"original_ratio":0.147}, "horizontal_portrait":{"original_ratio":0.147}, "vertical_landscape":{"original_ratio":0.165}, "horizontal_landscape":{"original_ratio":0.165} } }, "narrow_default": { "freeform_args": { "vertical_portrait":{"aspect_ratio":0.626, "original_ratio":1,"original_scale":0.74,"top_margin":0.0753,"left_margin":-1}, "horizontal_portrait":{"aspect_ratio":0.626, "original_ratio":1,"original_scale":0.5756,"top_margin":-1,"left_margin":0.0753}, "vertical_landscape":{"aspect_ratio":1.6, "original_ratio":0.6847,"original_scale":0.587,"top_margin":0.0753,"left_margin":-1}, "horizontal_landscape":{"aspect_ratio":1.6, "original_ratio":0.6847,"original_scale":0.587,"top_margin":-1,"left_margin":0.0753} }, "mini_freeform_args":{ "vertical_portrait":{"original_ratio":0.26}, "horizontal_portrait":{"original_ratio":0.26}, "vertical_landscape":{"original_ratio":0.293}, "horizontal_landscape":{"original_ratio":0.293} } }, "regular_default": { "freeform_args": { "vertical_portrait":{"aspect_ratio":0.625, "original_ratio":1,"original_scale":0.7,"top_margin":0.109,"left_margin":-1}, "horizontal_portrait":{"aspect_ratio":0.6667, "original_ratio":1,"original_scale":0.6102,"top_margin":-1,"left_margin":0.026}, "vertical_landscape":{"aspect_ratio":1.6, "original_ratio":1,"original_scale":0.4244,"top_margin":0.109,"left_margin":-1}, "horizontal_landscape":{"aspect_ratio":1.6, "original_ratio":1,"original_scale":0.4244,"top_margin":-1,"left_margin":0.026} }, "mini_freeform_args":{ "vertical_portrait":{"original_ratio":0.25}, "horizontal_portrait":{"original_ratio":0.25}, "vertical_landscape":{"original_ratio":0.25}, "horizontal_landscape":{"original_ratio":0.25} } }, "pad_default": { "freeform_args": { "vertical_portrait":{"aspect_ratio":0.5625, "original_ratio":0.375,"original_scale":0.835,"top_margin":0.049,"left_margin":0.2775}, "horizontal_portrait":{"aspect_ratio":0.5625, "original_ratio":0.375,"original_scale":0.835,"top_margin":-1,"left_margin":0.6525}, "vertical_landscape":{"aspect_ratio":-1, "original_ratio":1,"original_scale":0.468,"top_margin":0.049,"left_margin":-1}, "horizontal_landscape":{"aspect_ratio":-1, "original_ratio":1,"original_scale":0.468,"top_margin":-1,"left_margin":0.4976} }, "mini_freeform_args":{ "vertical_portrait":{"original_ratio":0.144}, "horizontal_portrait":{"original_ratio":0.144}, "vertical_landscape":{"original_ratio":0.2}, "horizontal_landscape":{"original_ratio":0.2} } }}
01-07 16:31:53.888 10541 10635 D MiuiMultiWindowUtils: initFreeFormResolutionArgs failed, device is gale
01-07 16:31:53.889 10541 10635 D IS_CTS_MODE: false
01-07 16:31:53.889 10541 10635 D MULTI_WINDOW_SWITCH_ENABLED: false
01-07 16:31:53.898 10541 10635 I CameraManager: Open camera top activityName is com.google.android.apps.camera.legacy.app.activity.main.CameraActivity
01-07 16:31:53.926 10541 10625 D BufferQueueConsumer: [](id:292d00000000,api:0,p:-1,c:10541) connect: controlledByApp=true
01-07 16:31:53.941 10541 10625 I SurfaceFactory: [static] sSurfaceFactory = com.mediatek.view.impl.SurfaceFactoryImpl@a45b9cb
01-07 16:31:53.945 10541 10555 D CameraInjector: updateCloudCameraControllerInfoAsync: has aleardy start update task.
01-07 16:31:53.945 10541 10555 D CameraInjector: waitForResult:
01-07 16:31:53.946 10541 10555 W libc : Access denied finding property "vendor.camera.aux.packagelist"
01-07 16:31:53.946 10541 10555 W libc : Access denied finding property "vendor.camera.aux.packagelistext"
01-07 16:31:53.946 10541 10555 W CameraManagerGlobal: ignore the torch status update of camera: 2
01-07 16:31:53.980 10541 10625 D BufferQueueConsumer: [](id:292d00000001,api:0,p:-1,c:10541) connect: controlledByApp=true
01-07 16:31:54.002 10541 10635 D CameraDevice-JV-0: waitUntilIdle: E. id = 0
01-07 16:31:54.002 10541 10635 D CameraDevice-JV-0: waitUntilIdle: X
01-07 16:31:54.004 10541 10541 I DeezNuts: MSG: SLIDER 1 FOCUS: 1.0E-4
01-07 16:31:54.004 10541 10541 I ProReC : setprogres0
01-07 16:31:54.005 10541 10541 I DeezNuts: MSG: SLIDER 0 IDX: 0
01-07 16:31:54.005 10541 10541 I ProReC : setprogres_iso0
01-07 16:31:54.006 10541 10541 I za.defcomk.prorec.cust2.RotSeek: setprogres_iso0
01-07 16:31:54.013 10541 10541 W libc : Access denied finding property "ro.vendor.df.effect.conflict"
01-07 16:31:54.017 10541 10541 D ScrollerOptimizationManager: registerConfigChangedListener
01-07 16:31:54.018 10541 10541 W libc : Access denied finding property "ro.vendor.mi_sf.new_dynamic_refresh_rate"
01-07 16:31:54.018 10541 10541 D SplineOverScroller: dynamic params is false
01-07 16:31:54.038 10541 10541 I AbsListViewStubImpl: com.google.android.GoogleCameraEngR18F1, version: 8.4.300.414775575.18, Enable Prefetch: false
01-07 16:31:54.039 10541 10541 D ScrollerOptimizationManager: registerConfigChangedListener
01-07 16:31:54.089 10541 10541 D SecurityManager: checkAccessControl flag0
01-07 16:31:54.109 10541 10541 D nativeloader: Load libpowerhalwrap_jni.so using system ns (caller=/system_ext/framework/mediatek-framework.jar): ok
01-07 16:31:54.109 10541 10541 I PowerHalWrapper: PowerHalWrapper.getInstance
01-07 16:31:54.111 10541 10541 I M-ProMotion: M-ProMotion is disabled
01-07 16:31:54.116 10541 10662 I PowerHalWrapper: PowerHalWrapper.getInstance
01-07 16:31:54.133 10541 10541 D MiuiCameraCoveredManager: java.lang.NullPointerException: Attempt to invoke virtual method 'java.lang.String android.provider.MiuiSettings$SettingsCloudData$CloudData.getString(java.lang.String, java.lang.String)' on a null object reference
01-07 16:31:54.134 10541 10541 W libc : Access denied finding property "ro.vendor.perf.scroll_opt"
01-07 16:31:54.138 10541 10541 W HWUI : Unknown dataspace 0
01-07 16:31:54.141 10541 10598 W libc : Access denied finding property "ro.vendor.display.iris_x7.support"
01-07 16:31:54.153 10541 10541 D VRI[CameraLauncher]: hardware acceleration = true, forceHwAccelerated = false
01-07 16:31:54.170 10541 10541 D InputEventReceiver: Input log is disabled in InputEventReceiver.
01-07 16:31:54.175 10541 10541 W Looper : PerfMonitor looperActivity : package=com.google.android.GoogleCameraEngR18F1/com.android.camera.CameraLauncher time=0ms latency=603ms procState=-1 historyMsgCount=7 (msgIndex=1 wall=297ms seq=2 late=12ms h=android.app.ActivityThread$H w=110) (msgIndex=7 wall=589ms seq=8 late=10ms h=android.app.ActivityThread$H w=159)
01-07 16:31:54.176 10541 10541 I Choreographer: Skipped 53 frames! The application may be doing too much work on its main thread.
01-07 16:31:54.176 10541 10541 D UserSceneDetector: invoke error.
01-07 16:31:54.218 10541 10541 D BufferQueueConsumer: [](id:292d00000002,api:0,p:-1,c:10541) connect: controlledByApp=false
01-07 16:31:54.221 10541 10541 D BLASTBufferQueue: [VRI[CameraLauncher]#0](f:0,a:0) constructor()
01-07 16:31:54.223 10541 10541 D BLASTBufferQueue: [VRI[CameraLauncher]#0](f:0,a:0) update width=720 height=1600 format=-3 mTransformHint=0
01-07 16:31:54.230 10541 10541 D VRI[CameraLauncher]: vri.reportNextDraw android.view.ViewRootImpl.performTraversals:4954 android.view.ViewRootImpl.doTraversal:3545 android.view.ViewRootImpl$TraversalRunnable.run:11739 android.view.Choreographer$CallbackRecord.run:1794 android.view.Choreographer$CallbackRecord.run:1803
01-07 16:31:54.230 10541 10541 D VRI[CameraLauncher]: Setup new sync=wmsSync-VRI[CameraLauncher]#0
01-07 16:31:54.232 10541 10541 D UserSceneDetector: invoke error.
01-07 16:31:54.236 10541 10541 W libc : Access denied finding property "ro.vendor.display.iris_x7.support"
01-07 16:31:54.237 10541 10598 D HWUI : makeCurrent grContext:0x74e75249d0 reset mTextureAvailable
01-07 16:31:54.271 10541 10598 D eCameraEngR18F1: MiuiProcessManagerServiceStub setSchedFifo
01-07 16:31:54.271 10541 10598 I MiuiProcessManagerImpl: setSchedFifo pid:10541, mode:3
01-07 16:31:54.273 10541 10598 D MAGT_SYNC_FRAME: MAGT Sync: MAGT is not supported. Disabling Sync.
01-07 16:31:54.286 10541 10598 I GrallocExtra: gralloc_extra_query:is_SW3D 0
01-07 16:31:54.287 10541 10598 W libc : Access denied finding property "ro.vendor.display.iris_x7.support"
01-07 16:31:54.321 10541 10598 W libc : Access denied finding property "ro.vendor.display.iris_x7.support"
01-07 16:31:54.335 10541 10598 E LB : fail to open file: No such file or directory
01-07 16:31:54.336 10541 10598 E LB : fail to open node: No such file or directory
01-07 16:31:54.336 10541 10598 E LB : fail to open node: No such file or directory
01-07 16:31:54.340 10541 10598 I GrallocExtra: gralloc_extra_query:is_SW3D 0
01-07 16:31:54.341 10541 10598 W libc : Access denied finding property "ro.vendor.display.iris_x7.support"
01-07 16:31:54.342 10541 10598 D BLASTBufferQueue: [VRI[CameraLauncher]#0](f:0,a:1) acquireNextBufferLocked size=720x1600 mFrameNumber=1 applyTransaction=true mTimestamp=267137523339691(auto) mPendingTransactions.size=0 graphicBufferId=45273250267138 transform=0
01-07 16:31:54.344 10541 10541 D VRI[CameraLauncher]: vri.reportDrawFinished
01-07 16:31:54.344 10541 10541 W Looper : PerfMonitor doFrame : time=169ms vsyncFrame=13122759 latency=593ms procState=-1 historyMsgCount=2 (msgIndex=1 wall=589ms seq=8 late=10ms h=android.app.ActivityThread$H w=159)
01-07 16:31:54.347 10541 10541 W CAM_A : Was already registered as ThermalStatusListener on AppStart
01-07 16:31:54.375 10541 10629 I HWUI : Davey! duration=759ms; Flags=1, FrameTimelineVsyncId=173597792, IntendedVsync=267136769805160, Vsync=267137358155192, InputEventId=0, HandleInputStart=267137364402076, AnimationStart=267137364406076, PerformTraversalsStart=267137364695383, DrawStart=267137419827306, FrameDeadline=267136791805160, FrameInterval=267137362772922, FrameStartTime=11100944, SyncQueued=267137423334076, SyncStart=267137424445845, IssueDrawCommandsStart=267137459552614, SwapBuffers=267137515525153, FrameCompleted=267137530094460, DequeueBufferDuration=21154, QueueBufferDuration=4890692, GpuCompleted=267137516222153, SwapBuffersCompleted=267137530094460, DisplayPresentTime=0, CommandSubmissionCompleted=267137515525153,
01-07 16:31:54.412 10541 10541 D CameraManager2: GotArray:0
01-07 16:31:54.412 10541 10541 D CameraManager2: GotArray:1
01-07 16:31:54.412 10541 10541 D CameraManager2: GotArray:20
01-07 16:31:54.412 10541 10541 D CameraManager2: GotArray:21
01-07 16:31:54.412 10541 10541 D CameraManager2: GotArray:22
01-07 16:31:54.419 10541 10611 W ProtoDataStoreFlagStore: Unable to update local snapshot for com.google.android.libraries.consentverifier#com.google.android.GoogleCameraEngR18F1, may result in stale flags.
01-07 16:31:54.419 10541 10611 W ProtoDataStoreFlagStore: java.util.concurrent.ExecutionException: java.lang.SecurityException: GoogleCertificatesRslt: not allowed: pkg=com.google.android.GoogleCameraEngR18F1, sha256=[a40da80a59d170caa950cf15c18c454d47a39b26989d8b640ecd745ba71bf5dc], atk=false, ver=244738035.true (go/gsrlt)
01-07 16:31:54.419 10541 10611 W ProtoDataStoreFlagStore: at pfx.s(Unknown Source:20)
01-07 16:31:54.419 10541 10611 W ProtoDataStoreFlagStore: at pfx.get(Unknown Source:21)
01-07 16:31:54.419 10541 10611 W ProtoDataStoreFlagStore: at plk.I(Unknown Source:1)
01-07 16:31:54.419 10541 10611 W ProtoDataStoreFlagStore: at plk.ad(Unknown Source:9)
01-07 16:31:54.419 10541 10611 W ProtoDataStoreFlagStore: at nfm.d(Unknown Source:0)
01-07 16:31:54.419 10541 10611 W ProtoDataStoreFlagStore: at ngq.run(Unknown Source:9)
01-07 16:31:54.419 10541 10611 W ProtoDataStoreFlagStore: at java.util.concurrent.Executors$RunnableAdapter.call(Executors.java:487)
01-07 16:31:54.419 10541 10611 W ProtoDataStoreFlagStore: at java.util.concurrent.FutureTask.run(FutureTask.java:264)
01-07 16:31:54.419 10541 10611 W ProtoDataStoreFlagStore: at java.util.concurrent.ScheduledThreadPoolExecutor$ScheduledFutureTask.run(ScheduledThreadPoolExecutor.java:307)
01-07 16:31:54.419 10541 10611 W ProtoDataStoreFlagStore: at java.util.concurrent.ThreadPoolExecutor.runWorker(ThreadPoolExecutor.java:1145)
01-07 16:31:54.419 10541 10611 W ProtoDataStoreFlagStore: at java.util.concurrent.ThreadPoolExecutor$Worker.run(ThreadPoolExecutor.java:644)
01-07 16:31:54.419 10541 10611 W ProtoDataStoreFlagStore: at java.lang.Thread.run(Thread.java:1012)
01-07 16:31:54.419 10541 10611 W ProtoDataStoreFlagStore: Caused by: java.lang.SecurityException: GoogleCertificatesRslt: not allowed: pkg=com.google.android.GoogleCameraEngR18F1, sha256=[a40da80a59d170caa950cf15c18c454d47a39b26989d8b640ecd745ba71bf5dc], atk=false, ver=244738035.true (go/gsrlt)
01-07 16:31:54.419 10541 10611 W ProtoDataStoreFlagStore: at android.os.Parcel.createExceptionOrNull(Parcel.java:3256)
01-07 16:31:54.419 10541 10611 W ProtoDataStoreFlagStore: at android.os.Parcel.createException(Parcel.java:3240)
01-07 16:31:54.419 10541 10611 W ProtoDataStoreFlagStore: at android.os.Parcel.readException(Parcel.java:3223)
01-07 16:31:54.419 10541 10611 W ProtoDataStoreFlagStore: at android.os.Parcel.readException(Parcel.java:3165)
01-07 16:31:54.419 10541 10611 W ProtoDataStoreFlagStore: at bmn.z(Unknown Source:10)
01-07 16:31:54.419 10541 10611 W ProtoDataStoreFlagStore: at ktz.a(Unknown Source:38)
01-07 16:31:54.419 10541 10611 W ProtoDataStoreFlagStore: at kjd.f(Unknown Source:10)
01-07 16:31:54.419 10541 10611 W ProtoDataStoreFlagStore: at kkc.t(Unknown Source:9)
01-07 16:31:54.419 10541 10611 W ProtoDataStoreFlagStore: at kkc.u(Unknown Source:22)
01-07 16:31:54.419 10541 10611 W ProtoDataStoreFlagStore: at kkc.g(Unknown Source:29)
01-07 16:31:54.419 10541 10611 W ProtoDataStoreFlagStore: at kkc.h(Unknown Source:76)
01-07 16:31:54.419 10541 10611 W ProtoDataStoreFlagStore: at kkc.b(Unknown Source:14)
01-07 16:31:54.419 10541 10611 W ProtoDataStoreFlagStore: at klz.c(Unknown Source:114)
01-07 16:31:54.419 10541 10611 W ProtoDataStoreFlagStore: at klt.d(Unknown Source:6)
01-07 16:31:54.419 10541 10611 W ProtoDataStoreFlagStore: at klu.handleMessage(Unknown Source:307)
01-07 16:31:54.419 10541 10611 W ProtoDataStoreFlagStore: at android.os.Handler.dispatchMessage(Handler.java:107)
01-07 16:31:54.419 10541 10611 W ProtoDataStoreFlagStore: at ksg.b(Unknown Source:0)
01-07 16:31:54.419 10541 10611 W ProtoDataStoreFlagStore: at ksg.dispatchMessage(Unknown Source:0)
01-07 16:31:54.419 10541 10611 W ProtoDataStoreFlagStore: at android.os.Looper.loopOnce(Looper.java:249)
01-07 16:31:54.419 10541 10611 W ProtoDataStoreFlagStore: at android.os.Looper.loop(Looper.java:337)
01-07 16:31:54.419 10541 10611 W ProtoDataStoreFlagStore: at android.os.HandlerThread.run(HandlerThread.java:85)
01-07 16:31:55.295 10541 10590 D nativeloader: Load /data/user/0/com.google.android.GoogleCameraEngR18F1/files/libpatched_jni.so using ns clns-7 from class loader (caller=/data/app/~~KGqVNiGEx1Tpqa-yIdjFZw==/com.google.android.GoogleCameraEngR18F1-xsSgM8O70FpOVfakU0JFMQ==/base.apk): ok
01-07 16:31:55.296 10541 10625 W eCameraEngR18F1: Long monitor contention with owner GcaGeneric-1 (10590) at void lik.b()(:-1) waiters=0 in void lik.b() for 1.294s
01-07 16:31:55.297 10541 10623 W eCameraEngR18F1: Long monitor contention with owner GcaGeneric-1 (10590) at void lik.b()(:-1) waiters=1 in void lik.b() for 1.027s
01-07 16:31:55.300 10541 10590 D nativeloader: Load /data/app/~~KGqVNiGEx1Tpqa-yIdjFZw==/com.google.android.GoogleCameraEngR18F1-xsSgM8O70FpOVfakU0JFMQ==/lib/arm64/libpairipcoreX.so using ns clns-7 from class loader (caller=/data/app/~~KGqVNiGEx1Tpqa-yIdjFZw==/com.google.android.GoogleCameraEngR18F1-xsSgM8O70FpOVfakU0JFMQ==/base.apk!classes2.dex): ok
01-07 16:31:55.306 10541 10541 W eCameraEngR18F1: Long monitor contention with owner CriticalPath (10625) at void enl.b()(:-1) waiters=0 in void enl.b() for 885ms
01-07 16:31:55.317 10541 10541 D CameraManager2: GotArray:0
01-07 16:31:55.317 10541 10541 D CameraManager2: GotArray:1
01-07 16:31:55.317 10541 10541 D CameraManager2: GotArray:20
01-07 16:31:55.317 10541 10541 D CameraManager2: GotArray:21
01-07 16:31:55.317 10541 10541 D CameraManager2: GotArray:22
01-07 16:31:55.343 10541 10541 D nativeloader: Load /data/app/~~KGqVNiGEx1Tpqa-yIdjFZw==/com.google.android.GoogleCameraEngR18F1-xsSgM8O70FpOVfakU0JFMQ==/lib/arm64/libagc.so using ns clns-7 from class loader (caller=/data/app/~~KGqVNiGEx1Tpqa-yIdjFZw==/com.google.android.GoogleCameraEngR18F1-xsSgM8O70FpOVfakU0JFMQ==/base.apk!classes2.dex): ok
01-07 16:31:55.406 10541 10541 D CameraManager2: GotArray:0
01-07 16:31:55.406 10541 10541 D CameraManager2: GotArray:1
01-07 16:31:55.406 10541 10541 D CameraManager2: GotArray:20
01-07 16:31:55.406 10541 10541 D CameraManager2: GotArray:21
01-07 16:31:55.406 10541 10541 D CameraManager2: GotArray:22
01-07 16:31:55.445 10541 10541 W FontsContract: Platform version of downloadable fonts is deprecated. Please use androidx version instead.
01-07 16:31:55.454 10541 10625 W CAM_SimpleReqProcessor: Failed to add Stream-0 to CaptureRequest for Request-0. The surface (null) was not valid.
01-07 16:31:55.454 10541 10625 W CAM_SimpleReqProcessor: Failed to submit a CaptureRequest for Request-0: There were no surfaces on the request.
01-07 16:31:55.456 10541 10625 W CAM_SimpleReqProcessor: Failed to add Stream-0 to CaptureRequest for Request-1. The surface (null) was not valid.
01-07 16:31:55.483 10541 10625 W CAM_SimpleReqProcessor: Failed to add Stream-0 to CaptureRequest for Request-2. The surface (null) was not valid.
01-07 16:31:55.492 10541 10625 W CAM_SimpleReqProcessor: Failed to add Stream-0 to CaptureRequest for Request-3. The surface (null) was not valid.
01-07 16:31:55.503 10541 10625 W CAM_SimpleReqProcessor: Failed to add Stream-0 to CaptureRequest for Request-4. The surface (null) was not valid.
01-07 16:31:55.514 10541 10741 W CAM_SimpleReqProcessor: Failed to add Stream-0 to CaptureRequest for Request-5. The surface (null) was not valid.
01-07 16:31:55.516 10541 10625 W CAM_A : UI view not yet initialized
01-07 16:31:55.523 10541 10741 W CAM_SimpleReqProcessor: Failed to add Stream-0 to CaptureRequest for Request-6. The surface (null) was not valid.
01-07 16:31:55.526 10541 10541 D CameraManager2: GotArray:0
01-07 16:31:55.526 10541 10541 D CameraManager2: GotArray:1
01-07 16:31:55.527 10541 10541 D CameraManager2: GotArray:20
01-07 16:31:55.527 10541 10541 D CameraManager2: GotArray:21
01-07 16:31:55.527 10541 10541 D CameraManager2: GotArray:22
01-07 16:31:55.534 10541 10541 D CameraManager2: GotArray:0
01-07 16:31:55.534 10541 10541 D CameraManager2: GotArray:1
01-07 16:31:55.534 10541 10541 D CameraManager2: GotArray:20
01-07 16:31:55.534 10541 10541 D CameraManager2: GotArray:21
01-07 16:31:55.534 10541 10541 D CameraManager2: GotArray:22
01-07 16:31:55.537 10541 10741 W CAM_SimpleReqProcessor: Failed to add Stream-0 to CaptureRequest for Request-7. The surface (null) was not valid.
01-07 16:31:55.537 10541 10541 D CameraManager2: GotArray:0
01-07 16:31:55.537 10541 10541 D CameraManager2: GotArray:1
01-07 16:31:55.537 10541 10541 D CameraManager2: GotArray:20
01-07 16:31:55.537 10541 10541 D CameraManager2: GotArray:21
01-07 16:31:55.537 10541 10541 D CameraManager2: GotArray:22
01-07 16:31:55.541 10541 10541 D CameraManager2: GotArray:0
01-07 16:31:55.541 10541 10541 D CameraManager2: GotArray:1
01-07 16:31:55.541 10541 10541 D CameraManager2: GotArray:20
01-07 16:31:55.541 10541 10541 D CameraManager2: GotArray:21
01-07 16:31:55.541 10541 10541 D CameraManager2: GotArray:22
01-07 16:31:55.547 10541 10741 W CAM_SimpleReqProcessor: Failed to add Stream-0 to CaptureRequest for Request-8. The surface (null) was not valid.
01-07 16:31:55.553 10541 10541 D CameraManager2: GotArray:0
01-07 16:31:55.553 10541 10541 D CameraManager2: GotArray:1
01-07 16:31:55.553 10541 10541 D CameraManager2: GotArray:20
01-07 16:31:55.553 10541 10541 D CameraManager2: GotArray:21
01-07 16:31:55.553 10541 10541 D CameraManager2: GotArray:22
01-07 16:31:55.578 10541 10541 I AbsListViewStubImpl: com.google.android.GoogleCameraEngR18F1, version: 8.4.300.414775575.18, Enable Prefetch: false
01-07 16:31:55.660 10541 10741 W CAM_SimpleReqProcessor: Failed to add Stream-0 to CaptureRequest for Request-9. The surface (null) was not valid.
01-07 16:31:55.668 10541 10590 D nativeloader: Load /data/app/~~KGqVNiGEx1Tpqa-yIdjFZw==/com.google.android.GoogleCameraEngR18F1-xsSgM8O70FpOVfakU0JFMQ==/lib/arm64/libsmartcapture_native.so using ns clns-7 from class loader (caller=/data/app/~~KGqVNiGEx1Tpqa-yIdjFZw==/com.google.android.GoogleCameraEngR18F1-xsSgM8O70FpOVfakU0JFMQ==/base.apk): ok
01-07 16:31:55.671 10541 10541 D CameraManager2: GotArray:0
01-07 16:31:55.671 10541 10541 D CameraManager2: GotArray:1
01-07 16:31:55.671 10541 10541 D CameraManager2: GotArray:20
01-07 16:31:55.671 10541 10541 D CameraManager2: GotArray:21
01-07 16:31:55.671 10541 10541 D CameraManager2: GotArray:22
01-07 16:31:55.673 10541 10541 D CameraManager2: GotArray:0
01-07 16:31:55.673 10541 10541 D CameraManager2: GotArray:1
01-07 16:31:55.673 10541 10541 D CameraManager2: GotArray:20
01-07 16:31:55.673 10541 10541 D CameraManager2: GotArray:21
01-07 16:31:55.673 10541 10541 D CameraManager2: GotArray:22
01-07 16:31:55.674 10541 10741 W CAM_SimpleReqProcessor: Failed to add Stream-0 to CaptureRequest for Request-10. The surface (null) was not valid.
01-07 16:31:55.676 10541 10590 I tflite : Initialized TensorFlow Lite runtime.
01-07 16:31:55.677 10541 10727 E GoLog : INFO: Initialized TensorFlow Lite runtime.
01-07 16:31:55.678 10541 10541 D CameraManager2: GotArray:0
01-07 16:31:55.678 10541 10541 D CameraManager2: GotArray:1
01-07 16:31:55.678 10541 10541 D CameraManager2: GotArray:20
01-07 16:31:55.678 10541 10541 D CameraManager2: GotArray:21
01-07 16:31:55.678 10541 10541 D CameraManager2: GotArray:22
01-07 16:31:55.680 10541 10541 D CameraManager2: GotArray:0
01-07 16:31:55.680 10541 10541 D CameraManager2: GotArray:1
01-07 16:31:55.680 10541 10541 D CameraManager2: GotArray:20
01-07 16:31:55.680 10541 10541 D CameraManager2: GotArray:21
01-07 16:31:55.680 10541 10541 D CameraManager2: GotArray:22
01-07 16:31:55.687 10541 10657 W CAM_A : UNINITIALIZED > rel Δ(result sensor timestamp) = 0.30 > 0.25
01-07 16:31:55.688 10541 10657 W CAM_A : UNINITIALIZED > result sensor delay = 1.30 > 1.10
01-07 16:31:55.690 10541 10590 W libc : Access denied finding property "ro.hardware.chipname"
01-07 16:31:55.690 10541 10541 W FontsContract: Platform version of downloadable fonts is deprecated. Please use androidx version instead.
01-07 16:31:55.702 10541 10590 I tflite : Created TensorFlow Lite XNNPACK delegate for CPU.
01-07 16:31:55.703 10541 10590 I tflite : Replacing 5 node(s) with delegate (TfLiteXNNPackDelegate) node, yielding 1 partitions.
01-07 16:31:55.704 10541 10727 E GoLog : INFO: Created TensorFlow Lite XNNPACK delegate for CPU.
01-07 16:31:55.705 10541 10727 E GoLog : INFO: Replacing 5 node(s) with delegate (TfLiteXNNPackDelegate) node, yielding 1 partitions.
01-07 16:31:55.740 10541 10541 W CAM_A : ModeSwitcher WAS ALREADY ENABLED!
01-07 16:31:55.748 10541 10541 D CameraManager2: GotArray:0
01-07 16:31:55.748 10541 10541 D CameraManager2: GotArray:1
01-07 16:31:55.748 10541 10541 D CameraManager2: GotArray:20
01-07 16:31:55.748 10541 10541 D CameraManager2: GotArray:21
01-07 16:31:55.748 10541 10541 D CameraManager2: GotArray:22
01-07 16:31:55.749 10541 10744 W libc : Access denied finding property "vendor.migl.debug"
01-07 16:31:55.749 10541 10744 I libMiGL : EnableDR: 0
01-07 16:31:55.749 10541 10744 D libMEOW : meow new tls: 0x75b768f180
01-07 16:31:55.750 10541 10541 D CameraManager2: GotArray:0
01-07 16:31:55.750 10541 10541 D CameraManager2: GotArray:1
01-07 16:31:55.750 10541 10541 D CameraManager2: GotArray:20
01-07 16:31:55.750 10541 10541 D CameraManager2: GotArray:21
01-07 16:31:55.750 10541 10541 D CameraManager2: GotArray:22
01-07 16:31:55.753 10541 10541 D CameraManager2: GotArray:0
01-07 16:31:55.753 10541 10541 D CameraManager2: GotArray:1
01-07 16:31:55.753 10541 10541 D CameraManager2: GotArray:20
01-07 16:31:55.753 10541 10541 D CameraManager2: GotArray:21
01-07 16:31:55.753 10541 10541 D CameraManager2: GotArray:22
01-07 16:31:55.754 10541 10744 D libMEOW : meow reload base cfg path: na
01-07 16:31:55.754 10541 10744 D libMEOW : meow reload overlay cfg path: na
01-07 16:31:55.802 10541 10541 W Looper : PerfMonitor longMsg : seq=51 plan=16:31:54.177 late=169ms wall=1455ms h=android.os.Handler c=bwx procState=-1
01-07 16:31:55.804 10541 10741 W CAM_SimpleReqProcessor: Failed to add Stream-0 to CaptureRequest for Request-11. The surface (null) was not valid.
01-07 16:31:55.809 10541 10541 I Choreographer: Skipped 146 frames! The application may be doing too much work on its main thread.
01-07 16:31:55.809 10541 10541 D UserSceneDetector: invoke error.
01-07 16:31:55.821 10541 10741 W CAM_SimpleReqProcessor: Failed to add Stream-0 to CaptureRequest for Request-12. The surface (null) was not valid.
01-07 16:31:55.860 10541 10590 I Manager : DeviceManager::DeviceManager
01-07 16:31:55.863 10541 10590 W ServerFlag: Failed to parse result of GetServerConfigurableFlag, errno=34
01-07 16:31:55.863 10541 10590 I Manager : findAvailableDevices
01-07 16:31:55.876 10541 10657 W CAM_A : UNINITIALIZED > abs Δ(result sensor timestamp) = 109.99 ms > 70.00 ms
01-07 16:31:55.876 10541 10657 W CAM_A : UNINITIALIZED > rel Δ(result sensor timestamp) = 2.30 > 0.25
01-07 16:31:55.877 10541 10657 W CAM_A : UNINITIALIZED > result sensor delay = 3.30 > 1.10
01-07 16:31:55.879 10541 10744 E QT : [QT]file does not exist
01-07 16:31:55.883 10541 10541 I DeezNuts: MSG: SLIDER 1 FOCUS: 1.0E-4
01-07 16:31:55.883 10541 10541 I ProReC : setprogres0
01-07 16:31:55.883 10541 10541 I DeezNuts: MSG: SLIDER 0 IDX: 0
01-07 16:31:55.883 10541 10541 I ProReC : setprogres_iso0
01-07 16:31:55.883 10541 10541 I za.defcomk.prorec.cust2.RotSeek: setprogres_iso0
01-07 16:31:55.885 10541 10744 D libMEOW : applied 1 plugins for [com.google.android.GoogleCameraEngR18F1]:
01-07 16:31:55.885 10541 10744 D libMEOW : plugin 1: [libMEOW_gift.so]:
01-07 16:31:55.886 10541 10541 W View : requestLayout() improperly called by com.google.android.material.button.MaterialButton{c4df432 VFED..C........I. 0,0-0,0 #7f0b000b app:id/AuxButtonMain} during layout: running second layout pass
01-07 16:31:55.887 10541 10744 D MMUD : mtk_memory_debug_init com.google.android.GoogleCameraEngR18F1 0x765f2b15c0
01-07 16:31:55.902 10541 10619 I DMABUFHEAPS: Using DMA-BUF heap named: mtk_mm
01-07 16:31:55.903 10541 10619 I DMABUFHEAPS: Using DMA-BUF heap named: mtk_mm-uncached
01-07 16:31:55.903 10541 10619 I DMABUFHEAPS: Using DMA-BUF heap named: mtk_svp_region
01-07 16:31:55.903 10541 10619 I DMABUFHEAPS: Using DMA-BUF heap named: mtk_prot_region
01-07 16:31:55.903 10541 10619 I DMABUFHEAPS: Using DMA-BUF heap named: mtk_wfd_region
01-07 16:31:55.904 10541 10657 W CAM_A : UNINITIALIZED > rel Δ(result sensor timestamp) = 0.70 > 0.25
01-07 16:31:55.909 10541 10541 D SurfaceView: UPDATE null, mIsCastMode = false
01-07 16:31:55.916 10541 10541 D BufferQueueConsumer: [](id:292d00000003,api:0,p:-1,c:10541) connect: controlledByApp=false
01-07 16:31:55.918 10541 10541 D BLASTBufferQueue: [SurfaceView[com.google.android.GoogleCameraEngR18F1/com.android.camera.CameraLauncher]#1](f:0,a:0) constructor()
01-07 16:31:55.918 10541 10541 D BLASTBufferQueue: [SurfaceView[com.google.android.GoogleCameraEngR18F1/com.android.camera.CameraLauncher]#1](f:0,a:0) update width=640 height=480 format=4 mTransformHint=0
01-07 16:31:55.927 10541 10590 I tflite : Created TensorFlow Lite delegate for NNAPI.
01-07 16:31:55.927 10541 10590 I acceleration: ModifyGraphWithDelegate model namespace: unknown_namespace model id: unknown_model_id accelerator name: NNAPI:
01-07 16:31:55.944 10541 10541 D SurfaceView: UPDATE Surface(name=SurfaceView[com.google.android.GoogleCameraEngR18F1/com.android.camera.CameraLauncher]#59533)/@0x2b9238c, mIsProjectionMode = false
01-07 16:31:55.946 10541 10759 D libMEOW : meow new tls: 0x75b76cf1c0
01-07 16:31:55.946 10541 10759 D libMEOW : applied 1 plugins for [com.google.android.GoogleCameraEngR18F1]:
01-07 16:31:55.946 10541 10759 D libMEOW : plugin 1: [libMEOW_gift.so]:
01-07 16:31:55.953 10541 10727 E GoLog : INFO: Created TensorFlow Lite delegate for NNAPI.
01-07 16:31:55.982 10541 10760 D libMEOW : meow new tls: 0x75b770f200
01-07 16:31:55.982 10541 10760 D libMEOW : applied 1 plugins for [com.google.android.GoogleCameraEngR18F1]:
01-07 16:31:55.982 10541 10760 D libMEOW : plugin 1: [libMEOW_gift.so]:
01-07 16:31:55.984 10541 10744 D libMEOW : meow delete tls: 0x75b768f180
01-07 16:31:55.997 10541 10541 W Looper : PerfMonitor doFrame : time=189ms vsyncFrame=13122813 latency=1626ms procState=-1 historyMsgCount=64 (msgIndex=1 wall=169ms seq=10 late=593ms h=android.view.Choreographer$FrameHandler c=android.view.Choreographer$FrameDisplayEventReceiver) (msgIndex=42 wall=1455ms seq=51 late=169ms h=android.os.Handler c=bwx)
01-07 16:31:56.015 10541 10761 D ViewRootImplStubImpl: requestedTypes: 1
01-07 16:31:56.015 10541 10541 D VRI[CameraLauncher]: vri.reportNextDraw android.view.ViewRootImpl.handleResized:2752 android.view.ViewRootImpl.-$$Nest$mhandleResized:0 android.view.ViewRootImpl$W.resized:12890 android.app.servertransaction.WindowStateResizeItem.execute:64 android.app.servertransaction.WindowStateTransactionItem.execute:59
01-07 16:31:56.018 10541 10658 W CAM_SurfaceMap: Surface(name=null mNativeObject=505318811968)/@0x99287bc is valid but deferred streams are not yet available for CaptureSession-0
01-07 16:31:56.018 10541 10658 W CAM_SimpleReqProcessor: Failed to add Stream-0 to CaptureRequest for Request-13. The surface is not yet available.
01-07 16:31:56.020 10541 10590 W CAM_A : Extractor (frame) of type feature.acmi.imu.frame-straightness depends on foreign type feature.acmi.imu.camera-orientation! Feature values may be calculated out of order!
01-07 16:31:56.020 10541 10590 W CAM_A : Extractor (frame) of type feature.acmi.imu.frame-straightness depends on foreign type feature.acmi.imu.camera-orientation! Feature values may be calculated out of order!
01-07 16:31:56.041 10541 10658 W CAM_SurfaceMap: Surface(name=null mNativeObject=505318811968)/@0x99287bc is valid but deferred streams are not yet available for CaptureSession-0
01-07 16:31:56.042 10541 10658 W CAM_SimpleReqProcessor: Failed to add Stream-0 to CaptureRequest for Request-14. The surface is not yet available.
01-07 16:31:56.042 10541 10541 W CBVerifier: Registering phenotype for com.google.android.libraries.consentverifier#com.google.android.GoogleCameraEngR18F1 failed
01-07 16:31:56.042 10541 10761 W InteractionJankMonitor: Initializing without READ_DEVICE_CONFIG permission. enabled=false, interval=1, missedFrameThreshold=3, frameTimeThreshold=64, package=com.google.android.GoogleCameraEngR18F1
01-07 16:31:56.047 10541 10590 E SensorManager: sensor or listener is null
01-07 16:31:56.047 10541 10590 E SensorManager: sensor or listener is null
01-07 16:31:56.052 10541 10541 D CameraManager2: GotArray:0
01-07 16:31:56.052 10541 10541 D CameraManager2: GotArray:1
01-07 16:31:56.052 10541 10541 D CameraManager2: GotArray:20
01-07 16:31:56.052 10541 10541 D CameraManager2: GotArray:21
01-07 16:31:56.052 10541 10541 D CameraManager2: GotArray:22
01-07 16:31:56.053 10541 10657 W CAM_A : UNINITIALIZED > abs Δ(result sensor timestamp) = 133.32 ms > 70.00 ms
01-07 16:31:56.054 10541 10657 W CAM_A : UNINITIALIZED > rel Δ(result sensor timestamp) = 3.00 > 0.25
01-07 16:31:56.055 10541 10657 W CAM_A : UNINITIALIZED > result sensor delay = 4.00 > 1.10
01-07 16:31:56.056 10541 10541 W CAM_A : ModeSwitcher WAS ALREADY ENABLED!
01-07 16:31:56.058 10541 10553 I HWUI : Davey! duration=1852ms; Flags=0, FrameTimelineVsyncId=173598951, IntendedVsync=267137369284511, Vsync=267138990068179, InputEventId=0, HandleInputStart=267138996652306, AnimationStart=267138996654691, PerformTraversalsStart=267138997090691, DrawStart=267139133556614, FrameDeadline=267137546669352, FrameInterval=267138995676306, FrameStartTime=11101258, SyncQueued=267139165651922, SyncStart=267139165812230, IssueDrawCommandsStart=267139180362691, SwapBuffers=267139218291999, FrameCompleted=267139221982691, DequeueBufferDuration=50539, QueueBufferDuration=952000, GpuCompleted=267139221553230, SwapBuffersCompleted=267139221982691, DisplayPresentTime=0, CommandSubmissionCompleted=267139218291999,
01-07 16:31:56.068 10541 10541 W CAM_SurfaceMap: Surface(name=null mNativeObject=505318811968)/@0x99287bc is valid but deferred streams are not yet available for CaptureSession-0
01-07 16:31:56.068 10541 10541 W CAM_SimpleReqProcessor: Failed to add Stream-0 to CaptureRequest for Request-15. The surface is not yet available.
01-07 16:31:56.106 10541 10657 W CAM_A : UNINITIALIZED > rel Δ(result sensor timestamp) = 0.49 > 0.25
01-07 16:31:56.107 10541 10657 W CAM_A : UNINITIALIZED > result sensor delay = 2.06 > 1.10
01-07 16:31:56.110 10541 10541 I HandWritingStubImpl: refreshLastKeyboardType: 1
01-07 16:31:56.110 10541 10541 I HandWritingStubImpl: getCurrentKeyboardType: 1
01-07 16:31:56.117 10541 10541 D UserSceneDetector: invoke error.
01-07 16:31:56.170 10541 10541 D VRI[CameraLauncher]: Setup new sync=wmsSync-VRI[CameraLauncher]#3
01-07 16:31:56.197 10541 10720 D LibMBrainProxy: Init Paramters
01-07 16:31:56.198 10541 10541 D VRI[CameraLauncher]: vri.reportDrawFinished
01-07 16:31:56.199 10541 10541 W Looper : PerfMonitor doFrame : time=82ms vsyncFrame=13122911 latency=304ms procState=-1 historyMsgCount=96 (msgIndex=1 wall=189ms seq=74 late=1626ms h=android.view.Choreographer$FrameHandler c=android.view.Choreographer$FrameDisplayEventReceiver)
01-07 16:31:56.202 10541 10657 W CAM_A : UNINITIALIZED > abs Δ(result sensor timestamp) = 100.53 ms > 70.00 ms
01-07 16:31:56.203 10541 10657 W CAM_A : UNINITIALIZED > rel Δ(result sensor timestamp) = 0.47 > 0.25
01-07 16:31:56.204 10541 10657 W CAM_A : UNINITIALIZED > result sensor delay = 3.01 > 1.10
01-07 16:31:56.270 10541 10657 W CAM_A : UNINITIALIZED > rel Δ(result sensor timestamp) = 0.34 > 0.25
01-07 16:31:56.271 10541 10541 I HandWritingStubImpl: getCurrentKeyboardType: 1
01-07 16:31:56.271 10541 10657 W CAM_A : UNINITIALIZED > result sensor delay = 2.00 > 1.10
01-07 16:31:56.316 10541 10759 E native : E0107 16:31:56.315491 10759 resource_util_android.cc:65] generic::internal: RET_CHECK failure (third_party/mediapipe/util/resource_util_android.cc:65) Singleton::get()->ReadFile(path, output) could not read asset: research/vision/loco/video/models/siamese_fcpp/mobile/model_21086792_30/siamese_fe.tflite
01-07 16:31:56.316 10541 10759 E native : Stack trace:
01-07 16:31:56.316 10541 10759 E native :
01-07 16:31:56.316 10541 10727 E GoLog : E0107 16:31:56.315491 10759 resource_util_android.cc:65] generic::internal: RET_CHECK failure (third_party/mediapipe/util/resource_util_android.cc:65) Singleton::get()->ReadFile(path, output) could not read asset: research/vision/loco/video/models/siamese_fcpp/mobile/model_21086792_30/siamese_fe.tflite
01-07 16:31:56.316 10541 10727 E GoLog : Stack trace:
01-07 16:31:56.316 10541 10727 E GoLog :
01-07 16:31:56.316 10541 10759 E native : E0107 16:31:56.316441 10759 asset_manager_util.cc:166] generic::internal: RET_CHECK failure (third_party/mediapipe/util/android/asset_manager_util.cc:166) ReadFile(asset_path, &asset_data) could not read asset: research/vision/loco/video/models/siamese_fcpp/mobile/model_21086792_30/siamese_fe.tflite
01-07 16:31:56.316 10541 10759 E native : Stack trace:
01-07 16:31:56.316 10541 10759 E native :
01-07 16:31:56.316 10541 10727 E GoLog : E0107 16:31:56.316441 10759 asset_manager_util.cc:166] generic::internal: RET_CHECK failure (third_party/mediapipe/util/android/asset_manager_util.cc:166) ReadFile(asset_path, &asset_data) could not read asset: research/vision/loco/video/models/siamese_fcpp/mobile/model_21086792_30/siamese_fe.tflite
01-07 16:31:56.316 10541 10727 E GoLog : Stack trace:
01-07 16:31:56.316 10541 10727 E GoLog :
01-07 16:31:56.374 10541 10767 D libMEOW : meow new tls: 0x75b768f180
01-07 16:31:56.374 10541 10767 D libMEOW : applied 1 plugins for [com.google.android.GoogleCameraEngR18F1]:
01-07 16:31:56.374 10541 10767 D libMEOW : plugin 1: [libMEOW_gift.so]:
01-07 16:31:56.377 10541 10759 I tflite : Initialized TensorFlow Lite runtime.
01-07 16:31:56.381 10541 10762 D BLASTBufferQueue: [SurfaceView[com.google.android.GoogleCameraEngR18F1/com.android.camera.CameraLauncher]#1](f:0,a:1) acquireNextBufferLocked size=640x480 mFrameNumber=1 applyTransaction=true mTimestamp=267139479536000 mPendingTransactions.size=0 graphicBufferId=45273250267156 transform=4
01-07 16:31:56.381 10541 10727 E GoLog : INFO: Initialized TensorFlow Lite runtime.
01-07 16:31:56.384 10541 10759 I tflite : Replacing 26 node(s) with delegate (unknown) node, yielding 1 partitions.
01-07 16:31:56.388 10541 10759 I tflite : Replacing 26 node(s) with delegate (unknown) node, yielding 1 partitions.
01-07 16:31:56.389 10541 10727 E GoLog : INFO: Replacing 26 node(s) with delegate (unknown) node, yielding 1 partitions.
01-07 16:31:56.390 10541 10727 E GoLog : INFO: Replacing 26 node(s) with delegate (unknown) node, yielding 1 partitions.
01-07 16:31:56.394 10541 10657 W CAM_A : UNINITIALIZED > abs Δ(result sensor timestamp) = 99.99 ms > 70.00 ms
01-07 16:31:56.396 10541 10657 W CAM_A : UNINITIALIZED > rel Δ(result sensor timestamp) = 0.50 > 0.25
01-07 16:31:56.396 10541 10657 W CAM_A : UNINITIALIZED > result sensor delay = 3.00 > 1.10
01-07 16:31:56.422 10541 10623 D AppOpsManager: Noted app header size: 36
01-07 16:31:56.444 10541 10581 W BpBinder: Slow Binder: BpBinder transact took 316 ms, interface=android.content.IContentProvider, code=1 oneway=false
01-07 16:31:56.455 10541 10657 W CAM_A : UNINITIALIZED > rel Δ(result sensor timestamp) = 0.33 > 0.25
01-07 16:31:56.456 10541 10581 D AppOpsManager: Noted app header size: 36
01-07 16:31:56.462 10541 10657 W CAM_A : UNINITIALIZED > result sensor delay = 2.00 > 1.10
01-07 16:31:56.474 10541 10759 D OPENCL_ICD_LOADER: initCLTraceLevel sCLTraceLevel = 0
01-07 16:31:56.474 10541 10759 D OPENCL_ICD_LOADER: initCLTraceLevel CL_TARGET_OPENCL_VERSION = 300
01-07 16:31:56.474 10541 10759 D OPENCL_ICD_LOADER: Init clImportMemoryARM_fptr 0x737291bb70
01-07 16:31:56.479 10541 10743 W CAM_A : Cannot start motion estimator for tracking
01-07 16:31:56.491 10541 10776 D libMEOW : meow new tls: 0x75b775f250
01-07 16:31:56.491 10541 10776 D libMEOW : applied 1 plugins for [com.google.android.GoogleCameraEngR18F1]:
01-07 16:31:56.491 10541 10776 D libMEOW : plugin 1: [libMEOW_gift.so]:
01-07 16:31:56.517 10541 10778 D libMEOW : meow new tls: 0x75b778f280
01-07 16:31:56.517 10541 10778 D libMEOW : applied 1 plugins for [com.google.android.GoogleCameraEngR18F1]:
01-07 16:31:56.517 10541 10778 D libMEOW : plugin 1: [libMEOW_gift.so]:
01-07 16:31:56.522 10541 10619 W CAM_CameraDeviceVerifie: Tag CameraDeviceVerifier is 1 chars longer than limit.
01-07 16:31:56.557 10541 10657 W CAM_A : UNINITIALIZED > abs Δ(result sensor timestamp) = 99.99 ms > 70.00 ms
01-07 16:31:56.557 10541 10657 W CAM_A : UNINITIALIZED > rel Δ(result sensor timestamp) = 0.50 > 0.25
01-07 16:31:56.558 10541 10657 W CAM_A : UNINITIALIZED > result sensor delay = 3.00 > 1.10
01-07 16:31:56.597 10541 10657 W CAM_A : UNINITIALIZED > rel Δ(result sensor timestamp) = 0.67 > 0.25
01-07 16:31:56.605 10541 10619 D CameraManager2: GotArray:0
01-07 16:31:56.606 10541 10619 D CameraManager2: GotArray:1
01-07 16:31:56.606 10541 10619 D CameraManager2: GotArray:20
01-07 16:31:56.606 10541 10619 D CameraManager2: GotArray:21
01-07 16:31:56.606 10541 10619 D CameraManager2: GotArray:22
01-07 16:31:56.613 10541 10625 D CameraManager2: GotArray:0
01-07 16:31:56.614 10541 10625 D CameraManager2: GotArray:1
01-07 16:31:56.614 10541 10625 D CameraManager2: GotArray:20
01-07 16:31:56.614 10541 10625 D CameraManager2: GotArray:21
01-07 16:31:56.614 10541 10625 D CameraManager2: GotArray:22
01-07 16:31:56.639 10541 10759 E native : E0107 16:31:56.638961 10759 resource_util_android.cc:65] generic::internal: RET_CHECK failure (third_party/mediapipe/util/resource_util_android.cc:65) Singleton::get()->ReadFile(path, output) could not read asset: research/vision/loco/video/models/siamese_fcpp/mobile/model_21086792_30/siamese_end2end.tflite
01-07 16:31:56.639 10541 10759 E native : Stack trace:
01-07 16:31:56.639 10541 10759 E native :
01-07 16:31:56.639 10541 10727 E GoLog : E0107 16:31:56.638961 10759 resource_util_android.cc:65] generic::internal: RET_CHECK failure (third_party/mediapipe/util/resource_util_android.cc:65) Singleton::get()->ReadFile(path, output) could not read asset: research/vision/loco/video/models/siamese_fcpp/mobile/model_21086792_30/siamese_end2end.tflite
01-07 16:31:56.639 10541 10759 E native : E0107 16:31:56.639279 10759 asset_manager_util.cc:166] generic::internal: RET_CHECK failure (third_party/mediapipe/util/android/asset_manager_util.cc:166) ReadFile(asset_path, &asset_data) could not read asset: research/vision/loco/video/models/siamese_fcpp/mobile/model_21086792_30/siamese_end2end.tflite
01-07 16:31:56.639 10541 10759 E native : Stack trace:
01-07 16:31:56.639 10541 10759 E native :
01-07 16:31:56.639 10541 10727 E GoLog : Stack trace:
01-07 16:31:56.639 10541 10727 E GoLog :
01-07 16:31:56.640 10541 10727 E GoLog : E0107 16:31:56.639279 10759 asset_manager_util.cc:166] generic::internal: RET_CHECK failure (third_party/mediapipe/util/android/asset_manager_util.cc:166) ReadFile(asset_path, &asset_data) could not read asset: research/vision/loco/video/models/siamese_fcpp/mobile/model_21086792_30/siamese_end2end.tflite
01-07 16:31:56.640 10541 10727 E GoLog : Stack trace:
01-07 16:31:56.640 10541 10727 E GoLog :
01-07 16:31:56.645 10541 10779 D MediaCodec: CreateByType: pid -1(10541)
01-07 16:31:56.646 10541 10779 D MediaCodec: CreateByType: mime audio/vorbis, encoder 0 pid -1
01-07 16:31:56.651 10541 10779 D MediaCodecList: processName: com.google.android.GoogleCameraEngR18F1 , mime: audio/vorbis
01-07 16:31:56.652 10541 10779 D MediaCodecList: codecHandlesFormat: no format, so no extra checks
01-07 16:31:56.664 10541 10759 I tflite : Replacing 47 node(s) with delegate (unknown) node, yielding 1 partitions.
01-07 16:31:56.669 10541 10727 E GoLog : INFO: Replacing 47 node(s) with delegate (unknown) node, yielding 1 partitions.
01-07 16:31:56.672 10541 10759 I tflite : Replacing 47 node(s) with delegate (unknown) node, yielding 1 partitions.
01-07 16:31:56.673 10541 10727 E GoLog : INFO: Replacing 47 node(s) with delegate (unknown) node, yielding 1 partitions.
01-07 16:31:56.688 10541 10779 D CCodecBufferChannel: mBufferCountDebug=0 mIsUserLoad=1
01-07 16:31:56.690 10541 10779 D MBrainDateManager: MBrainDataManager Constructor caller
01-07 16:31:56.691 10541 10779 D MBrainManager: mMBrainSupport 0, return NULL
01-07 16:31:56.691 10541 10779 D MBrainDateManager: mMBrainManager = nullptr
01-07 16:31:56.691 10541 10779 D CCodecBufferChannel: new MBrainDataManager() fail
01-07 16:31:56.691 10541 10779 D MBrainDateManager: MBrainDataManager Constructor clear
01-07 16:31:56.691 10541 10779 D MediaCodec: [0x7507798c90] init: CCodec 0x74775a73d0, CCodecBufferChannel 0x7587641b10
01-07 16:31:56.691 10541 10779 I MediaCodec: init video box disabled for codec not supported
01-07 16:31:56.734 10541 10657 W CAM_A : UNINITIALIZED > abs Δ(result sensor timestamp) = 166.65 ms > 70.00 ms
01-07 16:31:56.735 10541 10657 W CAM_A : UNINITIALIZED > rel Δ(result sensor timestamp) = 4.00 > 0.25
01-07 16:31:56.736 10541 10657 W CAM_A : UNINITIALIZED > result sensor delay = 5.00 > 1.10
01-07 16:31:56.754 10541 10657 W CAM_A : UNINITIALIZED > rel Δ(result sensor timestamp) = 0.80 > 0.25
