01-07 16:31:56.764 10541 10783 D MediaCodec: [0x7507798c90] setState: 1
01-07 16:31:56.764 10541 10783 I MediaCodec: [mId: 0] [audio-debug-dec] setState: INITIALIZING
01-07 16:31:56.771 10541 10783 D CCodec : allocate(c2.android.vorbis.decoder)
01-07 16:31:56.794 10541 10783 I Codec2Client: Available Codec2 services: "default" "software"
01-07 16:31:56.807 10541 10783 I CCodec : setting up 'default' as default (vendor) store
01-07 16:31:56.863 10541 10783 I CCodec : Created component [c2.android.vorbis.decoder]
01-07 16:31:56.863 10541 10783 D CCodecBufferChannel: [0x7587641b10] setComponent: mName c2.android.vorbis.decoder#668, mPipelineWatcher 0x7587641ff8
01-07 16:31:56.863 10541 10783 D CCodecBufferChannel: PipelineWatcher debug info [c2.android.vorbis.decoder#668] enable=0
01-07 16:31:56.870 10541 10783 D CCodecConfig: read media type: audio/vorbis
01-07 16:31:56.883 10541 10783 D ReflectedParamUpdater: extent() != 1 for single value type: algo.buffers.max-count.values
01-07 16:31:56.893 10541 10657 W CAM_A : PHOTO > abs Δ(result sensor timestamp) = 99.45 ms > 70.00 ms
01-07 16:31:56.897 10541 10783 D ReflectedParamUpdater: extent() != 1 for single value type: output.subscribed-indices.values
01-07 16:31:56.900 10541 10783 D ReflectedParamUpdater: extent() != 1 for single value type: input.buffers.allocator-ids.values
01-07 16:31:56.900 10541 10783 D ReflectedParamUpdater: extent() != 1 for single value type: output.buffers.allocator-ids.values
01-07 16:31:56.901 10541 10783 D ReflectedParamUpdater: extent() != 1 for single value type: algo.buffers.allocator-ids.values
01-07 16:31:56.902 10541 10783 D ReflectedParamUpdater: extent() != 1 for single value type: output.buffers.pool-ids.values
01-07 16:31:56.902 10541 10783 D ReflectedParamUpdater: extent() != 1 for single value type: algo.buffers.pool-ids.values
01-07 16:31:56.907 10541 10657 W CAM_A : PHOTO > rel Δ(result sensor timestamp) = 1.98 > 0.25
01-07 16:31:56.908 10541 10657 W CAM_A : PHOTO > result sensor delay = 2.98 > 1.10
01-07 16:31:56.921 10541 10657 W CAM_A : PHOTO > rel Δ(result sensor timestamp) = 0.67 > 0.25
01-07 16:31:56.933 10541 10783 I CCodecConfig: query failed after returning 8 values (BAD_INDEX)
01-07 16:31:56.934 10541 10783 D CCodecConfig: c2 config diff is Dict {
01-07 16:31:56.934 10541 10783 D CCodecConfig: c2::u32 coded.bitrate.value = 64000
01-07 16:31:56.934 10541 10783 D CCodecConfig: c2::u32 input.buffers.max-size.value = 32768
01-07 16:31:56.934 10541 10783 D CCodecConfig: c2::u32 input.delay.value = 0
01-07 16:31:56.934 10541 10783 D CCodecConfig: string input.media-type.value = "audio/vorbis"
01-07 16:31:56.934 10541 10783 D CCodecConfig: c2::u32 output.large-frame.max-size = 0
01-07 16:31:56.934 10541 10783 D CCodecConfig: c2::u32 output.large-frame.threshold-size = 0
01-07 16:31:56.934 10541 10783 D CCodecConfig: string output.media-type.value = "audio/raw"
01-07 16:31:56.934 10541 10783 D CCodecConfig: c2::u32 raw.channel-count.value = 1
01-07 16:31:56.934 10541 10783 D CCodecConfig: c2::u32 raw.sample-rate.value = 48000
01-07 16:31:56.934 10541 10783 D CCodecConfig: }
01-07 16:31:56.935 10541 10783 D MediaCodec: [0x7507798c90] setState: 2
01-07 16:31:56.935 10541 10783 I MediaCodec: [mId: 0] [audio-debug-dec] setState: INITIALIZED
01-07 16:31:56.943 10541 10779 D MediaCodec: [0x7507798c90] [c2.android.vorbis.decoder] configure
01-07 16:31:56.944 10541 10779 I MediaCodec: [mId: 0] [audio-debug-dec] configure: ClientName: com.google.android.GoogleCameraEngR18F1 ComponentName: c2.android.vorbis.decoder
01-07 16:31:56.944 10541 10779 I MediaCodec: [mId: 0] [audio-debug-dec] configure: ClientFormat: AMessage(what = 0x00000000) = {
01-07 16:31:56.944 10541 10779 I MediaCodec: string mime = "audio/vorbis"
01-07 16:31:56.944 10541 10779 I MediaCodec: int64_t durationUs = 282086
01-07 16:31:56.944 10541 10779 I MediaCodec: int32_t track-id = 1
01-07 16:31:56.944 10541 10779 I MediaCodec: Buffer csd-0 = {
01-07 16:31:56.944 10541 10779 I MediaCodec: 00000000: 01 76 6f 72 62 69 73 00 00 00 00 01 44 ac 00 00.vorbis.....D...
01-07 16:31:56.944 10541 10779 I MediaCodec: 00000010: 00 00 00 00 80 38 01 00 00 00 00 00 b8 01.....8........
01-07 16:31:56.944 10541 10779 I MediaCodec: }
01-07 16:31:56.944 10541 10779 I MediaCodec: Buffer *csd-1 = 0x7457595aa0
01-07 16:31:56.944 10541 10779 I MediaCodec: int32_t bitrate = 80000
01-07 16:31:56.944 10541 10779 I MediaCodec: int32_t channel-count = 1
01-07 16:31:56.944 10541 10779 I MediaCodec: int32_t sample-rate = 44100
01-07 16:31:56.944 10541 10779 I MediaCodec: int32_t channel-mask = 1
01-07 16:31:56.944 10541 10779 I MediaCodec: }
01-07 16:31:56.944 10541 10779 I MediaCodec: configure : init video box disabled
01-07 16:31:56.946 10541 10783 D MediaCodec: [0x7507798c90] setState: 3
01-07 16:31:56.946 10541 10783 I MediaCodec: [mId: 0] [audio-debug-dec] setState: CONFIGURING
01-07 16:31:56.946 10541 10783 D CCodec : [c2.android.vorbis.decoder] buffers are bound to CCodec for this session
01-07 16:31:56.946 10541 10783 D CCodecConfig: no c2 equivalents for durationUs
01-07 16:31:56.946 10541 10783 D CCodecConfig: no c2 equivalents for track-id
01-07 16:31:56.946 10541 10783 D CCodecConfig: no c2 equivalents for csd-1
01-07 16:31:56.946 10541 10783 D CCodecConfig: no c2 equivalents for flags
01-07 16:31:56.948 10541 10783 D CCodecConfig: c2 config diff is c2::u32 coded.bitrate.value = 80000
01-07 16:31:56.948 10541 10783 D CCodecConfig: c2::u32 raw.sample-rate.value = 44100
01-07 16:31:56.950 10541 10783 D CCodec : encoding statistics level = 0
01-07 16:31:56.950 10541 10783 D CCodec : setup formats input: AMessage(what = 0x00000000) = {
01-07 16:31:56.950 10541 10783 D CCodec : int32_t bitrate = 80000
01-07 16:31:56.950 10541 10783 D CCodec : int32_t channel-count = 1
01-07 16:31:56.950 10541 10783 D CCodec : int32_t max-input-size = 32768
01-07 16:31:56.950 10541 10783 D CCodec : string mime = "audio/vorbis"
01-07 16:31:56.950 10541 10783 D CCodec : int32_t sample-rate = 44100
01-07 16:31:56.950 10541 10783 D CCodec : }
01-07 16:31:56.950 10541 10783 D CCodec : setup formats output: AMessage(what = 0x00000000) = {
01-07 16:31:56.950 10541 10783 D CCodec : int32_t buffer-batch-max-output-size = 0
01-07 16:31:56.950 10541 10783 D CCodec : int32_t buffer-batch-threshold-output-size = 0
01-07 16:31:56.950 10541 10783 D CCodec : int32_t channel-count = 1
01-07 16:31:56.950 10541 10783 D CCodec : string mime = "audio/raw"
01-07 16:31:56.950 10541 10783 D CCodec : int32_t sample-rate = 44100
01-07 16:31:56.950 10541 10783 D CCodec : int32_t channel-mask = 1
01-07 16:31:56.950 10541 10783 D CCodec : int32_t android._config-pcm-encoding = 2
01-07 16:31:56.950 10541 10783 D CCodec : }
01-07 16:31:56.951 10541 10783 I CCodecConfig: query failed after returning 8 values (BAD_INDEX)
01-07 16:31:56.951 10541 10783 D MediaCodec: [0x7507798c90] setState: 4
01-07 16:31:56.951 10541 10783 I MediaCodec: [mId: 0] [audio-debug-dec] setState: CONFIGURED
01-07 16:31:56.952 10541 10783 D MediaCodec: [0x7507798c90] setState: 5
01-07 16:31:56.952 10541 10783 I MediaCodec: [mId: 0] [audio-debug-dec] setState: STARTING
01-07 16:31:56.956 10541 10783 D C2Store : Using DMABUF Heaps
01-07 16:31:56.962 10541 10783 D CCodecBufferChannel: [c2.android.vorbis.decoder#668] Created input block pool with allocatorID 16 => poolID 17 - OK (0)
01-07 16:31:56.962 10541 10783 I CCodecBufferChannel: [mId: 0] [audio-debug-dec] start: inputFormat: AMessage(what = 0x00000000) = {
01-07 16:31:56.962 10541 10783 I CCodecBufferChannel: int32_t bitrate = 80000
01-07 16:31:56.962 10541 10783 I CCodecBufferChannel: int32_t channel-count = 1
01-07 16:31:56.962 10541 10783 I CCodecBufferChannel: int32_t max-input-size = 32768
01-07 16:31:56.962 10541 10783 I CCodecBufferChannel: string mime = "audio/vorbis"
01-07 16:31:56.962 10541 10783 I CCodecBufferChannel: int32_t sample-rate = 44100
01-07 16:31:56.962 10541 10783 I CCodecBufferChannel: }
01-07 16:31:56.965 10541 10783 I CCodecBufferChannel: [c2.android.vorbis.decoder#668] Created output block pool with allocatorID 16 => poolID 8259 - OK
01-07 16:31:56.965 10541 10783 D CCodecBufferChannel: [c2.android.vorbis.decoder#668] Configured output block pool ids 8259 => OK
01-07 16:31:56.965 10541 10783 D CCodecBufferChannel: [0x7587641b10] [c2.android.vorbis.decoder#668] start: output->outputDelay 0, output->numSlots 4
01-07 16:31:56.965 10541 10783 I CCodecBufferChannel: [mId: 0] [audio-debug-dec] start: outputFormat: AMessage(what = 0x00000000) = {
01-07 16:31:56.965 10541 10783 I CCodecBufferChannel: int32_t buffer-batch-max-output-size = 0
01-07 16:31:56.965 10541 10783 I CCodecBufferChannel: int32_t buffer-batch-threshold-output-size = 0
01-07 16:31:56.965 10541 10783 I CCodecBufferChannel: int32_t channel-count = 1
01-07 16:31:56.965 10541 10783 I CCodecBufferChannel: string mime = "audio/raw"
01-07 16:31:56.965 10541 10783 I CCodecBufferChannel: int32_t sample-rate = 44100
01-07 16:31:56.965 10541 10783 I CCodecBufferChannel: int32_t channel-mask = 1
01-07 16:31:56.965 10541 10783 I CCodecBufferChannel: int32_t android._config-pcm-encoding = 2
01-07 16:31:56.965 10541 10783 I CCodecBufferChannel: }
01-07 16:31:56.965 10541 10783 D CCodecBuffers: [c2.android.vorbis.decoder#668:1D-Output.Impl[N]] converted 0 buffers to array mode of 4
01-07 16:31:56.972 10541 10783 I DMABUFHEAPS: Using DMA-BUF heap named: mtk_mm
01-07 16:31:56.980 10541 10783 D MediaCodec: [0x7507798c90] setState: 6
01-07 16:31:56.980 10541 10783 I MediaCodec: [mId: 0] [audio-debug-dec] setState: STARTED
01-07 16:31:56.981 10541 10783 D CCodecBufferChannel: The csd Sample queue
01-07 16:31:56.983 10541 10783 W eCameraEngR18F1: AIBinder_linkToDeath is being called with a non-null cookie and no onUnlink callback set. This might not be intended. AIBinder_DeathRecipient_setOnUnlinked should be called first.
01-07 16:31:56.984 10541 10581 W CAM_A : Framerate metadata does not exist for the video at content://media/external/video/media/1000022855
01-07 16:31:56.985 10541 10783 D CCodecBufferChannel: The csd Sample queue
01-07 16:31:56.998 10541 10783 D CCodecBuffers: [c2.android.vorbis.decoder#668:1D-Input.Impl[N]] converted 4 buffers to array mode of 4
01-07 16:31:57.001 10541 10779 I MediaCodec: [mId: 0] [audio-debug-dec] queueInputBuffer: index: 2 pts: 0 timediff: 0
01-07 16:31:57.006 10541 10779 I MediaCodec: [mId: 0] [audio-debug-dec] queueInputBuffer: index: 3 pts: 0 timediff: 6
01-07 16:31:57.008 10541 10779 I MediaCodec: [mId: 0] [audio-debug-dec] queueInputBuffer: index: 0 pts: 2902 timediff: 2
01-07 16:31:57.013 10541 10783 D PipelineWatcher: [0x7587641ff8] pipelineFull: too many frames in pipeline (4)
01-07 16:31:57.020 10541 10657 W CAM_A : PHOTO > abs Δ(result sensor timestamp) = 99.37 ms > 70.00 ms
01-07 16:31:57.020 10541 10657 W CAM_A : PHOTO > rel Δ(result sensor timestamp) = 2.03 > 0.25
01-07 16:31:57.024 10541 10783 D PipelineWatcher: [0x7587641ff8] pipelineFull: too many frames in pipeline (4)
01-07 16:31:57.025 10541 10783 I MediaCodec: isHDR: standard =0,transfer = 0
01-07 16:31:57.031 10541 10657 W CAM_A : PHOTO > result sensor delay = 2.98 > 1.10
01-07 16:31:57.048 10541 10619 W Glide : Failed to find GeneratedAppGlideModule. You should include an annotationProcessor compile dependency on com.github.bumptech.glide:compiler in your application and a @GlideModule annotated AppGlideModule implementation or LibraryGlideModules will be silently ignored
01-07 16:31:57.075 10541 10619 D libMEOW : meow new tls: 0x75b789f390
01-07 16:31:57.075 10541 10619 D libMEOW : applied 1 plugins for [com.google.android.GoogleCameraEngR18F1]:
01-07 16:31:57.075 10541 10619 D libMEOW : plugin 1: [libMEOW_gift.so]:
01-07 16:31:57.097 10541 10581 W ProtoDataStoreFlagStore: Unable to retrieve flag snapshot for com.google.android.libraries.performance.primes#com.google.android.GoogleCameraEngR18F1, using defaults.
01-07 16:31:57.100 10541 10657 W CAM_A : PHOTO > abs Δ(result sensor timestamp) = 99.33 ms > 70.00 ms
01-07 16:31:57.100 10541 10657 W CAM_A : PHOTO > result sensor delay = 2.98 > 1.10
01-07 16:31:57.111 10541 10611 W ProtoDataStoreFlagStore: Unable to update local snapshot for com.google.android.libraries.performance.primes#com.google.android.GoogleCameraEngR18F1, may result in stale flags.
01-07 16:31:57.111 10541 10611 W ProtoDataStoreFlagStore: java.util.concurrent.ExecutionException: java.lang.SecurityException: GoogleCertificatesRslt: not allowed: pkg=com.google.android.GoogleCameraEngR18F1, sha256=[a40da80a59d170caa950cf15c18c454d47a39b26989d8b640ecd745ba71bf5dc], atk=false, ver=244738035.true (go/gsrlt)
01-07 16:31:57.111 10541 10611 W ProtoDataStoreFlagStore: at pfx.s(Unknown Source:20)
01-07 16:31:57.111 10541 10611 W ProtoDataStoreFlagStore: at pfx.get(Unknown Source:21)
01-07 16:31:57.111 10541 10611 W ProtoDataStoreFlagStore: at plk.I(Unknown Source:1)
01-07 16:31:57.111 10541 10611 W ProtoDataStoreFlagStore: at plk.ad(Unknown Source:9)
01-07 16:31:57.111 10541 10611 W ProtoDataStoreFlagStore: at nfm.d(Unknown Source:0)
01-07 16:31:57.111 10541 10611 W ProtoDataStoreFlagStore: at ngq.run(Unknown Source:9)
01-07 16:31:57.111 10541 10611 W ProtoDataStoreFlagStore: at java.util.concurrent.Executors$RunnableAdapter.call(Executors.java:487)
01-07 16:31:57.111 10541 10611 W ProtoDataStoreFlagStore: at java.util.concurrent.FutureTask.run(FutureTask.java:264)
01-07 16:31:57.111 10541 10611 W ProtoDataStoreFlagStore: at java.util.concurrent.ScheduledThreadPoolExecutor$ScheduledFutureTask.run(ScheduledThreadPoolExecutor.java:307)
01-07 16:31:57.111 10541 10611 W ProtoDataStoreFlagStore: at java.util.concurrent.ThreadPoolExecutor.runWorker(ThreadPoolExecutor.java:1145)
01-07 16:31:57.111 10541 10611 W ProtoDataStoreFlagStore: at java.util.concurrent.ThreadPoolExecutor$Worker.run(ThreadPoolExecutor.java:644)
01-07 16:31:57.111 10541 10611 W ProtoDataStoreFlagStore: at java.lang.Thread.run(Thread.java:1012)
01-07 16:31:57.111 10541 10611 W ProtoDataStoreFlagStore: Caused by: java.lang.SecurityException: GoogleCertificatesRslt: not allowed: pkg=com.google.android.GoogleCameraEngR18F1, sha256=[a40da80a59d170caa950cf15c18c454d47a39b26989d8b640ecd745ba71bf5dc], atk=false, ver=244738035.true (go/gsrlt)
01-07 16:31:57.111 10541 10611 W ProtoDataStoreFlagStore: at android.os.Parcel.createExceptionOrNull(Parcel.java:3256)
01-07 16:31:57.111 10541 10611 W ProtoDataStoreFlagStore: at android.os.Parcel.createException(Parcel.java:3240)
01-07 16:31:57.111 10541 10611 W ProtoDataStoreFlagStore: at android.os.Parcel.readException(Parcel.java:3223)
01-07 16:31:57.111 10541 10611 W ProtoDataStoreFlagStore: at android.os.Parcel.readException(Parcel.java:3165)
01-07 16:31:57.111 10541 10611 W ProtoDataStoreFlagStore: at bmn.z(Unknown Source:10)
01-07 16:31:57.111 10541 10611 W ProtoDataStoreFlagStore: at ktz.a(Unknown Source:38)
01-07 16:31:57.111 10541 10611 W ProtoDataStoreFlagStore: at kjd.f(Unknown Source:10)
01-07 16:31:57.111 10541 10611 W ProtoDataStoreFlagStore: at kkc.t(Unknown Source:9)
01-07 16:31:57.111 10541 10611 W ProtoDataStoreFlagStore: at kkc.u(Unknown Source:22)
01-07 16:31:57.111 10541 10611 W ProtoDataStoreFlagStore: at kkc.e(Unknown Source:15)
01-07 16:31:57.111 10541 10611 W ProtoDataStoreFlagStore: at kkg.handleMessage(Unknown Source:920)
01-07 16:31:57.111 10541 10611 W ProtoDataStoreFlagStore: at android.os.Handler.dispatchMessage(Handler.java:103)
01-07 16:31:57.111 10541 10611 W ProtoDataStoreFlagStore: at ksg.b(Unknown Source:0)
01-07 16:31:57.111 10541 10611 W ProtoDataStoreFlagStore: at ksg.dispatchMessage(Unknown Source:0)
01-07 16:31:57.111 10541 10611 W ProtoDataStoreFlagStore: at android.os.Looper.loopOnce(Looper.java:249)
01-07 16:31:57.111 10541 10611 W ProtoDataStoreFlagStore: at android.os.Looper.loop(Looper.java:337)
01-07 16:31:57.111 10541 10611 W ProtoDataStoreFlagStore: at android.os.HandlerThread.run(HandlerThread.java:85)
01-07 16:31:57.131 10541 10657 W CAM_A : PHOTO > rel Δ(result sensor timestamp) = 0.66 > 0.25
01-07 16:31:57.185 10541 10783 D CCodecBufferChannel: [c2.android.vorbis.decoder#668] input EOS
01-07 16:31:57.188 10541 10779 I MediaCodec: [mId: 0] [audio-debug-dec] stop
01-07 16:31:57.188 10541 10779 D MediaCodec: [0x7507798c90] [c2.android.vorbis.decoder] stop
01-07 16:31:57.188 10541 10783 I MediaCodec: [mId: 0] [audio-debug-dec] Stats over last 237ms:
01-07 16:31:57.189 10541 10783 I MediaCodec: [mId: 0] [audio-debug-dec] ClientName: com.google.android.GoogleCameraEngR18F1 ComponentName: c2.android.vorbis.decoder
01-07 16:31:57.189 10541 10783 I MediaCodec: [mId: 0] [audio-debug-dec] Qinput: 40, DQinput: 40 success out of 43 tries
01-07 16:31:57.189 10541 10783 I MediaCodec: [mId: 0] [audio-debug-dec] Render: 0, Drop: 39, DQoutput: 39 success out of 46 tries
01-07 16:31:57.189 10541 10783 D MediaCodec: [0x7507798c90] setState: 9
01-07 16:31:57.189 10541 10783 I MediaCodec: [mId: 0] [audio-debug-dec] setState: STOPPING
01-07 16:31:57.189 10541 10783 D CCodecBufferChannel: [c2.android.vorbis.decoder#668] MediaCodec discarded an unknown buffer
01-07 16:31:57.189 10541 10783 D CCodecBufferChannel: [c2.android.vorbis.decoder#668] MediaCodec discarded an unknown buffer
01-07 16:31:57.189 10541 10783 D CCodecBufferChannel: [c2.android.vorbis.decoder#668] MediaCodec discarded an unknown buffer
01-07 16:31:57.191 10541 10783 D MediaCodec: [0x7507798c90] [c2.android.vorbis.decoder] kWhatStopCompleted
01-07 16:31:57.191 10541 10783 D MediaCodec: [0x7507798c90] setState: 2
01-07 16:31:57.191 10541 10783 I MediaCodec: [mId: 0] [audio-debug-dec] setState: INITIALIZED
01-07 16:31:57.192 10541 10779 D MediaCodec: [0x7507798c90] [c2.android.vorbis.decoder] release
01-07 16:31:57.193 10541 10783 D MediaCodec: [0x7507798c90] setState: 10
01-07 16:31:57.193 10541 10783 I MediaCodec: [mId: 0] [audio-debug-dec] setState: RELEASING
01-07 16:31:57.197 10541 10783 D MediaCodec: [0x7507798c90] [c2.android.vorbis.decoder] kWhatReleaseCompleted
01-07 16:31:57.197 10541 10783 D MediaCodec: [0x7507798c90] setState: 0
01-07 16:31:57.197 10541 10783 I MediaCodec: [mId: 0] [audio-debug-dec] setState: UNINITIALIZED
01-07 16:31:57.198 10541 10783 I MediaCodec: MediaStub sendHdrInfo/sendFrameRateFloatCal/updateFrcAieAisState
01-07 16:31:57.199 10541 10783 D MediaImpl: FRC not support: valueSupport :
01-07 16:31:57.199 10541 10783 D MediaImpl: AIE not support: valueSupport :
01-07 16:31:57.199 10541 10783 D MediaImpl: AIS not support: valueSupport :
01-07 16:31:57.220 10541 10657 W CAM_A : PHOTO > abs Δ(result sensor timestamp) = 99.99 ms > 70.00 ms
01-07 16:31:57.221 10541 10657 W CAM_A : PHOTO > rel Δ(result sensor timestamp) = 2.00 > 0.25
01-07 16:31:57.221 10541 10657 W CAM_A : PHOTO > result sensor delay = 3.00 > 1.10
01-07 16:31:57.225 10541 10779 D MediaCodec: CreateByType: pid -1(10541)
01-07 16:31:57.225 10541 10779 D MediaCodec: CreateByType: mime audio/vorbis, encoder 0 pid -1
01-07 16:31:57.225 10541 10779 D MediaCodecList: processName: com.google.android.GoogleCameraEngR18F1 , mime: audio/vorbis
01-07 16:31:57.227 10541 10779 D MediaCodecList: codecHandlesFormat: no format, so no extra checks
01-07 16:31:57.231 10541 10779 D CCodecBufferChannel: mBufferCountDebug=0 mIsUserLoad=1
01-07 16:31:57.231 10541 10779 D MBrainDateManager: MBrainDataManager Constructor caller
01-07 16:31:57.231 10541 10779 D MBrainManager: mMBrainSupport 0, return NULL
01-07 16:31:57.231 10541 10779 D MBrainDateManager: mMBrainManager = nullptr
01-07 16:31:57.231 10541 10779 D CCodecBufferChannel: new MBrainDataManager() fail
01-07 16:31:57.231 10541 10779 D MBrainDateManager: MBrainDataManager Constructor clear
01-07 16:31:57.231 10541 10779 D MediaCodec: [0x750775bf20] init: CCodec 0x74775a3ea0, CCodecBufferChannel 0x758765bd80
01-07 16:31:57.231 10541 10779 I MediaCodec: init video box disabled for codec not supported
01-07 16:31:57.238 10541 10804 D MediaCodec: [0x750775bf20] setState: 1
01-07 16:31:57.238 10541 10804 I MediaCodec: [mId: 1] [audio-debug-dec] setState: INITIALIZING
01-07 16:31:57.238 10541 10804 D CCodec : allocate(c2.android.vorbis.decoder)
01-07 16:31:57.244 10541 10804 I CCodec : setting up 'default' as default (vendor) store
01-07 16:31:57.252 10541 10804 W eCameraEngR18F1: AIBinder_linkToDeath is being called with a non-null cookie and no onUnlink callback set. This might not be intended. AIBinder_DeathRecipient_setOnUnlinked should be called first.
01-07 16:31:57.252 10541 10804 I CCodec : Created component [c2.android.vorbis.decoder]
01-07 16:31:57.252 10541 10804 D CCodecBufferChannel: [0x758765bd80] setComponent: mName c2.android.vorbis.decoder#85, mPipelineWatcher 0x758765c268
01-07 16:31:57.252 10541 10804 D CCodecBufferChannel: PipelineWatcher debug info [c2.android.vorbis.decoder#85] enable=0
01-07 16:31:57.252 10541 10804 D CCodecConfig: read media type: audio/vorbis
01-07 16:31:57.256 10541 10804 D ReflectedParamUpdater: extent() != 1 for single value type: algo.buffers.max-count.values
01-07 16:31:57.258 10541 10804 D ReflectedParamUpdater: extent() != 1 for single value type: output.subscribed-indices.values
01-07 16:31:57.258 10541 10804 D ReflectedParamUpdater: extent() != 1 for single value type: input.buffers.allocator-ids.values
01-07 16:31:57.259 10541 10804 D ReflectedParamUpdater: extent() != 1 for single value type: output.buffers.allocator-ids.values
01-07 16:31:57.261 10541 10804 D ReflectedParamUpdater: extent() != 1 for single value type: algo.buffers.allocator-ids.values
01-07 16:31:57.262 10541 10804 D ReflectedParamUpdater: extent() != 1 for single value type: output.buffers.pool-ids.values
01-07 16:31:57.263 10541 10804 D ReflectedParamUpdater: extent() != 1 for single value type: algo.buffers.pool-ids.values
01-07 16:31:57.266 10541 10804 I CCodecConfig: query failed after returning 8 values (BAD_INDEX)
01-07 16:31:57.266 10541 10804 D CCodecConfig: c2 config diff is Dict {
01-07 16:31:57.266 10541 10804 D CCodecConfig: c2::u32 coded.bitrate.value = 64000
01-07 16:31:57.266 10541 10804 D CCodecConfig: c2::u32 input.buffers.max-size.value = 32768
01-07 16:31:57.266 10541 10804 D CCodecConfig: c2::u32 input.delay.value = 0
01-07 16:31:57.266 10541 10804 D CCodecConfig: string input.media-type.value = "audio/vorbis"
01-07 16:31:57.266 10541 10804 D CCodecConfig: c2::u32 output.large-frame.max-size = 0
01-07 16:31:57.266 10541 10804 D CCodecConfig: c2::u32 output.large-frame.threshold-size = 0
01-07 16:31:57.266 10541 10804 D CCodecConfig: string output.media-type.value = "audio/raw"
01-07 16:31:57.266 10541 10804 D CCodecConfig: c2::u32 raw.channel-count.value = 1
01-07 16:31:57.266 10541 10804 D CCodecConfig: c2::u32 raw.sample-rate.value = 48000
01-07 16:31:57.266 10541 10804 D CCodecConfig: }
01-07 16:31:57.267 10541 10804 D MediaCodec: [0x750775bf20] setState: 2
01-07 16:31:57.267 10541 10804 I MediaCodec: [mId: 1] [audio-debug-dec] setState: INITIALIZED
01-07 16:31:57.267 10541 10657 W CAM_A : PHOTO > rel Δ(result sensor timestamp) = 0.67 > 0.25
01-07 16:31:57.271 10541 10779 D MediaCodec: [0x750775bf20] [c2.android.vorbis.decoder] configure
01-07 16:31:57.271 10541 10779 I MediaCodec: [mId: 1] [audio-debug-dec] configure: ClientName: com.google.android.GoogleCameraEngR18F1 ComponentName: c2.android.vorbis.decoder
01-07 16:31:57.271 10541 10779 I MediaCodec: [mId: 1] [audio-debug-dec] configure: ClientFormat: AMessage(what = 0x00000000) = {
01-07 16:31:57.271 10541 10779 I MediaCodec: string mime = "audio/vorbis"
01-07 16:31:57.271 10541 10779 I MediaCodec: int64_t durationUs = 97083
01-07 16:31:57.271 10541 10779 I MediaCodec: int32_t track-id = 1
01-07 16:31:57.271 10541 10779 I MediaCodec: Buffer csd-0 = {
01-07 16:31:57.271 10541 10779 I MediaCodec: 00000000: 01 76 6f 72 62 69 73 00 00 00 00 01 80 bb 00 00.vorbis.........
01-07 16:31:57.271 10541 10779 I MediaCodec: 00000010: 00 00 00 00 c0 d4 01 00 00 00 00 00 b8 01..............
01-07 16:31:57.271 10541 10779 I MediaCodec: }
01-07 16:31:57.271 10541 10779 I MediaCodec: Buffer *csd-1 = 0x7457576c40
01-07 16:31:57.271 10541 10779 I MediaCodec: int32_t bitrate = 120000
01-07 16:31:57.271 10541 10779 I MediaCodec: int32_t channel-count = 1
01-07 16:31:57.271 10541 10779 I MediaCodec: int32_t sample-rate = 48000
01-07 16:31:57.271 10541 10779 I MediaCodec: int32_t channel-mask = 1
01-07 16:31:57.271 10541 10779 I MediaCodec: }
01-07 16:31:57.271 10541 10779 I MediaCodec: configure : init video box disabled
01-07 16:31:57.271 10541 10804 D MediaCodec: [0x750775bf20] setState: 3
01-07 16:31:57.271 10541 10804 I MediaCodec: [mId: 1] [audio-debug-dec] setState: CONFIGURING
01-07 16:31:57.272 10541 10804 D CCodec : [c2.android.vorbis.decoder] buffers are bound to CCodec for this session
01-07 16:31:57.272 10541 10804 D CCodecConfig: no c2 equivalents for durationUs
01-07 16:31:57.272 10541 10804 D CCodecConfig: no c2 equivalents for track-id
01-07 16:31:57.272 10541 10804 D CCodecConfig: no c2 equivalents for csd-1
01-07 16:31:57.272 10541 10804 D CCodecConfig: no c2 equivalents for flags
01-07 16:31:57.274 10541 10804 D CCodecConfig: c2 config diff is c2::u32 coded.bitrate.value = 120000
01-07 16:31:57.275 10541 10804 D CCodec : encoding statistics level = 0
01-07 16:31:57.275 10541 10804 D CCodec : setup formats input: AMessage(what = 0x00000000) = {
01-07 16:31:57.275 10541 10804 D CCodec : int32_t bitrate = 120000
01-07 16:31:57.275 10541 10804 D CCodec : int32_t channel-count = 1
01-07 16:31:57.275 10541 10804 D CCodec : int32_t max-input-size = 32768
01-07 16:31:57.275 10541 10804 D CCodec : string mime = "audio/vorbis"
01-07 16:31:57.275 10541 10804 D CCodec : int32_t sample-rate = 48000
01-07 16:31:57.275 10541 10804 D CCodec : }
01-07 16:31:57.275 10541 10804 D CCodec : setup formats output: AMessage(what = 0x00000000) = {
01-07 16:31:57.275 10541 10804 D CCodec : int32_t buffer-batch-max-output-size = 0
01-07 16:31:57.275 10541 10804 D CCodec : int32_t buffer-batch-threshold-output-size = 0
01-07 16:31:57.275 10541 10804 D CCodec : int32_t channel-count = 1
01-07 16:31:57.275 10541 10804 D CCodec : string mime = "audio/raw"
01-07 16:31:57.275 10541 10804 D CCodec : int32_t sample-rate = 48000
01-07 16:31:57.275 10541 10804 D CCodec : int32_t channel-mask = 1
01-07 16:31:57.275 10541 10804 D CCodec : int32_t android._config-pcm-encoding = 2
01-07 16:31:57.275 10541 10804 D CCodec : }
01-07 16:31:57.275 10541 10804 I CCodecConfig: query failed after returning 8 values (BAD_INDEX)
01-07 16:31:57.276 10541 10804 D MediaCodec: [0x750775bf20] setState: 4
01-07 16:31:57.276 10541 10804 I MediaCodec: [mId: 1] [audio-debug-dec] setState: CONFIGURED
01-07 16:31:57.276 10541 10804 D MediaCodec: [0x750775bf20] setState: 5
01-07 16:31:57.276 10541 10804 I MediaCodec: [mId: 1] [audio-debug-dec] setState: STARTING
01-07 16:31:57.279 10541 10804 D CCodecBufferChannel: [c2.android.vorbis.decoder#85] Created input block pool with allocatorID 16 => poolID 18 - OK (0)
01-07 16:31:57.279 10541 10804 I CCodecBufferChannel: [mId: 1] [audio-debug-dec] start: inputFormat: AMessage(what = 0x00000000) = {
01-07 16:31:57.279 10541 10804 I CCodecBufferChannel: int32_t bitrate = 120000
01-07 16:31:57.279 10541 10804 I CCodecBufferChannel: int32_t channel-count = 1
01-07 16:31:57.279 10541 10804 I CCodecBufferChannel: int32_t max-input-size = 32768
01-07 16:31:57.279 10541 10804 I CCodecBufferChannel: string mime = "audio/vorbis"
01-07 16:31:57.279 10541 10804 I CCodecBufferChannel: int32_t sample-rate = 48000
01-07 16:31:57.279 10541 10804 I CCodecBufferChannel: }
01-07 16:31:57.285 10541 10804 I CCodecBufferChannel: [c2.android.vorbis.decoder#85] Created output block pool with allocatorID 16 => poolID 8261 - OK
01-07 16:31:57.286 10541 10804 D CCodecBufferChannel: [c2.android.vorbis.decoder#85] Configured output block pool ids 8261 => OK
01-07 16:31:57.286 10541 10804 D CCodecBufferChannel: [0x758765bd80] [c2.android.vorbis.decoder#85] start: output->outputDelay 0, output->numSlots 4
01-07 16:31:57.287 10541 10804 I CCodecBufferChannel: [mId: 1] [audio-debug-dec] start: outputFormat: AMessage(what = 0x00000000) = {
01-07 16:31:57.287 10541 10804 I CCodecBufferChannel: int32_t buffer-batch-max-output-size = 0
01-07 16:31:57.287 10541 10804 I CCodecBufferChannel: int32_t buffer-batch-threshold-output-size = 0
01-07 16:31:57.287 10541 10804 I CCodecBufferChannel: int32_t channel-count = 1
01-07 16:31:57.287 10541 10804 I CCodecBufferChannel: string mime = "audio/raw"
01-07 16:31:57.287 10541 10804 I CCodecBufferChannel: int32_t sample-rate = 48000
01-07 16:31:57.287 10541 10804 I CCodecBufferChannel: int32_t channel-mask = 1
01-07 16:31:57.287 10541 10804 I CCodecBufferChannel: int32_t android._config-pcm-encoding = 2
01-07 16:31:57.287 10541 10804 I CCodecBufferChannel: }
01-07 16:31:57.287 10541 10804 D CCodecBuffers: [c2.android.vorbis.decoder#85:1D-Output.Impl[N]] converted 0 buffers to array mode of 4
01-07 16:31:57.291 10541 10804 D MediaCodec: [0x750775bf20] setState: 6
01-07 16:31:57.292 10541 10804 I MediaCodec: [mId: 1] [audio-debug-dec] setState: STARTED
01-07 16:31:57.292 10541 10804 D CCodecBufferChannel: The csd Sample queue
01-07 16:31:57.295 10541 10804 W eCameraEngR18F1: AIBinder_linkToDeath is being called with a non-null cookie and no onUnlink callback set. This might not be intended. AIBinder_DeathRecipient_setOnUnlinked should be called first.
01-07 16:31:57.298 10541 10804 D CCodecBufferChannel: The csd Sample queue
01-07 16:31:57.300 10541 10804 D CCodecBuffers: [c2.android.vorbis.decoder#85:1D-Input.Impl[N]] converted 4 buffers to array mode of 4
01-07 16:31:57.302 10541 10779 I MediaCodec: [mId: 1] [audio-debug-dec] queueInputBuffer: index: 2 pts: 0 timediff: 0
01-07 16:31:57.304 10541 10779 I MediaCodec: [mId: 1] [audio-debug-dec] queueInputBuffer: index: 3 pts: 0 timediff: 2
01-07 16:31:57.305 10541 10779 I MediaCodec: [mId: 1] [audio-debug-dec] queueInputBuffer: index: 0 pts: 2666 timediff: 2
01-07 16:31:57.309 10541 10804 D PipelineWatcher: [0x758765c268] pipelineFull: too many frames in pipeline (4)
01-07 16:31:57.309 10541 10804 I MediaCodec: isHDR: standard =0,transfer = 0
01-07 16:31:57.340 10541 10804 D CCodecBufferChannel: [c2.android.vorbis.decoder#85] input EOS
01-07 16:31:57.343 10541 10779 I MediaCodec: [mId: 1] [audio-debug-dec] stop
01-07 16:31:57.343 10541 10779 D MediaCodec: [0x750775bf20] [c2.android.vorbis.decoder] stop
01-07 16:31:57.343 10541 10804 I MediaCodec: [mId: 1] [audio-debug-dec] Stats over last 66ms:
01-07 16:31:57.343 10541 10804 I MediaCodec: [mId: 1] [audio-debug-dec] ClientName: com.google.android.GoogleCameraEngR18F1 ComponentName: c2.android.vorbis.decoder
01-07 16:31:57.343 10541 10804 I MediaCodec: [mId: 1] [audio-debug-dec] Qinput: 19, DQinput: 19 success out of 19 tries
01-07 16:31:57.343 10541 10804 I MediaCodec: [mId: 1] [audio-debug-dec] Render: 0, Drop: 18, DQoutput: 18 success out of 23 tries
01-07 16:31:57.343 10541 10804 D MediaCodec: [0x750775bf20] setState: 9
01-07 16:31:57.343 10541 10804 I MediaCodec: [mId: 1] [audio-debug-dec] setState: STOPPING
01-07 16:31:57.343 10541 10804 D CCodecBufferChannel: [c2.android.vorbis.decoder#85] MediaCodec discarded an unknown buffer
01-07 16:31:57.344 10541 10804 D MediaCodec: [0x750775bf20] [c2.android.vorbis.decoder] kWhatStopCompleted
01-07 16:31:57.344 10541 10804 D MediaCodec: [0x750775bf20] setState: 2
01-07 16:31:57.344 10541 10804 I MediaCodec: [mId: 1] [audio-debug-dec] setState: INITIALIZED
01-07 16:31:57.344 10541 10779 D MediaCodec: [0x750775bf20] [c2.android.vorbis.decoder] release
01-07 16:31:57.344 10541 10804 D MediaCodec: [0x750775bf20] setState: 10
01-07 16:31:57.344 10541 10804 I MediaCodec: [mId: 1] [audio-debug-dec] setState: RELEASING
01-07 16:31:57.347 10541 10804 D MediaCodec: [0x750775bf20] [c2.android.vorbis.decoder] kWhatReleaseCompleted
01-07 16:31:57.347 10541 10804 D MediaCodec: [0x750775bf20] setState: 0
01-07 16:31:57.347 10541 10804 I MediaCodec: [mId: 1] [audio-debug-dec] setState: UNINITIALIZED
01-07 16:31:57.348 10541 10804 I MediaCodec: MediaStub sendHdrInfo/sendFrameRateFloatCal/updateFrcAieAisState
01-07 16:31:57.348 10541 10804 D MediaImpl: FRC not support: valueSupport :
01-07 16:31:57.348 10541 10804 D MediaImpl: AIE not support: valueSupport :
01-07 16:31:57.348 10541 10804 D MediaImpl: AIS not support: valueSupport :
01-07 16:31:57.357 10541 10657 W CAM_A : PHOTO > abs Δ(result sensor timestamp) = 99.99 ms > 70.00 ms
01-07 16:31:57.357 10541 10657 W CAM_A : PHOTO > rel Δ(result sensor timestamp) = 2.00 > 0.25
01-07 16:31:57.357 10541 10657 W CAM_A : PHOTO > result sensor delay = 3.00 > 1.10
01-07 16:31:57.384 10541 10657 W CAM_A : PHOTO > rel Δ(result sensor timestamp) = 0.67 > 0.25
01-07 16:31:57.494 10541 10657 W CAM_A : PHOTO > abs Δ(result sensor timestamp) = 99.99 ms > 70.00 ms
01-07 16:31:57.494 10541 10657 W CAM_A : PHOTO > rel Δ(result sensor timestamp) = 2.00 > 0.25
01-07 16:31:57.495 10541 10657 W CAM_A : PHOTO > result sensor delay = 3.00 > 1.10
01-07 16:31:57.527 10541 10657 W CAM_A : PHOTO > rel Δ(result sensor timestamp) = 0.67 > 0.25
01-07 16:31:57.640 10541 10657 W CAM_A : PHOTO > abs Δ(result sensor timestamp) = 99.99 ms > 70.00 ms
01-07 16:31:57.642 10541 10657 W CAM_A : PHOTO > rel Δ(result sensor timestamp) = 2.00 > 0.25
01-07 16:31:57.642 10541 10657 W CAM_A : PHOTO > result sensor delay = 3.00 > 1.10
01-07 16:31:57.685 10541 10657 W CAM_A : PHOTO > rel Δ(result sensor timestamp) = 0.67 > 0.25
01-07 16:31:57.766 10541 10657 W CAM_A : PHOTO > abs Δ(result sensor timestamp) = 101.43 ms > 70.00 ms
01-07 16:31:57.766 10541 10657 W CAM_A : PHOTO > rel Δ(result sensor timestamp) = 2.04 > 0.25
01-07 16:31:57.767 10541 10657 W CAM_A : PHOTO > result sensor delay = 3.04 > 1.10
01-07 16:31:57.821 10541 10657 W CAM_A : PHOTO > rel Δ(result sensor timestamp) = 0.34 > 0.25
01-07 16:31:57.821 10541 10657 W CAM_A : PHOTO > result sensor delay = 2.02 > 1.10
01-07 16:31:57.884 10541 10657 W CAM_A : PHOTO > result sensor delay = 2.00 > 1.10
01-07 16:31:57.952 10541 10657 W CAM_A : PHOTO > result sensor delay = 2.00 > 1.10
01-07 16:31:58.020 10541 10657 W CAM_A : PHOTO > result sensor delay = 1.98 > 1.10
01-07 16:31:58.085 10541 10657 W CAM_A : PHOTO > result sensor delay = 2.00 > 1.10
01-07 16:31:58.151 10541 10657 W CAM_A : PHOTO > result sensor delay = 2.00 > 1.10
01-07 16:31:58.217 10541 10657 W CAM_A : PHOTO > result sensor delay = 2.00 > 1.10
01-07 16:31:58.288 10541 10657 W CAM_A : PHOTO > result sensor delay = 2.00 > 1.10
01-07 16:31:58.352 10541 10657 W CAM_A : PHOTO > result sensor delay = 2.00 > 1.10
01-07 16:31:58.416 10541 10657 W CAM_A : PHOTO > result sensor delay = 2.00 > 1.10
01-07 16:31:58.482 10541 10657 W CAM_A : PHOTO > result sensor delay = 2.00 > 1.10
01-07 16:31:58.552 10541 10657 W CAM_A : PHOTO > result sensor delay = 2.00 > 1.10
01-07 16:31:58.620 10541 10657 W CAM_A : PHOTO > result sensor delay = 2.00 > 1.10
01-07 16:31:58.700 10541 10657 W CAM_A : PHOTO > result sensor delay = 2.00 > 1.10
01-07 16:31:58.760 10541 10657 W CAM_A : PHOTO > result sensor delay = 1.98 > 1.10
01-07 16:31:58.838 10541 10657 W CAM_A : PHOTO > result sensor delay = 2.00 > 1.10
01-07 16:31:58.891 10541 10657 W CAM_A : PHOTO > result sensor delay = 1.98 > 1.10
01-07 16:31:58.960 10541 10657 W CAM_A : PHOTO > result sensor delay = 2.00 > 1.10
01-07 16:31:59.024 10541 10657 W CAM_A : PHOTO > result sensor delay = 2.00 > 1.10
01-07 16:31:59.089 10541 10657 W CAM_A : PHOTO > result sensor delay = 2.00 > 1.10
01-07 16:31:59.151 10541 10657 W CAM_A : PHOTO > result sensor delay = 2.00 > 1.10
01-07 16:31:59.213 10541 10657 W CAM_A : PHOTO > result sensor delay = 2.00 > 1.10
01-07 16:31:59.291 10541 10657 W CAM_A : PHOTO > result sensor delay = 2.00 > 1.10
01-07 16:31:59.363 10541 10657 W CAM_A : PHOTO > result sensor delay = 2.00 > 1.10
01-07 16:31:59.419 10541 10657 W CAM_A : PHOTO > result sensor delay = 2.00 > 1.10
01-07 16:31:59.482 10541 10657 W CAM_A : PHOTO > result sensor delay = 2.00 > 1.10
01-07 16:31:59.548 10541 10657 W CAM_A : PHOTO > result sensor delay = 2.00 > 1.10
01-07 16:31:59.614 10541 10657 W CAM_A : PHOTO > result sensor delay = 2.00 > 1.10
01-07 16:31:59.682 10541 10657 W CAM_A : PHOTO > result sensor delay = 2.00 > 1.10
01-07 16:31:59.749 10541 10657 W CAM_A : PHOTO > result sensor delay = 2.00 > 1.10
01-07 16:31:59.815 10541 10657 W CAM_A : PHOTO > result sensor delay = 2.00 > 1.10
01-07 16:31:59.881 10541 10657 W CAM_A : PHOTO > result sensor delay = 2.00 > 1.10
01-07 16:31:59.949 10541 10657 W CAM_A : PHOTO > result sensor delay = 2.00 > 1.10
01-07 16:32:00.019 10541 10657 W CAM_A : PHOTO > result sensor delay = 2.00 > 1.10
01-07 16:32:00.083 10541 10657 W CAM_A : PHOTO > result sensor delay = 2.00 > 1.10
01-07 16:32:00.150 10541 10657 W CAM_A : PHOTO > result sensor delay = 2.00 > 1.10
01-07 16:32:00.215 10541 10657 W CAM_A : PHOTO > result sensor delay = 2.00 > 1.10
01-07 16:32:00.283 10541 10657 W CAM_A : PHOTO > result sensor delay = 2.00 > 1.10
01-07 16:32:00.347 10541 10657 W CAM_A : PHOTO > result sensor delay = 2.00 > 1.10
01-07 16:32:00.425 10541 10657 W CAM_A : PHOTO > result sensor delay = 2.00 > 1.10
01-07 16:32:00.488 10541 10657 W CAM_A : PHOTO > result sensor delay = 2.00 > 1.10
01-07 16:32:00.563 10541 10657 W CAM_A : PHOTO > result sensor delay = 2.00 > 1.10
01-07 16:32:00.617 10541 10657 W CAM_A : PHOTO > result sensor delay = 2.00 > 1.10
01-07 16:32:00.639 10541 10598 E eCameraEngR18F1: DynamicFPS DF open fail: No such file or directory
01-07 16:32:00.640 10541 10598 E eCameraEngR18F1: FrameInsert open fail: No such file or directory
01-07 16:32:00.684 10541 10657 W CAM_A : PHOTO > result sensor delay = 2.00 > 1.10
01-07 16:32:00.686 10541 10743 W CAM_A : Cannot start motion estimator for tracking
01-07 16:32:00.692 10541 10743 W native : W0107 16:32:00.692733 10743 roi_ml_matcher.cc:48] Cannot add new box to tracker:
01-07 16:32:00.692 10541 10743 W native : CANCELLED: Graph has errors:
01-07 16:32:00.692 10541 10743 W native : [type.googleapis.com/mediapipe.StatusList='\n\x02\x08\x01']
01-07 16:32:00.693 10541 10727 E GoLog : W0107 16:32:00.692733 10743 roi_ml_matcher.cc:48] Cannot add new box to tracker:
01-07 16:32:00.693 10541 10727 E GoLog : CANCELLED: Graph has errors:
01-07 16:32:00.693 10541 10727 E GoLog : [type.googleapis.com/mediapipe.StatusList='\n\x02\x08\x01']
01-07 16:32:00.696 10541 10743 W native : W0107 16:32:00.696402 10743 roi_ml_matcher.cc:48] Failed to add input_video to tracker:
01-07 16:32:00.696 10541 10743 W native : CANCELLED: Graph has errors:
01-07 16:32:00.696 10541 10743 W native : [type.googleapis.com/mediapipe.StatusList='\n\x02\x08\x01']
01-07 16:32:00.696 10541 10727 E GoLog : W0107 16:32:00.696402 10743 roi_ml_matcher.cc:48] Failed to add input_video to tracker:
01-07 16:32:00.696 10541 10727 E GoLog : CANCELLED: Graph has errors:
01-07 16:32:00.696 10541 10727 E GoLog : [type.googleapis.com/mediapipe.StatusList='\n\x02\x08\x01']
01-07 16:32:00.747 10541 10657 W CAM_A : PHOTO > result sensor delay = 2.00 > 1.10
01-07 16:32:00.813 10541 10657 W CAM_A : PHOTO > result sensor delay = 2.00 > 1.10
01-07 16:32:00.881 10541 10657 W CAM_A : PHOTO > result sensor delay = 2.00 > 1.10
01-07 16:32:00.947 10541 10657 W CAM_A : PHOTO > result sensor delay = 2.00 > 1.10
01-07 16:32:01.015 10541 10657 W CAM_A : PHOTO > result sensor delay = 2.00 > 1.10
01-07 16:32:01.082 10541 10657 W CAM_A : PHOTO > result sensor delay = 2.00 > 1.10
01-07 16:32:01.147 10541 10657 W CAM_A : PHOTO > result sensor delay = 2.00 > 1.10
01-07 16:32:01.217 10541 10657 W CAM_A : PHOTO > result sensor delay = 2.00 > 1.10
01-07 16:32:01.278 10541 10657 W CAM_A : PHOTO > result sensor delay = 2.00 > 1.10
01-07 16:32:01.353 10541 10657 W CAM_A : PHOTO > result sensor delay = 2.00 > 1.10
01-07 16:32:01.415 10541 10657 W CAM_A : PHOTO > result sensor delay = 2.00 > 1.10
01-07 16:32:01.484 10541 10657 W CAM_A : PHOTO > result sensor delay = 2.00 > 1.10
01-07 16:32:01.552 10541 10657 W CAM_A : PHOTO > result sensor delay = 2.00 > 1.10
01-07 16:32:01.621 10541 10657 W CAM_A : PHOTO > result sensor delay = 2.00 > 1.10
01-07 16:32:01.684 10541 10657 W CAM_A : PHOTO > result sensor delay = 2.00 > 1.10
01-07 16:32:01.749 10541 10657 W CAM_A : PHOTO > result sensor delay = 2.00 > 1.10
01-07 16:32:01.819 10541 10657 W CAM_A : PHOTO > result sensor delay = 2.00 > 1.10
01-07 16:32:01.883 10541 10657 W CAM_A : PHOTO > result sensor delay = 2.00 > 1.10
01-07 16:32:01.951 10541 10657 W CAM_A : PHOTO > result sensor delay = 2.00 > 1.10
01-07 16:32:01.965 10541 10792 D AidlBufferPool: bufferpool2 0x74775b1d08 : 0(0 size) total buffers - 0(0 size) used buffers - 1/7 (recycle/alloc) - 6/82 (fetch/transfer)
01-07 16:32:01.965 10541 10792 D AidlBufferPoolAcc: evictor expired: 1, evicted: 1
01-07 16:32:02.015 10541 10657 W CAM_A : PHOTO > result sensor delay = 2.00 > 1.10
01-07 16:32:02.080 10541 10657 W CAM_A : PHOTO > result sensor delay = 2.00 > 1.10
01-07 16:32:02.149 10541 10657 W CAM_A : PHOTO > result sensor delay = 2.00 > 1.10
01-07 16:32:02.161 10541 10541 I MIUIInput: [MotionEvent] ViewRootImpl windowName 'com.google.android.GoogleCameraEngR18F1/com.android.camera.CameraLauncher', { action=ACTION_DOWN, id=0, pointerCount=1, eventTime=267145343, downTime=267145343, phoneEventTime=16:32:02.156 } moveCount:0
01-07 16:32:02.167 10541 10541 W MirrorManager: this model don't Support
01-07 16:32:02.234 10541 10657 W CAM_A : PHOTO > result sensor delay = 2.00 > 1.10
01-07 16:32:02.258 10541 10541 I MIUIInput: [MotionEvent] ViewRootImpl windowName 'com.google.android.GoogleCameraEngR18F1/com.android.camera.CameraLauncher', { action=ACTION_UP, id=0, pointerCount=1, eventTime=267145443, downTime=267145343, phoneEventTime=16:32:02.257 } moveCount:0
01-07 16:32:02.302 10541 10657 W CAM_A : PHOTO > result sensor delay = 2.00 > 1.10
01-07 16:32:02.312 10541 10541 W MediaFsQModule: Returning Q MediaFs implementation
01-07 16:32:02.382 10541 10657 W CAM_A : PHOTO > result sensor delay = 2.00 > 1.10
01-07 16:32:02.413 10541 11166 D AudioTrack: INSP: type=audio,case=1,set=0x758765bd80,stream_type=-1,sample_rate=44100,format=0x1,channel_mask=0x1,frame_count=0,flags=0x0,notification_frames=0,session_id=0,transfer_type=0,uid=-1,pid=-1
01-07 16:32:02.413 10541 11166 D AudioTrack: INSP: type=audio,case=1,attributes=1,content_type=4,usage=13,source=0,flags=0x901
01-07 16:32:02.413 10541 11166 D AudioTrackStub: AudioTrackStub() create
01-07 16:32:02.416 10541 11166 I AudioTrackImpl: initAudioTrackImpl()
01-07 16:32:02.418 10541 11166 D AudioTrack: set: mPowerTrackStatus=0
01-07 16:32:02.420 10541 11166 W libc : Access denied finding property "ro.vendor.audio.cloudctrl"
01-07 16:32:02.448 10541 11166 D AudioTrack: createTrack_l(6829): 0x758765bd80, mCblk = 0x7674ca5000, mLatency = 324, mAfLatency = 42, frameCount = 12440, mSampleRate = 44100, mFlags = 0, mReqFrameCount = 12440, mNotificationFramesAct = 0
01-07 16:32:02.450 10541 11166 W libc : Access denied finding property "ro.vendor.audio.zerodata.upload"
01-07 16:32:02.450 10541 11166 D AudioTrack: setVolume(6829): 0x758765bd80, left = 0.600000, right = 0.600000
01-07 16:32:02.451 10541 11166 W libc : Access denied finding property "ro.vendor.audio.shortvideo.index"
01-07 16:32:02.451 10541 11166 D AudioTrack: start(6829): 0x758765bd80, prior state:STATE_STOPPED packageName: com.google.android.GoogleCameraEngR18F1
01-07 16:32:02.459 10541 11170 W EpFrameworkFactory: activated: false jar exist: false
01-07 16:32:02.469 10541 10657 W CAM_A : PHOTO > result sensor delay = 2.00 > 1.10
01-07 16:32:02.550 10541 10657 W CAM_A : PHOTO > abs Δ(result sensor timestamp) = 99.99 ms > 70.00 ms
01-07 16:32:02.551 10541 10657 W CAM_A : PHOTO > rel Δ(result sensor timestamp) = 0.50 > 0.25
01-07 16:32:02.551 10541 10657 W CAM_A : PHOTO > result sensor delay = 3.00 > 1.10
01-07 16:32:02.603 10541 10657 W CAM_A : PHOTO > rel Δ(result sensor timestamp) = 0.33 > 0.25
01-07 16:32:02.604 10541 10657 W CAM_A : PHOTO > result sensor delay = 2.00 > 1.10
01-07 16:32:02.613 10541 11152 W libgcam : [shot_helper.cc:84]: CheckLscMap: Contents of SpatialGainMap for payload frame 0 are likely incorrect (Some values were out of range... Some values were out of range... Some values were out of range... Some values were out of range... ).
01-07 16:32:02.641 10541 11152 W libgcam : [shot_helper.cc:84]: CheckLscMap: Contents of SpatialGainMap for payload frame 1 are likely incorrect (Some values were out of range... Some values were out of range... Some values were out of range... Some values were out of range... ).
01-07 16:32:02.672 10541 11152 W libgcam : [shot_helper.cc:84]: CheckLscMap: Contents of SpatialGainMap for payload frame 2 are likely incorrect (Some values were out of range... Some values were out of range... Some values were out of range... Some values were out of range... ).
01-07 16:32:02.697 10541 10657 W CAM_A : PHOTO > abs Δ(result sensor timestamp) = 99.99 ms > 70.00 ms
01-07 16:32:02.698 10541 10657 W CAM_A : PHOTO > rel Δ(result sensor timestamp) = 0.50 > 0.25
01-07 16:32:02.698 10541 10657 W CAM_A : PHOTO > result sensor delay = 3.00 > 1.10
01-07 16:32:02.723 10541 11152 W libgcam : [shot_helper.cc:84]: CheckLscMap: Contents of SpatialGainMap for payload frame 3 are likely incorrect (Some values were out of range... Some values were out of range... Some values were out of range... Some values were out of range... ).
01-07 16:32:02.756 10541 10657 W CAM_A : PHOTO > rel Δ(result sensor timestamp) = 0.33 > 0.25
01-07 16:32:02.756 10541 10657 W CAM_A : PHOTO > result sensor delay = 2.00 > 1.10
01-07 16:32:02.780 10541 11152 W libgcam : [shot_helper.cc:84]: CheckLscMap: Contents of SpatialGainMap for payload frame 4 are likely incorrect (Some values were out of range... Some values were out of range... Some values were out of range... Some values were out of range... ).
01-07 16:32:02.785 10541 11166 D AudioTrack: stop(6829): 0x758765bd80, prior state:STATE_ACTIVE packageName: com.google.android.GoogleCameraEngR18F1
01-07 16:32:02.785 10541 11166 D AudioTrackShared: this(0x7597585530), mCblk(0x7674ca5000), front(3), mIsOut 1, interrupt() FUTEX_WAKE
01-07 16:32:02.786 10541 11166 D AudioTrack: stop(6829): 0x758765bd80 stop done
01-07 16:32:02.813 10541 10546 W eCameraEngR18F1: Suspending all threads took: 6.974ms
01-07 16:32:02.822 10541 11152 W libgcam : [shot_helper.cc:84]: CheckLscMap: Contents of SpatialGainMap for payload frame 5 are likely incorrect (Some values were out of range... Some values were out of range... Some values were out of range... Some values were out of range... ).
01-07 16:32:02.835 10541 10657 W CAM_A : PHOTO > result sensor delay = 2.00 > 1.10
01-07 16:32:02.851 10541 11152 W libgcam : [shot_helper.cc:84]: CheckLscMap: Contents of SpatialGainMap for payload frame 6 are likely incorrect (Some values were out of range... Some values were out of range... Some values were out of range... Some values were out of range... ).
01-07 16:32:02.874 10541 10732 W libgcam : [shot_helper.cc:202]: CheckFrameDuration: Unexpected timestamp gap between payload frames 6 and 5 (of 7). Expected 33.3 ms gap; actual gap was 66.7 ms. This could indicate dropped frames.
01-07 16:32:02.875 10541 10732 W libgcam : [shot_helper.cc:202]: CheckFrameDuration: Unexpected timestamp gap between payload frames 5 and 4 (of 7). Expected 33.3 ms gap; actual gap was 66.7 ms. This could indicate dropped frames.
01-07 16:32:02.875 10541 10732 W libgcam : [shot_helper.cc:202]: CheckFrameDuration: Unexpected timestamp gap between payload frames 4 and 3 (of 7). Expected 33.3 ms gap; actual gap was 66.7 ms. This could indicate dropped frames.
01-07 16:32:02.875 10541 10732 W libgcam : [shot_helper.cc:202]: CheckFrameDuration: Unexpected timestamp gap between payload frames 3 and 2 (of 7). Expected 33.3 ms gap; actual gap was 66.7 ms. This could indicate dropped frames.
01-07 16:32:02.875 10541 10732 W libgcam : [shot_helper.cc:202]: CheckFrameDuration: Unexpected timestamp gap between payload frames 2 and 1 (of 7). Expected 33.3 ms gap; actual gap was 66.7 ms. This could indicate dropped frames.
01-07 16:32:02.875 10541 10732 W libgcam : [shot_helper.cc:202]: CheckFrameDuration: Unexpected timestamp gap between payload frames 1 and 0 (of 7). Expected 33.3 ms gap; actual gap was 66.7 ms. This could indicate dropped frames.
01-07 16:32:02.883 10541 10732 E libgcam : [camera_motion_blur_estimator.cc:57]: EstimateCameraMotionBlur: Can't estimate camera motion blur, because gyro data is missing.
01-07 16:32:02.884 10541 10732 E libgcam : [camera_motion_blur_estimator.cc:57]: EstimateCameraMotionBlur: Can't estimate camera motion blur, because gyro data is missing.
01-07 16:32:02.886 10541 10732 E libgcam : [camera_motion_blur_estimator.cc:57]: EstimateCameraMotionBlur: Can't estimate camera motion blur, because gyro data is missing.
01-07 16:32:02.888 10541 10732 E libgcam : [camera_motion_blur_estimator.cc:57]: EstimateCameraMotionBlur: Can't estimate camera motion blur, because gyro data is missing.
01-07 16:32:02.888 10541 10732 W libgcam : [shot_helper.cc:352]: LogViewfinderAeWarnings: viewfinder_short_tet (0.000ms) is further than expected from the capture TET (14.737ms). Relative error: 100%.
01-07 16:32:02.957 10541 10657 W CAM_A : PHOTO > abs Δ(result sensor timestamp) = 99.99 ms > 70.00 ms
01-07 16:32:02.958 10541 10657 W CAM_A : PHOTO > rel Δ(result sensor timestamp) = 0.50 > 0.25
01-07 16:32:02.958 10541 10657 W CAM_A : PHOTO > result sensor delay = 3