Summary

This logcat file contains a detailed record of events and messages from an Android device, likely related to camera functions, compatibility, and other system processes. The content is technical and focused on the operation and status of a mobile device.

Full Transcript

--------- beginning of main
10-20 08:53:31.391 9769 9769 W logcat : type=1400 audit(0.0:255996): avc: denied { ioctl } for path="/storage/emulated/0/LMC8.4/files/logcat/logcat1729394611341.txt" dev="fuse" ino=45098 ioctlcmd=0xf50d scontext=u:r:untrusted_app_29:s0:c240,c256,c512,c768 tcontext=u...

--------- beginning of main
10-20 08:53:31.391 9769 9769 W logcat : type=1400 audit(0.0:255996): avc: denied { ioctl } for path="/storage/emulated/0/LMC8.4/files/logcat/logcat1729394611341.txt" dev="fuse" ino=45098 ioctlcmd=0xf50d scontext=u:r:untrusted_app_29:s0:c240,c256,c512,c768 tcontext=u:object_r:fuse:s0 tclass=file permissive=0 app=com.google.android.GoogleCameraLMCR17
10-20 08:53:31.446 9746 9774 I CameraManagerGlobal: Connecting to camera service
10-20 08:53:31.460 9746 9746 D CompatibilityChangeReporter: Compat change id reported: 183155436; UID 10240; state: DISABLED
10-20 08:53:31.490 9746 9776 D CameraManager2: GotArray:0
10-20 08:53:31.490 9746 9776 D CameraManager2: GotArray:1
10-20 08:53:31.490 9746 9776 D CameraManager2: GotArray:20
10-20 08:53:31.490 9746 9776 D CameraManager2: GotArray:21
10-20 08:53:31.493 9746 9763 W AudioCapabilities: Unsupported mime audio/ima-adpcm
10-20 08:53:31.495 9746 9763 W AudioCapabilities: Unsupported mime audio/mpeg-L1
10-20 08:53:31.495 9746 9763 W AudioCapabilities: Unsupported mime audio/mpeg-L2
10-20 08:53:31.497 9746 9779 D CameraManager2: GotArray:0
10-20 08:53:31.497 9746 9779 D CameraManager2: GotArray:1
10-20 08:53:31.497 9746 9779 D CameraManager2: GotArray:20
10-20 08:53:31.497 9746 9779 D CameraManager2: GotArray:21
10-20 08:53:31.508 9746 9746 D CompatibilityChangeReporter: Compat change id reported: 210923482; UID 10240; state: DISABLED
10-20 08:53:31.508 9746 9746 D CompatibilityChangeReporter: Compat change id reported: 37756858; UID 10240; state: ENABLED
10-20 08:53:31.510 9746 9763 W VideoCapabilities: Unsupported mime video/jpeg
10-20 08:53:31.511 9746 9763 W VideoCapabilities: Unsupported mime video/jpeg
10-20 08:53:31.518 9746 9779 D CameraManager2: GotArray:0
10-20 08:53:31.518 9746 9779 D CameraManager2: GotArray:1
10-20 08:53:31.518 9746 9779 D CameraManager2: GotArray:20
10-20 08:53:31.518 9746 9779 D CameraManager2: GotArray:21
10-20 08:53:31.540 9746 9774 D nativeloader: Load /data/app/~~x0NU47gNjVLZSfJX03G--Q==/com.google.android.GoogleCameraLMCR17-CVAcTrRHC8QrxyY28ROOkg==/lib/arm64/libgcastartup.so using ns clns-4 from class loader (caller=/data/app/~~x0NU47gNjVLZSfJX03G--Q==/com.google.android.GoogleCameraLMCR17-CVAcTrRHC8QrxyY28ROOkg==/base.apk): ok
10-20 08:53:31.540 9746 9763 W CAM_A : Build number (V816.0.5.0.UGSINXM) is not a number. Ignoring version check for b/149569689.
10-20 08:53:31.542 9746 9779 D CameraManager2: GotArray:0
10-20 08:53:31.542 9746 9779 D CameraManager2: GotArray:1
10-20 08:53:31.542 9746 9779 D CameraManager2: GotArray:20
10-20 08:53:31.542 9746 9779 D CameraManager2: GotArray:21
10-20 08:53:31.542 9746 9763 D CameraManager2: GotArray:0
10-20 08:53:31.542 9746 9763 D CameraManager2: GotArray:1
10-20 08:53:31.542 9746 9763 D CameraManager2: GotArray:20
10-20 08:53:31.542 9746 9763 D CameraManager2: GotArray:21
10-20 08:53:31.543 9746 9774 D nativeloader: Load /data/app/~~x0NU47gNjVLZSfJX03G--Q==/com.google.android.GoogleCameraLMCR17-CVAcTrRHC8QrxyY28ROOkg==/lib/arm64/libpairipcoreX.so using ns clns-4 from class loader (caller=/data/app/~~x0NU47gNjVLZSfJX03G--Q==/com.google.android.GoogleCameraLMCR17-CVAcTrRHC8QrxyY28ROOkg==/base.apk!classes2.dex): ok
10-20 08:53:31.557 9746 9779 D CameraManager2: GotArray:0
10-20 08:53:31.557 9746 9779 D CameraManager2: GotArray:1
10-20 08:53:31.557 9746 9779 D CameraManager2: GotArray:20
10-20 08:53:31.557 9746 9779 D CameraManager2: GotArray:21
10-20 08:53:31.730 9746 9746 I DeezNuts: MSG: SLIDER 1 FOCUS: 1.0E-4
10-20 08:53:31.730 9746 9746 I ProReC : setprogres0
10-20 08:53:31.731 9746 9746 I DeezNuts: MSG: SLIDER 0 IDX: 0
10-20 08:53:31.731 9746 9746 I ProReC : setprogres_iso0
10-20 08:53:31.732 9746 9746 I za.defcomk.prorec.cust2.RotSeek: setprogres_iso0
10-20 08:53:31.735 9746 9746 D CompatibilityChangeReporter: Compat change id reported: 171228096; UID 10240; state: ENABLED
10-20 08:53:31.817 9746 9746 D CompatibilityChangeReporter: Compat change id reported: 237531167; UID 10240; state: DISABLED
10-20 08:53:31.821 9746 9746 W OpenGLRenderer: Unknown dataspace 0
10-20 08:53:31.892 9746 9764 E OpenGLRenderer: Unable to match the desired swap behavior.
10-20 08:53:31.909 9746 9761 W ProtoDataStoreFlagStore: Unable to retrieve flag snapshot for com.google.android.libraries.consentverifier#com.google.android.GoogleCameraLMCR17, using defaults.
10-20 08:53:31.926 9746 9873 D IMGGralloc: Gralloc Register w:720, h:1582, f:0x101, usage:0x900, ui64Stamp:3082526, sSize:4562944, line = 2453
10-20 08:53:31.927 9746 9873 D IMGGralloc: Gralloc Free w:720, h:1582, f:0x101, usage:0x900, ui64Stamp:3082526 line = 2623
10-20 08:53:31.930 9746 9764 D IMGGralloc: Gralloc Register w:720, h:1582, f:0x101, usage:0xb00, ui64Stamp:3082529, sSize:4562944, line = 2453
10-20 08:53:31.933 9746 9873 D IMGGralloc: Gralloc Register w:720, h:1582, f:0x101, usage:0x900, ui64Stamp:3082531, sSize:4562944, line = 2453
10-20 08:53:31.939 9746 9873 D IMGGralloc: Gralloc Register w:720, h:1582, f:0x101, usage:0x900, ui64Stamp:3082534, sSize:4562944, line = 2453
10-20 08:53:31.944 9746 9873 D IMGGralloc: Gralloc Register w:720, h:1582, f:0x101, usage:0x900, ui64Stamp:3082538, sSize:4562944, line = 2453
10-20 08:53:31.958 9746 9776 D CameraManager2: GotArray:0
10-20 08:53:31.958 9746 9776 D CameraManager2: GotArray:1
10-20 08:53:31.959 9746 9776 D CameraManager2: GotArray:20
10-20 08:53:31.959 9746 9776 D CameraManager2: GotArray:21
10-20 08:53:31.980 9746 9776 D CameraManager2: GotArray:0
10-20 08:53:31.980 9746 9776 D CameraManager2: GotArray:1
10-20 08:53:31.980 9746 9776 D CameraManager2: GotArray:20
10-20 08:53:31.980 9746 9776 D CameraManager2: GotArray:21
10-20 08:53:31.982 9746 9776 D CameraManager2: GotArray:0
10-20 08:53:31.982 9746 9776 D CameraManager2: GotArray:1
10-20 08:53:31.982 9746 9776 D CameraManager2: GotArray:20
10-20 08:53:31.982 9746 9776 D CameraManager2: GotArray:21
10-20 08:53:31.984 9746 9776 E libgcam : [gcam.cc:268]: Create: static_metadata_list can not be empty. --------- beginning of crash
10-20 08:53:31.987 9746 9776 E AndroidRuntime: FATAL EXCEPTION: 00UiWorker
10-20 08:53:31.987 9746 9776 E AndroidRuntime: Process: com.google.android.GoogleCameraLMCR17, PID: 9746
10-20 08:53:31.987 9746 9776 E AndroidRuntime: java.lang.RuntimeException: java.lang.NullPointerException: Attempt to invoke virtual method 'boolean com.google.googlex.gcam.Gcam.f()' on a null object reference
10-20 08:53:31.987 9746 9776 E AndroidRuntime: at lbg.run(Unknown Source:26)
10-20 08:53:31.987 9746 9776 E AndroidRuntime: at java.util.concurrent.ThreadPoolExecutor.runWorker(ThreadPoolExecutor.java:1145)
10-20 08:53:31.987 9746 9776 E AndroidRuntime: at java.util.concurrent.ThreadPoolExecutor$Worker.run(ThreadPoolExecutor.java:644)
10-20 08:53:31.987 9746 9776 E AndroidRuntime: at java.lang.Thread.run(Thread.java:1012)
10-20 08:53:31.987 9746 9776 E AndroidRuntime: at lab.run(Unknown Source:5)
10-20 08:53:31.987 9746 9776 E AndroidRuntime: Caused by: java.util.concurrent.ExecutionException: java.lang.NullPointerException: Attempt to invoke virtual method 'boolean com.google.googlex.gcam.Gcam.f()' on a null object reference
10-20 08:53:31.987 9746 9776 E AndroidRuntime: at java.util.concurrent.FutureTask.report(FutureTask.java:122)
10-20 08:53:31.987 9746 9776 E AndroidRuntime: at java.util.concurrent.FutureTask.get(FutureTask.java:191)
10-20 08:53:31.987 9746 9776 E AndroidRuntime: at phe.get(Unknown Source:4)
10-20 08:53:31.987 9746 9776 E AndroidRuntime: at lbg.run(Unknown Source:15)
10-20 08:53:31.987 9746 9776 E AndroidRuntime:... 4 more
10-20 08:53:31.987 9746 9776 E AndroidRuntime: Caused by: java.lang.NullPointerException: Attempt to invoke virtual method 'boolean com.google.googlex.gcam.Gcam.f()' on a null object reference
10-20 08:53:31.987 9746 9776 E AndroidRuntime: at eat.get(Unknown Source:493)
10-20 08:53:31.987 9746 9776 E AndroidRuntime: at pyr.get(Unknown Source:13)
10-20 08:53:31.987 9746 9776 E AndroidRuntime: at enl.a(Unknown Source:3)
10-20 08:53:31.987 9746 9776 E AndroidRuntime: at dsd.get(Unknown Source:30)
10-20 08:53:31.987 9746 9776 E AndroidRuntime: at pyr.get(Unknown Source:13)
10-20 08:53:31.987 9746 9776 E AndroidRuntime: at dvd.get(Unknown Source:175)
10-20 08:53:31.987 9746 9776 E AndroidRuntime: at pyr.get(Unknown Source:13)
10-20 08:53:31.987 9746 9776 E AndroidRuntime: at kbj.get(Unknown Source:73)
10-20 08:53:31.987 9746 9776 E AndroidRuntime: at pyr.get(Unknown Source:13)
10-20 08:53:31.987 9746 9776 E AndroidRuntime: at eus.get(Unknown Source:335)
10-20 08:53:31.987 9746 9776 E AndroidRuntime: at pyr.get(Unknown Source:13)
10-20 08:53:31.987 9746 9776 E AndroidRuntime: at pyq.get(Unknown Source:4)
10-20 08:53:31.987 9746 9776 E AndroidRuntime: at pyr.get(Unknown Source:13)
10-20 08:53:31.987 9746 9776 E AndroidRuntime: at ewe.run(Unknown Source:60)
10-20 08:53:31.987 9746 9776 E AndroidRuntime: at dks.run(Unknown Source:13)
10-20 08:53:31.987 9746 9776 E AndroidRuntime: at bvr.run(Unknown Source:58)
10-20 08:53:31.987 9746 9776 E AndroidRuntime: at java.util.concurrent.Executors$RunnableAdapter.call(Executors.java:487)
10-20 08:53:31.987 9746 9776 E AndroidRuntime: at java.util.concurrent.FutureTask.run(FutureTask.java:264)
10-20 08:53:31.987 9746 9776 E AndroidRuntime: at java.util.concurrent.ScheduledThreadPoolExecutor$ScheduledFutureTask.run(ScheduledThreadPoolExecutor.java:307)
10-20 08:53:31.987 9746 9776 E AndroidRuntime: at lbh.run(Unknown Source:2)
10-20 08:53:31.987 9746 9776 E AndroidRuntime: at lbg.run(Unknown Source:0)
10-20 08:53:31.987 9746 9776 E AndroidRuntime:... 4 more
10-20 08:53:31.999 9746 9746 W CAM_A : Was already registered as ThermalStatusListener on AppStart
10-20 08:53:32.000 9746 9760 D SensorManager: registerListenerImpl sensor = {Sensor name="Rotation Vector", vendor="Sprd Group Ltd.", version=1, type=11, maxRange=1.0, resolution=1.0E-6, power=11.27, minDelay=10000}, delayUs = 200000, latencyUs = 0, listener = hpi@337ceb4
10-20 08:53:32.143 9746 9746 E CAM_A : HalideRuntime.checkGcamHalideRuntime -> Failed
10-20 08:53:32.145 9746 9746 D CameraManager2: GotArray:0
10-20 08:53:32.145 9746 9746 D CameraManager2: GotArray:1
10-20 08:53:32.145 9746 9746 D CameraManager2: GotArray:20
10-20 08:53:32.145 9746 9746 D CameraManager2: GotArray:21
10-20 08:53:32.147 9746 9746 D CameraManager2: GotArray:0
10-20 08:53:32.148 9746 9746 D CameraManager2: GotArray:1
10-20 08:53:32.148 9746 9746 D CameraManager2: GotArray:20
10-20 08:53:32.148 9746 9746 D CameraManager2: GotArray:21
10-20 08:53:32.149 9746 9746 E libgcam : [gcam.cc:268]: Create: static_metadata_list can not be empty.
10-20 08:53:32.150 9746 9746 W CAM_ActivityUiStartup: CameraActivityController failed!
10-20 08:53:32.150 9746 9746 W CAM_ActivityUiStartup: java.lang.NullPointerException: Attempt to invoke virtual method 'boolean com.google.googlex.gcam.Gcam.f()' on a null object reference
10-20 08:53:32.150 9746 9746 W CAM_ActivityUiStartup: at eat.get(Unknown Source:493)
10-20 08:53:32.150 9746 9746 W CAM_ActivityUiStartup: at pyr.get(Unknown Source:13)
10-20 08:53:32.150 9746 9746 W CAM_ActivityUiStartup: at enl.a(Unknown Source:3)
10-20 08:53:32.150 9746 9746 W CAM_ActivityUiStartup: at dsd.get(Unknown Source:30)
10-20 08:53:32.150 9746 9746 W CAM_ActivityUiStartup: at pyr.get(Unknown Source:13)
10-20 08:53:32.150 9746 9746 W CAM_ActivityUiStartup: at dvd.get(Unknown Source:175)
10-20 08:53:32.150 9746 9746 W CAM_ActivityUiStartup: at pyr.get(Unknown Source:13)
10-20 08:53:32.150 9746 9746 W CAM_ActivityUiStartup: at kbj.get(Unknown Source:73)
10-20 08:53:32.150 9746 9746 W CAM_ActivityUiStartup: at pyr.get(Unknown Source:13)
10-20 08:53:32.150 9746 9746 W CAM_ActivityUiStartup: at eus.get(Unknown Source:335)
10-20 08:53:32.150 9746 9746 W CAM_ActivityUiStartup: at pyr.get(Unknown Source:13)
10-20 08:53:32.150 9746 9746 W CAM_ActivityUiStartup: at pyq.get(Unknown Source:4)
10-20 08:53:32.150 9746 9746 W CAM_ActivityUiStartup: at btj.d(Unknown Source:15)
10-20 08:53:32.150 9746 9746 W CAM_ActivityUiStartup: at btj.a(Unknown Source:0)
10-20 08:53:32.150 9746 9746 W CAM_ActivityUiStartup: at cak.run(Unknown Source:2)
10-20 08:53:32.150 9746 9746 W CAM_ActivityUiStartup: at bwx.run(Unknown Source:82)
10-20 08:53:32.150 9746 9746 W CAM_ActivityUiStartup: at android.os.Handler.handleCallback(Handler.java:958)
10-20 08:53:32.150 9746 9746 W CAM_ActivityUiStartup: at android.os.Handler.dispatchMessage(Handler.java:99)
10-20 08:53:32.150 9746 9746 W CAM_ActivityUiStartup: at android.os.Looper.loopOnce(Looper.java:205)
10-20 08:53:32.150 9746 9746 W CAM_ActivityUiStartup: at android.os.Looper.loop(Looper.java:294)
10-20 08:53:32.150 9746 9746 W CAM_ActivityUiStartup: at android.app.ActivityThread.main(ActivityThread.java:8376)
10-20 08:53:32.150 9746 9746 W CAM_ActivityUiStartup: at java.lang.reflect.Method.invoke(Native Method)
10-20 08:53:32.150 9746 9746 W CAM_ActivityUiStartup: at com.android.internal.os.RuntimeInit$MethodAndArgsCaller.run(RuntimeInit.java:640)
10-20 08:53:32.150 9746 9746 W CAM_ActivityUiStartup: at com.android.internal.os.ZygoteInit.main(ZygoteInit.java:982)
10-20 08:53:32.155 9746 9880 W CAM_ActivityUiStartup: Interactivity failed!
10-20 08:53:32.155 9746 9880 W CAM_ActivityUiStartup: java.lang.NullPointerException: Attempt to invoke virtual method 'boolean com.google.googlex.gcam.Gcam.f()' on a null object reference
10-20 08:53:32.155 9746 9880 W CAM_ActivityUiStartup: at eat.get(Unknown Source:493)
10-20 08:53:32.155 9746 9880 W CAM_ActivityUiStartup: at pyr.get(Unknown Source:13)
10-20 08:53:32.155 9746 9880 W CAM_ActivityUiStartup: at enl.a(Unknown Source:3)
10-20 08:53:32.155 9746 9880 W CAM_ActivityUiStartup: at dsd.get(Unknown Source:30)
10-20 08:53:32.155 9746 9880 W CAM_ActivityUiStartup: at pyr.get(Unknown Source:13)
10-20 08:53:32.155 9746 9880 W CAM_ActivityUiStartup: at dvd.get(Unknown Source:175)
10-20 08:53:32.155 9746 9880 W CAM_ActivityUiStartup: at pyr.get(Unknown Source:13)
10-20 08:53:32.155 9746 9880 W CAM_ActivityUiStartup: at kbj.get(Unknown Source:73)
10-20 08:53:32.155 9746 9880 W CAM_ActivityUiStartup: at pyr.get(Unknown Source:13)
10-20 08:53:32.155 9746 9880 W CAM_ActivityUiStartup: at eus.get(Unknown Source:335)
10-20 08:53:32.155 9746 9880 W CAM_ActivityUiStartup: at pyr.get(Unknown Source:13)
10-20 08:53:32.155 9746 9880 W CAM_ActivityUiStartup: at pyq.get(Unknown Source:4)
10-20 08:53:32.155 9746 9880 W CAM_ActivityUiStartup: at btj.d(Unknown Source:15)
10-20 08:53:32.155 9746 9880 W CAM_ActivityUiStartup: at btj.a(Unknown Source:0)
10-20 08:53:32.155 9746 9880 W CAM_ActivityUiStartup: at cak.run(Unknown Source:2)
10-20 08:53:32.155 9746 9880 W CAM_ActivityUiStartup: at bwx.run(Unknown Source:82)
10-20 08:53:32.155 9746 9880 W CAM_ActivityUiStartup: at android.os.Handler.handleCallback(Handler.java:958)
10-20 08:53:32.155 9746 9880 W CAM_ActivityUiStartup: at android.os.Handler.dispatchMessage(Handler.java:99)
10-20 08:53:32.155 9746 9880 W CAM_ActivityUiStartup: at android.os.Looper.loopOnce(Looper.java:205)
10-20 08:53:32.155 9746 9880 W CAM_ActivityUiStartup: at android.os.Looper.loop(Looper.java:294)
10-20 08:53:32.155 9746 9880 W CAM_ActivityUiStartup: at android.app.ActivityThread.main(ActivityThread.java:8376)
10-20 08:53:32.155 9746 9880 W CAM_ActivityUiStartup: at java.lang.reflect.Method.invoke(Native Method)
10-20 08:53:32.155 9746 9880 W CAM_ActivityUiStartup: at com.android.internal.os.RuntimeInit$MethodAndArgsCaller.run(RuntimeInit.java:640)
10-20 08:53:32.155 9746 9880 W CAM_ActivityUiStartup: at com.android.internal.os.ZygoteInit.main(ZygoteInit.java:982)
10-20 08:53:32.214 9746 9746 D AndroidRuntime: Shutting down VM
10-20 08:53:32.215 9746 9746 E AndroidRuntime: FATAL EXCEPTION: main
10-20 08:53:32.215 9746 9746 E AndroidRuntime: Process: com.google.android.GoogleCameraLMCR17, PID: 9746
10-20 08:53:32.215 9746 9746 E AndroidRuntime: java.lang.RuntimeException: java.lang.NullPointerException: Attempt to invoke virtual method 'boolean com.google.googlex.gcam.Gcam.f()' on a null object reference
10-20 08:53:32.215 9746 9746 E AndroidRuntime: at kqn.run(Unknown Source:9)
10-20 08:53:32.215 9746 9746 E AndroidRuntime: at bwx.run(Unknown Source:82)
10-20 08:53:32.215 9746 9746 E AndroidRuntime: at android.os.Handler.handleCallback(Handler.java:958)
10-20 08:53:32.215 9746 9746 E AndroidRuntime: at android.os.Handler.dispatchMessage(Handler.java:99)
10-20 08:53:32.215 9746 9746 E AndroidRuntime: at android.os.Looper.loopOnce(Looper.java:205)
10-20 08:53:32.215 9746 9746 E AndroidRuntime: at android.os.Looper.loop(Looper.java:294)
10-20 08:53:32.215 9746 9746 E AndroidRuntime: at android.app.ActivityThread.main(ActivityThread.java:8376)
10-20 08:53:32.215 9746 9746 E AndroidRuntime: at java.lang.reflect.Method.invoke(Native Method)
10-20 08:53:32.215 9746 9746 E AndroidRuntime: at com.android.internal.os.RuntimeInit$MethodAndArgsCaller.run(RuntimeInit.java:640)
10-20 08:53:32.215 9746 9746 E AndroidRuntime: at com.android.internal.os.ZygoteInit.main(ZygoteInit.java:982)
10-20 08:53:32.215 9746 9746 E AndroidRuntime: Caused by: java.lang.NullPointerException: Attempt to invoke virtual method 'boolean com.google.googlex.gcam.Gcam.f()' on a null object reference
10-20 08:53:32.215 9746 9746 E AndroidRuntime: at eat.get(Unknown Source:493)
10-20 08:53:32.215 9746 9746 E AndroidRuntime: at pyr.get(Unknown Source:13)
10-20 08:53:32.215 9746 9746 E AndroidRuntime: at enl.a(Unknown Source:3)
10-20 08:53:32.215 9746 9746 E AndroidRuntime: at dsd.get(Unknown Source:30)
10-20 08:53:32.215 9746 9746 E AndroidRuntime: at pyr.get(Unknown Source:13)
10-20 08:53:32.215 9746 9746 E AndroidRuntime: at dvd.get(Unknown Source:175)
10-20 08:53:32.215 9746 9746 E AndroidRuntime: at pyr.get(Unknown Source:13)
10-20 08:53:32.215 9746 9746 E AndroidRuntime: at kbj.get(Unknown Source:73)
10-20 08:53:32.215 9746 9746 E AndroidRuntime: at pyr.get(Unknown Source:13)
10-20 08:53:32.215 9746 9746 E AndroidRuntime: at eus.get(Unknown Source:335)
10-20 08:53:32.215 9746 9746 E AndroidRuntime: at pyr.get(Unknown Source:13)
10-20 08:53:32.215 9746 9746 E AndroidRuntime: at pyq.get(Unknown Source:4)
10-20 08:53:32.215 9746 9746 E AndroidRuntime: at btj.d(Unknown Source:15)
10-20 08:53:32.215 9746 9746 E AndroidRuntime: at btj.a(Unknown Source:0)
10-20 08:53:32.215 9746 9746 E AndroidRuntime: at cak.run(Unknown Source:2)
10-20 08:53:32.215 9746 9746 E AndroidRuntime:... 9 more
10-20 08:53:32.592 9746 9776 E CAM_A : Uncaught exception in background thread
10-20 08:53:32.592 9746 9776 E CAM_A : java.lang.RuntimeException: java.lang.NullPointerException: Attempt to invoke virtual method 'boolean com.google.googlex.gcam.Gcam.f()' on a null object reference
10-20 08:53:32.592 9746 9776 E CAM_A : at lbg.run(Unknown Source:26)
10-20 08:53:32.592 9746 9776 E CAM_A : at java.util.concurrent.ThreadPoolExecutor.runWorker(ThreadPoolExecutor.java:1145)
10-20 08:53:32.592 9746 9776 E CAM_A : at java.util.concurrent.ThreadPoolExecutor$Worker.run(ThreadPoolExecutor.java:644)
10-20 08:53:32.592 9746 9776 E CAM_A : at java.lang.Thread.run(Thread.java:1012)
10-20 08:53:32.592 9746 9776 E CAM_A : at lab.run(Unknown Source:5)
10-20 08:53:32.592 9746 9776 E CAM_A : Caused by: java.util.concurrent.ExecutionException: java.lang.NullPointerException: Attempt to invoke virtual method 'boolean com.google.googlex.gcam.Gcam.f()' on a null object reference
10-20 08:53:32.592 9746 9776 E CAM_A : at java.util.concurrent.FutureTask.report(FutureTask.java:122)
10-20 08:53:32.592 9746 9776 E CAM_A : at java.util.concurrent.FutureTask.get(FutureTask.java:191)
10-20 08:53:32.592 9746 9776 E CAM_A : at phe.get(Unknown Source:4)
10-20 08:53:32.592 9746 9776 E CAM_A : at lbg.run(Unknown Source:15)
10-20 08:53:32.592 9746 9776 E CAM_A :... 4 more
10-20 08:53:32.592 9746 9776 E CAM_A : Caused by: java.lang.NullPointerException: Attempt to invoke virtual method 'boolean com.google.googlex.gcam.Gcam.f()' on a null object reference
10-20 08:53:32.592 9746 9776 E CAM_A : at eat.get(Unknown Source:493)
10-20 08:53:32.592 9746 9776 E CAM_A : at pyr.get(Unknown Source:13)
10-20 08:53:32.592 9746 9776 E CAM_A : at enl.a(Unknown Source:3)
10-20 08:53:32.592 9746 9776 E CAM_A : at dsd.get(Unknown Source:30)
10-20 08:53:32.592 9746 9776 E CAM_A : at pyr.get(Unknown Source:13)
10-20 08:53:32.592 9746 9776 E CAM_A : at dvd.get(Unknown Source:175)
10-20 08:53:32.592 9746 9776 E CAM_A : at pyr.get(Unknown Source:13)
10-20 08:53:32.592 9746 9776 E CAM_A : at kbj.get(Unknown Source:73)
10-20 08:53:32.592 9746 9776 E CAM_A : at pyr.get(Unknown Source:13)
10-20 08:53:32.592 9746 9776 E CAM_A : at eus.get(Unknown Source:335)
10-20 08:53:32.592 9746 9776 E CAM_A : at pyr.get(Unknown Source:13)
10-20 08:53:32.592 9746 9776 E CAM_A : at pyq.get(Unknown Source:4)
10-20 08:53:32.592 9746 9776 E CAM_A : at pyr.get(Unknown Source:13)
10-20 08:53:32.592 9746 9776 E CAM_A : at ewe.run(Unknown Source:60)
10-20 08:53:32.592 9746 9776 E CAM_A : at dks.run(Unknown Source:13)
10-20 08:53:32.592 9746 9776 E CAM_A : at bvr.run(Unknown Source:58)
10-20 08:53:32.592 9746 9776 E CAM_A : at java.util.concurrent.Executors$RunnableAdapter.call(Executors.java:487)
10-20 08:53:32.592 9746 9776 E CAM_A : at java.util.concurrent.FutureTask.run(FutureTask.java:264)
10-20 08:53:32.592 9746 9776 E CAM_A : at java.util.concurrent.ScheduledThreadPoolExecutor$ScheduledFutureTask.run(ScheduledThreadPoolExecutor.java:307)
10-20 08:53:32.592 9746 9776 E CAM_A : at lbh.run(Unknown Source:2)
10-20 08:53:32.592 9746 9776 E CAM_A : at lbg.run(Unknown Source:0)
10-20 08:53:32.592 9746 9776 E CAM_A :... 4 more
10-20 08:53:32.593 9746 9776 E CAM_A : Uncaught exception in background thread Thread[00UiWorker,5,main]
10-20 08:53:32.593 9746 9776 E CAM_A : java.lang.RuntimeException: java.lang.NullPointerException: Attempt to invoke virtual method 'boolean com.google.googlex.gcam.Gcam.f()' on a null object reference
10-20 08:53:32.593 9746 9776 E CAM_A : at lbg.run(Unknown Source:26)
10-20 08:53:32.593 9746 9776 E CAM_A : at java.util.concurrent.ThreadPoolExecutor.runWorker(ThreadPoolExecutor.java:1145)
10-20 08:53:32.593 9746 9776 E CAM_A : at java.util.concurrent.ThreadPoolExecutor$Worker.run(ThreadPoolExecutor.java:644)
10-20 08:53:32.593 9746 9776 E CAM_A : at java.lang.Thread.run(Thread.java:1012)
10-20 08:53:32.593 9746 9776 E CAM_A : at lab.run(Unknown Source:5)
10-20 08:53:32.593 9746 9776 E CAM_A : Caused by: java.util.concurrent.ExecutionException: java.lang.NullPointerException: Attempt to invoke virtual method 'boolean com.google.googlex.gcam.Gcam.f()' on a null object reference
10-20 08:53:32.593 9746 9776 E CAM_A : at java.util.concurrent.FutureTask.report(FutureTask.java:122)
10-20 08:53:32.593 9746 9776 E CAM_A : at java.util.concurrent.FutureTask.get(FutureTask.java:191)
10-20 08:53:32.593 9746 9776 E CAM_A : at phe.get(Unknown Source:4)
10-20 08:53:32.593 9746 9776 E CAM_A : at lbg.run(Unknown Source:15)
10-20 08:53:32.593 9746 9776 E CAM_A :... 4 more
10-20 08:53:32.593 9746 9776 E CAM_A : Caused by: java.lang.NullPointerException: Attempt to invoke virtual method 'boolean com.google.googlex.gcam.Gcam.f()' on a null object reference
10-20 08:53:32.593 9746 9776 E CAM_A : at eat.get(Unknown Source:493)
10-20 08:53:32.593 9746 9776 E CAM_A : at pyr.get(Unknown Source:13)
10-20 08:53:32.593 9746 9776 E CAM_A : at enl.a(Unknown Source:3)
10-20 08:53:32.593 9746 9776 E CAM_A : at dsd.get(Unknown Source:30)
10-20 08:53:32.593 9746 9776 E CAM_A : at pyr.get(Unknown Source:13)
10-20 08:53:32.593 9746 9776 E CAM_A : at dvd.get(Unknown Source:175)
10-20 08:53:32.593 9746 9776 E CAM_A : at pyr.get(Unknown Source:13)
10-20 08:53:32.593 9746 9776 E CAM_A : at kbj.g

Use Quizgecko on...
Browser
Browser