logcat1727517040134.txt

Full Transcript

--------- beginning of main
09-28 15:20:40.179 22272 22272 W libprocessgroup: Controller io is not found
09-28 15:20:40.179 22272 22272 W libprocessgroup: Controller io is not found
09-28 15:20:40.179 22272 22272 W libprocessgroup: Controller io is not found
09-28 15:20:40.179 22272 22272 W libproce...

--------- beginning of main
09-28 15:20:40.179 22272 22272 W libprocessgroup: Controller io is not found
09-28 15:20:40.179 22272 22272 W libprocessgroup: Controller io is not found
09-28 15:20:40.179 22272 22272 W libprocessgroup: Controller io is not found
09-28 15:20:40.179 22272 22272 W libprocessgroup: JoinCgroup: controller schedtune is not found
09-28 15:20:40.179 22272 22272 W libprocessgroup: SetAttribute: unknown attribute: CfqGroupIdle
09-28 15:20:40.179 22272 22272 W libprocessgroup: SetAttribute: unknown attribute: CfqWeight
09-28 15:20:40.179 22272 22272 W libprocessgroup: SetAttribute: unknown attribute: CfqGroupIdle
09-28 15:20:40.179 22272 22272 W libprocessgroup: SetAttribute: unknown attribute: CfqWeight
09-28 15:20:40.179 22272 22272 W libprocessgroup: SetAttribute: unknown attribute: BfqWeight
09-28 15:20:40.179 22272 22272 W libprocessgroup: SetAttribute: unknown attribute: CfqGroupIdle
09-28 15:20:40.179 22272 22272 W libprocessgroup: SetAttribute: unknown attribute: CfqWeight
09-28 15:20:40.179 22272 22272 W libprocessgroup: SetAttribute: unknown attribute: BfqWeight
09-28 15:20:40.179 22272 22272 W libprocessgroup: SetAttribute: unknown attribute: CfqGroupIdle
09-28 15:20:40.179 22272 22272 W libprocessgroup: SetAttribute: unknown attribute: CfqWeight
09-28 15:20:40.179 22272 22272 W libprocessgroup: SetAttribute: unknown attribute: BfqWeight
09-28 15:20:40.179 22272 22272 W libprocessgroup: SetAttribute: unknown attribute: CfqGroupIdle
09-28 15:20:40.179 22272 22272 W libprocessgroup: SetAttribute: unknown attribute: CfqWeight
09-28 15:20:40.179 22272 22272 W libprocessgroup: SetAttribute: unknown attribute: BfqWeight
09-28 15:20:40.179 22272 22272 W libprocessgroup: SetAttribute: unknown attribute: CfqGroupIdle
09-28 15:20:40.179 22272 22272 W libprocessgroup: SetAttribute: unknown attribute: CfqWeight
09-28 15:20:40.179 22272 22272 W libprocessgroup: SetAttribute: unknown attribute: BfqWeight
09-28 15:20:40.179 22272 22272 W libprocessgroup: SetAttribute: unknown attribute: CfqGroupIdle
09-28 15:20:40.179 22272 22272 W libprocessgroup: SetAttribute: unknown attribute: CfqWeight
09-28 15:20:40.197 22143 22143 D CompatibilityChangeReporter: Compat change id reported: 183155436; UID 10267; state: DISABLED
09-28 15:20:40.197 22143 22276 I CameraManagerExtImpl: getInstance success!
09-28 15:20:40.197 22143 22276 I CameraManagerExtImpl: packagename is org.codeaurora.snapcam
09-28 15:20:40.197 22143 22276 I OplusCameraManager: saveOpPackageName, mOpPackageName: org.codeaurora.snapcam
09-28 15:20:40.198 22143 22276 I OplusCameraManagerGlobal: setClientInfo, packageName: org.codeaurora.snapcam, uid: 10267, pid: 22143
09-28 15:20:40.198 22143 22276 I OplusCameraManagerGlobal: Connecting to camera service
09-28 15:20:40.201 22143 22276 I CameraManagerGlobal: Connecting to camera service
09-28 15:20:40.202 22143 22143 I oplus.android.OplusFrameworkFactoryImpl: Unknow feature:IOplusTextViewRTLUtilForUG
09-28 15:20:40.204 22143 22143 D nativeloader: Load liboplushwui_jni.so using system ns (caller=/system/framework/oplus-framework.jar): ok
09-28 15:20:40.210 22143 22143 D OplusWindowManager: get WMS extension: android.os.BinderProxy@6522cc8
09-28 15:20:40.213 22143 22279 D CameraManager2: GotArray:0
09-28 15:20:40.213 22143 22279 D CameraManager2: GotArray:1
09-28 15:20:40.213 22143 22279 D CameraManager2: GotArray:20
09-28 15:20:40.213 22143 22279 D CameraManager2: GotArray:21
09-28 15:20:40.213 22143 22279 D CameraManager2: GotArray:22 --------- beginning of system
09-28 15:20:40.215 22143 22143 E OplusCustomizeRestrictionManager: sInstance is null, start a new sInstance
09-28 15:20:40.217 22143 22281 D CameraManager2: GotArray:0
09-28 15:20:40.218 22143 22281 D CameraManager2: GotArray:1
09-28 15:20:40.218 22143 22143 D CompatibilityChangeReporter: Compat change id reported: 210923482; UID 10267; state: DISABLED
09-28 15:20:40.218 22143 22143 D CompatibilityChangeReporter: Compat change id reported: 37756858; UID 10267; state: ENABLED
09-28 15:20:40.218 22143 22281 D CameraManager2: GotArray:20
09-28 15:20:40.218 22143 22281 D CameraManager2: GotArray:21
09-28 15:20:40.218 22143 22281 D CameraManager2: GotArray:22
09-28 15:20:40.223 22143 22281 D CameraManager2: GotArray:0
09-28 15:20:40.224 22143 22281 D CameraManager2: GotArray:1
09-28 15:20:40.224 22143 22281 D CameraManager2: GotArray:20
09-28 15:20:40.224 22143 22281 D CameraManager2: GotArray:21
09-28 15:20:40.224 22143 22281 D CameraManager2: GotArray:22
09-28 15:20:40.234 22143 22276 D OplusCameraUtils: new OplusCameraUtils!
09-28 15:20:40.251 22143 22281 I OplusCameraManagerGlobal: setClientInfo, packageName: org.codeaurora.snapcam, uid: 10267, pid: 22143
09-28 15:20:40.265 22143 22281 I OplusCameraManagerGlobal: setClientInfo, packageName: org.codeaurora.snapcam, uid: 10267, pid: 22143
09-28 15:20:40.268 22143 22260 W AudioCapabilities: Unsupported mime audio/ffmpeg
09-28 15:20:40.270 22143 22281 D CameraManager2: GotArray:0
09-28 15:20:40.270 22143 22281 D CameraManager2: GotArray:1
09-28 15:20:40.270 22143 22281 D CameraManager2: GotArray:20
09-28 15:20:40.270 22143 22281 D CameraManager2: GotArray:21
09-28 15:20:40.270 22143 22281 D CameraManager2: GotArray:22
09-28 15:20:40.272 22143 22281 D CameraManager2: GotArray:0
09-28 15:20:40.272 22143 22281 D CameraManager2: GotArray:1
09-28 15:20:40.272 22143 22281 D CameraManager2: GotArray:20
09-28 15:20:40.272 22143 22281 D CameraManager2: GotArray:21
09-28 15:20:40.272 22143 22281 D CameraManager2: GotArray:22
09-28 15:20:40.279 22143 22260 W VideoCapabilities: Unsupported mime image/vnd.android.heic
09-28 15:20:40.280 22143 22260 W VideoCapabilities: Unsupported mime image/vnd.android.heic
09-28 15:20:40.287 22143 22143 I DeezNuts: MSG: SLIDER 1 FOCUS: 1.0E-4
09-28 15:20:40.287 22143 22143 I ProReC : setprogres0
09-28 15:20:40.287 22143 22143 I DeezNuts: MSG: SLIDER 0 IDX: 0
09-28 15:20:40.287 22143 22143 I ProReC : setprogres_iso0
09-28 15:20:40.287 22143 22143 I za.defcomk.prorec.cust2.RotSeek: setprogres_iso0
09-28 15:20:40.289 22143 22260 W VideoCapabilities: Unsupported mime video/ffmpeg
09-28 15:20:40.290 22143 22143 D ScrollOptimizationHelper: can't find the config file for optimizaiton
09-28 15:20:40.290 22143 22143 D ScrollOptimizationHelper: will not debug for debug is false
09-28 15:20:40.290 22143 22143 D CompatibilityChangeReporter: Compat change id reported: 171228096; UID 10267; state: ENABLED
09-28 15:20:40.290 22143 22143 I oplus.android.OplusFrameworkFactoryImpl: get feature:IOplusDynamicVsyncFeature
09-28 15:20:40.290 22143 22143 I oplus.android.OplusFrameworkFactoryImpl: get feature:IOplusDynamicVsyncFeature
09-28 15:20:40.290 22143 22143 I oplus.android.OplusFrameworkFactoryImpl: get feature:IOplusDynamicVsyncFeature
09-28 15:20:40.296 22143 22291 I OplusCameraManagerGlobal: setClientInfo, packageName: org.codeaurora.snapcam, uid: 10267, pid: 22143
09-28 15:20:40.298 22143 22291 I OplusCameraManagerGlobal: setClientInfo, packageName: org.codeaurora.snapcam, uid: 10267, pid: 22143
09-28 15:20:40.301 22143 22143 I oplus.android.OplusFrameworkFactoryImpl: get feature:IOplusDynamicVsyncFeature
09-28 15:20:40.301 22143 22143 I oplus.android.OplusFrameworkFactoryImpl: get feature:IOplusDynamicVsyncFeature
09-28 15:20:40.301 22143 22143 I oplus.android.OplusFrameworkFactoryImpl: get feature:IOplusDynamicVsyncFeature
09-28 15:20:40.302 22143 22291 I CameraDeviceImplExtImpl: getInstance success!
09-28 15:20:40.302 22143 22291 W libc : Access denied finding property "persist.vendor.camera.privapp.list"
09-28 15:20:40.302 22143 22291 I OplusCameraManagerGlobal: setClientInfo, packageName: org.codeaurora.snapcam, uid: 10267, pid: 22143
09-28 15:20:40.305 22143 22291 I OplusCameraUtils: current activityName: com.google.android.apps.camera.legacy.app.activity.main.CameraActivity
09-28 15:20:40.305 22143 22291 I OplusCameraUtils: getComponentName, componentName: org.codeaurora.snapcam/com.google.android.apps.camera.legacy.app.activity.main.CameraActivity, packageName:org.codeaurora.snapcam, activityName:com.google.android.apps.camera.legacy.app.activity.main.CameraActivity
09-28 15:20:40.305 22143 22291 I CameraManager: openCameraDeviceUserAsync, use componentName: org.codeaurora.snapcam/com.google.android.apps.camera.legacy.app.activity.main.CameraActivity
09-28 15:20:40.306 22143 22291 I OplusCameraUtils: current activityName: com.google.android.apps.camera.legacy.app.activity.main.CameraActivity
09-28 15:20:40.306 22143 22291 I OplusCameraUtils: getComponentName, componentName: org.codeaurora.snapcam/com.google.android.apps.camera.legacy.app.activity.main.CameraActivity, packageName:org.codeaurora.snapcam, activityName:com.google.android.apps.camera.legacy.app.activity.main.CameraActivity
09-28 15:20:40.308 22143 22260 W CAM_A : Build number (S.17cd02c-44a3-1105b) is not a number. Ignoring version check for b/149569689.
09-28 15:20:40.309 22143 22260 D CameraManager2: GotArray:0
09-28 15:20:40.309 22143 22260 D CameraManager2: GotArray:1
09-28 15:20:40.309 22143 22260 D CameraManager2: GotArray:20
09-28 15:20:40.309 22143 22260 D CameraManager2: GotArray:21
09-28 15:20:40.309 22143 22260 D CameraManager2: GotArray:22
09-28 15:20:40.327 22143 22169 E CameraManagerGlobal: Camera 4 is not present. Ignore physical camera status change
09-28 15:20:40.343 22143 22143 D ScrollOptim [ConfigManager]: initOptConfig: pkg= org.codeaurora.snapcam, mOptEnable= true, mAnimAheadEnable= true, mInsertDefaultNum= 1, mFrameInsertEnableList= {}, mSCEnableList= []
09-28 15:20:40.343 22143 22143 D ScrollOptim [SceneManager]: updateCurrentActivity: mCurrentActivityName=com.android.camera.CameraLauncher, isOptEnable=true, isAnimAheadEnable=true, isFrameInsertEnable=true, InsertNum=1, isEnabledForScrollChanged=false
09-28 15:20:40.343 22143 22143 D ActivityThread: ComponentInfo{org.codeaurora.snapcam/com.android.camera.CameraLauncher} checkFinished=false 2
09-28 15:20:40.343 22143 22143 D ResourcesManagerExtImpl: applyConfigurationToAppResourcesLocked app.getDisplayId() return callback.displayId:-1
09-28 15:20:40.345 22143 22143 D nativeloader: Load libSchedAssistJni.so using system ns (caller=/system/framework/oplus-framework.jar): ok
09-28 15:20:40.345 22143 22143 D ExtensionsLoader: createInstance(64bit) : createExtendedFactory
09-28 15:20:40.346 22143 22143 D ExtensionsLoader: Opened libSchedAssistExtImpl.so
09-28 15:20:40.346 22143 22143 E SchedAssist: ofbOpen failed with error=No such file or directory
09-28 15:20:40.346 22143 22143 E SchedAssist: sysOpen failed with error=No such file or directory
09-28 15:20:40.346 22143 22143 E SchedAssist: sharedImFd failed with error=Permission denied
09-28 15:20:40.351 22143 22143 D OplusInputMethodUtil: init sDebug to false, init sDebugIme to false, init sAlwaysOn to false
09-28 15:20:40.351 22143 22143 D OplusInputMethodUtil: updateDebugToClass InputMethodManager.DEBUG = false
09-28 15:20:40.351 22143 22143 D OplusInputMethodUtil: updateDebugToClass ImeFocusController.DEBUG = false
09-28 15:20:40.351 22143 22143 D OplusInputMethodUtil: updateDebugToClass BaseInputConnection.DEBUG = false
09-28 15:20:40.356 22143 22143 D ExtensionsLoader: createInstance(64bit) : createExtendedFactory
09-28 15:20:40.356 22143 22281 D CompatibilityChangeReporter: Compat change id reported: 236825255; UID 10267; state: DISABLED
09-28 15:20:40.356 22143 22143 D ExtensionsLoader: Opened libguiextimpl.so
09-28 15:20:40.356 22143 22143 D nativeloader: Load liboplusgui_jni.so using system ns (caller=/system/framework/oplus-framework.jar): ok
09-28 15:20:40.360 22143 22143 D CompatibilityChangeReporter: Compat change id reported: 237531167; UID 10267; state: DISABLED
09-28 15:20:40.364 22143 22143 I DynamicFramerate [FRTCConfigManager]: initFrameRateConfig:
09-28 15:20:40.364 22143 22143 I DynamicFramerate [FRTCConfigManager]: levels: [120, 60]
09-28 15:20:40.364 22143 22143 I DynamicFramerate [FRTCConfigManager]: thresholds:
09-28 15:20:40.364 22143 22143 I DynamicFramerate [FRTCConfigManager]: scrollbar fade frame rate: 0
09-28 15:20:40.364 22143 22143 I DynamicFramerate [FRTCConfigManager]: FRTCConfigManager: FRTC_CAPABILITY = 120, package name = org.codeaurora.snapcam, WINDOW_ANIMATION_SPEED_RATE = 10, SCROLL_ANIMATION_SPEED_RATE = 20, MuitiWindowIdleFramerate = 60, PACKAGE_ENABLE = false
09-28 15:20:40.364 22143 22143 I DynamicFramerate [DynamicFrameRateController]: init info: mPackageName = org.codeaurora.snapcam, mIsEnabled = false
09-28 15:20:40.364 22143 22143 D WindowManager: Add to mViews: DecorView@211d90f[CameraLauncher],pkg= org.codeaurora.snapcam
09-28 15:20:40.367 22143 22262 D ExtensionsLoader: createInstance(64bit) : createExtendedFactory
09-28 15:20:40.381 22143 22262 D ExtensionsLoader: Opened libhwuiextimpl.so
09-28 15:20:40.381 22143 22143 D ExtensionsLoader: createInstance(64bit) : createExtendedFactory
09-28 15:20:40.381 22143 22143 D ExtensionsLoader: Opened libSchedAssistExtImpl.so
09-28 15:20:40.390 22143 22281 D BufferQueueConsumer: [](id:567f00000000,api:0,p:-1,c:22143) connect: controlledByApp=true
09-28 15:20:40.390 22143 22281 D ExtensionsLoader: createInstance(64bit) : createExtendedFactory
09-28 15:20:40.390 22143 22281 D ExtensionsLoader: Opened libSchedAssistExtImpl.so
09-28 15:20:40.394 22143 22279 D Vibrator: SystemVibrator Created
09-28 15:20:40.395 22143 22143 D InputEventReceiver: Input log is disabled in InputEventReceiver.
09-28 15:20:40.395 22143 22143 D ResourcesManagerExtImpl: applyConfigurationToAppResourcesLocked app.getDisplayId() return callback.displayId:-1
09-28 15:20:40.397 22143 22143 I Quality : Skipped: false 1 cost 11.068549 refreshRate 8326451 bit true processName org.codeaurora.snapcam
09-28 15:20:40.398 22143 22143 E OplusBracketLog: [OplusViewMirrorManager] updateHostViewRootIfNeeded, not support android.view.ViewRootImpl@c49c3f6
09-28 15:20:40.402 22143 22143 D ViewRootImplExtImpl: wrapConfigInfoIntoFlags rotation=0, smallestScreenWidthDp=424, relayoutAsync=false, newFlags=27787264, title=org.codeaurora.snapcam/com.android.camera.CameraLauncher
09-28 15:20:40.412 22143 22281 D BufferQueueConsumer: [](id:567f00000001,api:0,p:-1,c:22143) connect: controlledByApp=true
09-28 15:20:40.437 22143 22143 W VRI[CameraLauncher]: updateBlastSurfaceIfNeeded, surfaceSize:Point(1080, 2412), lastSurfaceSize:Point(0, 0), format:-3, blastBufferQueue:null
09-28 15:20:40.437 22143 22143 D BufferQueueConsumer: [](id:567f00000002,api:0,p:-1,c:22143) connect: controlledByApp=false
09-28 15:20:40.443 22143 22305 I OplusCameraUtils: current activityName: com.google.android.apps.camera.legacy.app.activity.main.CameraActivity
09-28 15:20:40.444 22143 22262 I AdrenoGLES-0: QUALCOMM build : e7626cbb06, If33672715f
09-28 15:20:40.444 22143 22262 I AdrenoGLES-0: Build Date : 01/24/23
09-28 15:20:40.444 22143 22262 I AdrenoGLES-0: OpenGL ES Shader Compiler Version: EV031.35.01.12
09-28 15:20:40.444 22143 22262 I AdrenoGLES-0: Local Branch :
09-28 15:20:40.444 22143 22262 I AdrenoGLES-0: Remote Branch : refs/tags/AU_LINUX_ANDROID_LA.UM.9.14.11.00.00.571.148
09-28 15:20:40.444 22143 22262 I AdrenoGLES-0: Remote Branch : NONE
09-28 15:20:40.444 22143 22262 I AdrenoGLES-0: Reconstruct Branch : NOTHING
09-28 15:20:40.444 22143 22262 I AdrenoGLES-0: Build Config : S P 10.0.7 AArch64
09-28 15:20:40.444 22143 22262 I AdrenoGLES-0: Driver Path : /vendor/lib64/egl/libGLESv2_adreno.so
09-28 15:20:40.448 22143 22262 I AdrenoGLES-0: PFP: 0x016ee201, ME: 0x00000000
09-28 15:20:40.466 22143 22262 D BufferQueueProducer: [VRI[CameraLauncher]#0(BLAST Consumer)0](id:567f00000002,api:1,p:22143,c:22143) connect: api=1 producerControlledByApp=true
09-28 15:20:40.467 22143 22262 E OpenGLRenderer: Unable to match the desired swap behavior.
09-28 15:20:40.467 22143 22143 I SurfaceControl: setExtendedRangeBrightness sc=Surface(name=org.codeaurora.snapcam/com.android.camera.CameraLauncher)/@0xc97c0db,currentBufferRatio=1.0,desiredRatio=1.0
09-28 15:20:40.474 22143 22305 D OplusStatistics--: newThread.ThreadFactory
09-28 15:20:40.476 22143 22291 I OplusCameraManagerGlobal: setIsCameraUnitSession E
09-28 15:20:40.496 22143 22262 D BLASTBufferQueue: [VRI[CameraLauncher]#0](f:0,a:1) acquireNextBufferLocked size=1080x2412 mFrameNumber=1 applyTransaction=true mTimestamp=402370794792181(auto) mPendingTransactions.size=0 graphicBufferId=95103460835329 transform=0
09-28 15:20:40.496 22143 22262 D VRI[CameraLauncher]: Received frameCommittedCallback lastAttemptedDrawFrameNum=1 didProduceBuffer=true syncBuffer=false
09-28 15:20:40.497 22143 22143 D VRI[CameraLauncher]: draw finished.
09-28 15:20:40.497 22143 22143 D VRI[CameraLauncher]: reportDrawFinished
09-28 15:20:40.497 22143 22143 D ViewRootImplExtImpl: setMaxDequeuedBufferCount: 2
09-28 15:20:40.498 22143 22143 W CAM_A : Was already registered as ThermalStatusListener on AppStart
09-28 15:20:40.498 22143 22258 V SystemSensorManagerExtImpl: RegisterListener Rotation Vector Non-wakeup type:11 delay:200000us by hpi@1940067 from org.codeaurora.snapcam
09-28 15:20:40.567 22143 22143 D CameraManager2: GotArray:0
09-28 15:20:40.568 22143 22143 D CameraManager2: GotArray:1
09-28 15:20:40.568 22143 22143 D CameraManager2: GotArray:20
09-28 15:20:40.568 22143 22143 D CameraManager2: GotArray:21
09-28 15:20:40.568 22143 22143 D CameraManager2: GotArray:22
09-28 15:20:40.571 22143 22143 D Vibrator: SystemVibrator Created
09-28 15:20:40.610 22143 22291 D BufferQueueProducer: [ImageReader-4624x3468f25m30-22143-0](id:567f00000000,api:4,p:28645,c:22143) connect: api=4 producerControlledByApp=false
09-28 15:20:40.611 22143 22291 D BufferQueueProducer: [ImageReader-640x480f23m52-22143-1](id:567f00000001,api:4,p:28645,c:22143) connect: api=4 producerControlledByApp=false
09-28 15:20:40.704 22143 22261 W ProtoDataStoreFlagStore: Unable to retrieve flag snapshot for com.google.android.libraries.consentverifier#org.codeaurora.snapcam, using defaults.
09-28 15:20:40.913 22143 22305 I OplusCameraUtils: current activityName: com.google.android.apps.camera.legacy.app.activity.main.CameraActivity
09-28 15:20:41.333 22143 22276 D nativeloader: Load /data/user/0/org.codeaurora.snapcam/files/libpatched_jni.so using ns clns-4 from class loader (caller=/data/app/~~7mRWoQHv5JaKCcZnUOR9wg==/org.codeaurora.snapcam-PJXBimtuse2JlVsxos09sg==/base.apk): ok
09-28 15:20:41.336 22143 22276 D nativeloader: Load /data/app/~~7mRWoQHv5JaKCcZnUOR9wg==/org.codeaurora.snapcam-PJXBimtuse2JlVsxos09sg==/lib/arm64/libpairipcoreX.so using ns clns-4 from class loader (caller=/data/app/~~7mRWoQHv5JaKCcZnUOR9wg==/org.codeaurora.snapcam-PJXBimtuse2JlVsxos09sg==/base.apk!classes2.dex): ok
09-28 15:20:41.344 22143 22143 D CameraManager2: GotArray:0
09-28 15:20:41.344 22143 22143 D CameraManager2: GotArray:1
09-28 15:20:41.344 22143 22143 D CameraManager2: GotArray:20
09-28 15:20:41.344 22143 22143 D CameraManager2: GotArray:21
09-28 15:20:41.344 22143 22143 D CameraManager2: GotArray:22
09-28 15:20:41.350 22143 22143 W pkr : EEPROM_WB_CALIB is not available
09-28 15:20:41.357 22143 22143 D CameraManager2: GotArray:0
09-28 15:20:41.357 22143 22143 D CameraManager2: GotArray:1
09-28 15:20:41.357 22143 22143 D CameraManager2: GotArray:20
09-28 15:20:41.357 22143 22143 D CameraManager2: GotArray:21
09-28 15:20:41.357 22143 22143 D CameraManager2: GotArray:22
09-28 15:20:41.358 22143 22143 W pkr : EEPROM_WB_CALIB is not available
09-28 15:20:41.370 22143 22143 W CAM_A : MicInput reset to Phone
09-28 15:20:41.371 22143 22281 W CAM_SimpleReqProcessor: Failed to add Stream-2 to CaptureRequest for Request-0. The surface (null) was not valid.
09-28 15:20:41.371 22143 22281 W CAM_SimpleReqProcessor: Failed to submit a CaptureRequest for Request-0: There were no surfaces on the request.
09-28 15:20:41.371 22143 22143 W FontsContract: Platform version of downloadable fonts is deprecated. Please use androidx version instead.
09-28 15:20:41.372 22143 22281 W CAM_SimpleReqProcessor: Failed to add Stream-2 to CaptureRequest for Request-1. The surface (null) was not valid.
09-28 15:20:41.393 22143 22293 D VendorTagDescriptor: lookupTag: Tag name 'meta.received.tid' does not exist.
09-28 15:20:41.393 22143 22293 E CameraDevice-JV-0: onResultReceived, set KEY_META_RECEIVED_TID error: Could not find tag for key 'com.oplus.meta.received.tid')
09-28 15:20:41.398 22143 22281 W CAM_SimpleReqProcessor: Failed to add Stream-2 to CaptureRequest for Request-2. The surface (null) was not valid.
09-28 15:20:41.413 22143 22143 D CameraManager2: GotArray:0
09-28 15:20:41.413 22143 22143 D CameraManager2: GotArray:1
09-28 15:20:41.413 22143 22143 D CameraManager2: GotArray:20
09-28 15:20:41.413 22143 22143 D CameraManager2: GotArray:21
09-28 15:20:41.413 22143 22143 D CameraManager2: GotArray:22
09-28 15:20:41.415 22143 22143 D CameraManager2: GotArray:0
09-28 15:20:41.415 22143 22143 D CameraManager2: GotArray:1
09-28 15:20:41.415 22143 22143 D CameraManager2: GotArray:20
09-28 15:20:41.415 22143 22143 D CameraManager2: GotArray:21
09-28 15:20:41.415 22143 22143 D CameraManager2: GotArray:22
09-28 15:20:41.416 22143 22143 D CameraManager2: GotArray:0
09-28 15:20:41.417 22143 22143 D CameraManager2: GotArray:1
09-28 15:20:41.417 22143 22143 D CameraManager2: GotArray:20
09-28 15:20:41.417 22143 22143 D CameraManager2: GotArray:21
09-28 15:20:41.417 22143 22143 D CameraManager2: GotArray:22
09-28 15:20:41.417 22143 22281 W CAM_SimpleReqProcessor: Failed to add Stream-2 to CaptureRequest for Request-3. The surface (null) was not valid.
09-28 15:20:41.418 22143 22143 D CameraManager2: GotArray:0
09-28 15:20:41.418 22143 22143 D CameraManager2: GotArray:1
09-28 15:20:41.418 22143 22143 D CameraManager2: GotArray:20
09-28 15:20:41.418 22143 22143 D CameraManager2: GotArray:21
09-28 15:20:41.418 22143 22143 D CameraManager2: GotArray:22
09-28 15:20:41.439 22143 22281 W CAM_A : UI view not yet initialized
09-28 15:20:41.440 22143 22482 W CAM_SimpleReqProcessor: Failed to add Stream-2 to CaptureRequest for Request-4. The surface (null) was not valid.
09-28 15:20:41.452 22143 22143 D CameraManager2: GotArray:0
09-28 15:20:41.452 22143 22143 D CameraManager2: GotArray:1
09-28 15:20:41.452 22143 22143 D CameraManager2: GotArray:20
09-28 15:20:41.452 22143 22143 D CameraManager2: GotArray:21
09-28 15:20:41.452 22143 22143 D CameraManager2: GotArray:22
09-28 15:20:41.454 22143 22482 W CAM_SimpleReqProcessor: Failed to add Stream-2 to CaptureRequest for Request-5. The surface (null) was not valid.
09-28 15:20:41.461 22143 22143 D CameraManager2: GotArray:0
09-28 15:20:41.461 22143 22143 D CameraManager2: GotArray:1
09-28 15:20:41.461 22143 22143 D CameraManager2: GotArray:20
09-28 15:20:41.461 22143 22143 D CameraManager2: GotArray:21
09-28 15:20:41.461 22143 22143 D CameraManager2: GotArray:22
09-28 15:20:41.462 22143 22143 D CameraManager2: GotArray:0
09-28 15:20:41.462 22143 22143 D CameraManager2: GotArray:1
09-28 15:20:41.462 22143 22143 D CameraManager2: GotArray:20
09-28 15:20:41.462 22143 22143 D CameraManager2: GotArray:21
09-28 15:20:41.462 22143 22143 D CameraManager2: GotArray:22
09-28 15:20:41.462 22143 22482 W CAM_SimpleReqProcessor: Failed to add Stream-2 to CaptureRequest for Request-6. The surface (null) was not valid.
09-28 15:20:41.463 22143 22143 D CameraManager2: GotArray:0
09-28 15:20:41.463 22143 22143 D CameraManager2: GotArray:1
09-28 15:20:41.463 22143 22143 D CameraManager2: GotArray:20
09-28 15:20:41.463 22143 22143 D CameraManager2: GotArray:21
09-28 15:20:41.463 22143 22143 D CameraManager2: GotArray:22
09-28 15:20:41.463 22143 22143 D CameraManager2: GotArray:0
09-28 15:20:41.463 22143 22143 D CameraManager2: GotArray:1
09-28 15:20:41.463 22143 22143 D CameraManager2: GotArray:20
09-28 15:20:41.463 22143 22143 D CameraManager2: GotArray:21
09-28 15:20:41.463 22143 22143 D CameraManager2: GotArray:22
09-28 15:20:41.468 22143 22482 W CAM_SimpleReqProcessor: Failed to add Stream-2 to CaptureRequest for Request-7. The surface (null) was not valid.
09-28 15:20:41.472 22143 22482 W CAM_SimpleReqProcessor: Failed to add Stream-2 to CaptureRequest for Request-8. The surface (null) was not valid.
09-28 15:20:41.474 22143 22482 W CAM_SimpleReqProcessor: Failed to add Stream-2 to CaptureRequest for Request-9. The surface (null) was not valid.
09-28 15:20:41.477 22143 22143 W CAM_A : ModeSwitcher WAS ALREADY ENABLED!
09-28 15:20:41.481 22143 22143 D CameraManager2: GotArray:0
09-28 15:20:41.481 22143 22143 D CameraManager2: GotArray:1
09-28 15:20:41.481 22143 22143 D CameraManager2: GotArray:20
09-28 15:20:41.481 22143 22143 D CameraManager2: GotArray:21
09-28 15:20:41.481 22143 22143 D CameraManager2: GotArray:22
09-28 15:20:41.481 22143 22143 D CameraManager2: GotArray:0
09-28 15:20:41.482 22143 22143 D CameraManager2: GotArray:1
09-28 15:20:41.482 22143 22143 D CameraManager2: GotArray:20
09-28 15:20:41.482 22143 22143 D CameraManager2: GotArray:21
09-28 15:20:41.482 22143 22143 D CameraManager2: GotArray:22
09-28 15:20:41.483 22143 22143 D CameraManager2: GotArray:0
09-28 15:20:41.483 22143 22143 D CameraManager2: GotArray:1
09-28 15:20:41.483 22143 22143 D CameraManager2: GotArray:20
09-28 15:20:41.483 22143 22143 D CameraManager2: GotArray:21
09-28 15:20:41.483 22143 22143 D CameraManager2: GotArray:22
09-28 15:20:41.488 22143 22276 D ListServiceUtils: mListServiceUtils::init CallingPid 22143
09-28 15:20:41.489 22143 22276 D ListServiceUtils: mListServiceUtils::init this 0x73225e0180
09-28 15:20:41.489 22143 22143 I SurfaceView: 65143921 onAttachedToWindow
09-28 15:20:41.489 22143 22276 D ListServiceUtils: checkInListByUid module:custom-icc uid:10267 cost 504us return 0
09-28 15:20:41.489 22143 22276 V JpegEncoderExtImpl: Resolution: 433 x 577,support: 0;
09-28 15:20:41.500 22143 22143 D VRI[CameraLauncher]: onFocusEvent true
09-28 15:20:41.500 22143 22217 I Quality : Blocked msg = Package name: org.codeaurora.snapcam [ schedGroup: 5 schedPolicy: 0 ] process the message: { when=-1s101ms what=0 target=android.os.Handler callback=bwx } took 1001 ms
09-28 15:20:41.501 22143 22258 V SystemSensorManagerExtImpl: unRegisterListener by hpi@1940067 and its name is Rotation Vector Non-wakeup
09-28 15:20:41.501 22143 22143 I Choreographer: Skipped 131 frames! The application may be doing too much work on its main thread.
09-28 15:20:41.501 22143 22143 I Quality : Skipped: false 131 cost 1098.3475 refreshRate 8326231 bit true processName org.codeaurora.snapcam
09-28 15:20:41.501 22143 22482 W CAM_SimpleReqProcessor: Failed to add Stream-2 to CaptureRequest for Request-10. The surface (null) was not valid.
09-28 15:20:41.509 22143 22482 W CAM_SimpleReqProcessor: Failed to add Stream-2 to CaptureRequest for Request-11. The surface (null) was not valid.
09-28 15:20:41.515 22143 22143 D ViewRootImplExtImpl: wrapConfigInfoIntoFlags rotation=0, smallestScreenWidthDp=424, relayoutAsync=true, newFlags=27787264, title=org.codeaurora.snapcam/com.android.camera.CameraLauncher
09-28 15:20:41.515 22143 22143 W VRI[CameraLauncher]: updateBlastSurfaceIfNeeded, surfaceSize:Point(1080, 2412), lastSurfaceSize:Point(1080, 2412), format:-3, blastBufferQueue:android.graphics.BLASTBufferQueue@ce0e1a1
09-28 15:20:41.522 22143 22143 I DeezNuts: MSG: SLIDER 1 FOCUS: 1.0E-4
09-28 15:20:41.522 22143 22143 I ProReC : setprogres0
09-28 15:20:41.522 22143 22143 I DeezNuts: MSG: SLIDER 0 IDX: 0
09-28 15:20:41.522 22143 22143 I ProReC : setprogres_iso0
09-28 15:20:41.522 22143 22143 I za.defcomk.prorec.cust2.RotSeek: setprogres_iso0
09-28 15:20:41.549 22143 22143 D BufferQueueConsumer: [](id:567f00000003,api:0,p:-1,c:22143) connect: controlledByApp=false
09-28 15:20:41.551 22143 22143 I SurfaceView: 65143921 visibleChanged -- surfaceCreated
09-28 15:20:41.551 22143 22143 D SurfaceView: 65143921 handleSyncNoBuffer
09-28 15:20:41.553 22143 22143 D SurfaceView: 65143921 finishedDrawing
09-28 15:20:41.553 22143 22143 D SurfaceView: 65143921 performDrawFinished mAttachedToWindow true
09-28 15:20:41.554 22143 22143 I SurfaceControl: setExtendedRangeBrightness sc=Surface(name=org.codeaurora.snapcam/com.android.camera.CameraLauncher)/@0xc97c0db,currentBufferRatio=1.0,desiredRatio=1.0
09-28 15:20:41.554 22143 22143 D SurfaceView: 65143921 dispatchDraw mDrawFinished true isAboveParent false (mPrivateFlags & PFLAG_SKIP_DRAW) 128
09-28 15:20:41.554 22143 22143 D SurfaceView: 65143921 clearSurfaceViewPort mCornerRadius 0.0
09-28 15:20:41.575 22143 22143 W VRI[CameraLauncher]: handleResized, msg:5, frameChanged:false, configChanged:false, displayChanged:false, attachedFrameChanged:false, compatScaleChanged:false, pendingDragResizing=false
09-28 15:20:41.577 22143 22143 W VRI[CameraLauncher]: handleResized, msg:5, frameChanged:false, configChanged:false, displayChanged:false, attachedFrameChanged:false, compatScaleChanged:false, pendingDragResizing=false
09-28 15:20:41.580 22143 22143 D CameraManager2: GotArray:0
09-28 15:20:41.580 22143 22143 D CameraManager2: GotArray:1
09-28 15:20:41.580 22143 22143 D CameraManager2: GotArray:20
09-28 15:20:41.580 22143 22143 D CameraManager2: GotArray:21
09-28 15:20:41.580 22143 22143 D CameraManager2: GotArray:22
09-28 15:20:41.581 22143 22143 W CAM_A : ModeSwitcher WAS ALREADY ENABLED!
09-28 15:20:41.584 22143 22317 W CAM_SurfaceMap: Surface(name=null)/@0x8a19761 is valid but deferred streams are not yet available for CaptureSession-0
09-28 15:20:41.584 22143 22317 W CAM_SimpleReqProcessor: Failed to add Stream-2 to CaptureRequest for Request-12. The surface is not yet available.
09-28 15:20:41.590 22143 22317 W CAM_SurfaceMap: Surface(name=null)/@0x8a19761 is valid but deferred streams are not yet available for CaptureSession-0
09-28 15:20:41.590 22143 22317 W CAM_SimpleReqProcessor: Failed to add Stream-2 to CaptureRequest for Request-13. The surface is not yet available.
09-28 15:20:41.596 22143 22172 I OpenGLRenderer: Davey! duration=1184ms; Flags=0, FrameTimelineVsyncId=193783071, IntendedVsync=402370703548409, Vsync=402371794284670, InputEventId=0, HandleInputStart=402371802418639, AnimationStart=402371802419472, PerformTraversalsStart=402371802579368, DrawStart=402371855167337, FrameDeadline=402370815132487, FrameInterval=402371801895982, FrameStartTime=8326231, SyncQueued=402371868221555, SyncStart=402371868282857, IssueDrawCommandsStart=402371874990982, SwapBuffers=402371882071347, FrameCompleted=402371887992493, DequeueBufferDuration=15573, QueueBufferDuration=343177, GpuCompleted=402371887992493, SwapBuffersCompleted=402371882915618, DisplayPresentTime=0, CommandSubmissionCompleted=402371882071347,
09-28 15:20:41.605 22143 22143 I Quality : Skipped: false 5 cost 86.43712 refreshRate 16644400 bit true processName org.codeaurora.snapcam
09-28 15:20:41.610 22143 22317 D BufferQueueProducer: [SurfaceView[org.codeaurora.snapcam/com.android.camera.CameraLauncher]#1(BLAST Consumer)1](id:567f00000003,api:4,p:28645,c:22143) connect: api=4 producerControlledByApp=true
09-28 15:20:41.618 22143 22364 W ProtoDataStoreFlagStore: Unable to update local snapshot for com.google.android.libraries.consentverifier#org.codeaurora.snapcam, may result in stale flags.
09-28 15:20:41.618 22143 22364 W ProtoDataStoreFlagStore: java.util.concurrent.ExecutionException: java.lang.SecurityException: GoogleCertificatesRslt: not allowed: pkg=org.codeaurora.snapcam, sha256=[a40da80a59d170caa950cf15c18c454d47a39b26989d8b640ecd745ba71bf5dc], atk=false, ver=243530039.true (go/gsrlt)
09-28 15:20:41.618 22143 22364 W ProtoDataStoreFlagStore: at pfx.s(Unknown Source:20)
09-28 15:20:41.618 22143 22364 W ProtoDataStoreFlagStore: at pfx.get(Unknown Source:21)
09-28 15:20:41.618 22143 22364 W ProtoDataStoreFlagStore: at plk.I(Unknown Source:1)
09-28 15:20:41.618 22143 22364 W ProtoDataStoreFlagStore: at plk.ad(Unknown Source:9)
09-28 15:20:41.618 22143 22364 W ProtoDataStoreFlagStore: at nfm.d(Unknown Source:0)
09-28 15:20:41.618 22143 22364 W ProtoDataStoreFlagStore: at ngq.run(Unknown Source:9)
09-28 15:20:41.618 22143 22364 W ProtoDataStoreFlagStore: at java.util.concurrent.Executors$RunnableAdapter.call(Executors.java:487)
09-28 15:20:41.618 22143 22364 W ProtoDataStoreFlagStore: at java.util.concurrent.FutureTask.run(FutureTask.java:264)
09-28 15:20:41.618 22143 22364 W ProtoDataStoreFlagStore: at java.util.concurrent.ScheduledThreadPoolExecutor$ScheduledFutureTask.run(ScheduledThreadPoolExecutor.java:307)
09-28 15:20:41.618 22143 22364 W ProtoDataStoreFlagStore: at java.util.concurrent.ThreadPoolExecutor.runWorker(ThreadPoolExecutor.java:1145)
09-28 15:20:41.618 22143 22364 W ProtoDataStoreFlagStore: at java.util.concurrent.ThreadPoolExecutor$Worker.run(ThreadPoolExecutor.java:644)
09-28 15:20:41.618 22143 22364 W ProtoDataStoreFlagStore: at java.lang.Thread.run(Thread.java:1012)
09-28 15:20:41.618 22143 22364 W ProtoDataStoreFlagStore: Caused by: java.lang.SecurityException: GoogleCertificatesRslt: not allowed: pkg=org.codeaurora.snapcam, sha256=[a40da80a59d170caa950cf15c18c454d47a39b26989d8b640ecd745ba71bf5dc], atk=false, ver=243530039.true (go/gsrlt)
09-28 15:20:41.618 22143 22364 W ProtoDataStoreFlagStore: at android.os.Parcel.createExceptionOrNull(Parcel.java:3087)
09-28 15:20:41.618 22143 22364 W ProtoDataStoreFlagStore: at android.os.Parcel.createException(Parcel.java:3071)
09-28 15:20:41.618 22143 22364 W ProtoDataStoreFlagStore: at android.os.Parcel.readException(Parcel.java:3054)
09-28 15:20:41.618 22143 22364 W ProtoDataStoreFlagStore: at android.os.Parcel.readException(Parcel.java:2996)
09-28 15:20:41.618 22143 22364 W ProtoDataStoreFlagStore: at bmn.z(Unknown Source:10)
09-28 15:20:41.618 22143 22364 W ProtoDataStoreFlagStore: at ktz.a(Unknown Source:38)
09-28 15:20:41.618 22143 22364 W ProtoDataStoreFlagStore: at kjd.f(Unknown Source:10)
09-28 15:20:41.618 22143 22364 W ProtoDataStoreFlagStore: at kkc.t(Unknown Source:9)
09-28 15:20:41.618 22143 22364 W ProtoDataStoreFlagStore: at kkc.u(Unknown Source:22)
09-28 15:20:41.618 22143 22364 W ProtoDataStoreFlagStore: at kkc.g(Unknown Source:29)
09-28 15:20:41.618 22143 22364 W ProtoDataStoreFlagStore: at kkc.h(Unknown Source:76)
09-28 15:20:41.618 22143 22364 W ProtoDataStoreFlagStore: at kkc.b(Unknown Source:14)
09-28 15:20:41.618 22143 22364 W ProtoDataStoreFlagStore: at klz.c(Unknown Source:114)
09-28 15:20:41.618 22143 22364 W ProtoDataStoreFlagStore: at klt.d(Unknown Source:6)
09-28 15:20:41.618 22143 22364 W ProtoDataStoreFlagStore: at klu.handleMessage(Unknown Source:307)
09-28 15:20:41.618 22143 22364 W ProtoDataStoreFlagStore: at android.os.Handler.dispatchMessage(Handler.java:106)
09-28 15:20:41.618 22143 22364 W ProtoDataStoreFlagStore: at ksg.b(Unknown Source:0)
09-28 15:20:41.618 22143 22364 W ProtoDataStoreFlagStore: at ksg.dispatchMessage(Unknown Source:0)
09-28 15:20:41.618 22143 22364 W ProtoDataStoreFlagStore: at android.os.Looper.loopOnce(Looper.java:257)
09-28 15:20:41.618 22143 22364 W ProtoDataStoreFlagStore: at android.os.Looper.loop(Looper.java:368)
09-28 15:20:41.618 22143 22364 W ProtoDataStoreFlagStore: at android.os.HandlerThread.run(HandlerThread.java:67)
09-28 15:20:41.624 22143 22262 D VRI[CameraLauncher]: Received frameCommittedCallback lastAttemptedDrawFrameNum=3 didProduceBuffer=true syncBuffer=false
09-28 15:20:41.626 22143 22143 D VRI[CameraLauncher]: draw finished.
09-28 15:20:41.626 22143 22143 D VRI[CameraLauncher]: reportDrawFinished
09-28 15:20:41.626 22143 22143 W VRI[CameraLauncher]: handleResized abandoned!
09-28 15:20:41.637 22143 22143 W CBVerifier: Registering phenotype for com.google.android.libraries.consentverifier#org.codeaurora.snapcam failed
09-28 15:20:41.637 22143 22143 I Quality : Skipped: false 1 cost 19.179626 refreshRate 16657594 bit true processName org.codeaurora.snapcam
09-28 15:20:41.638 22143 22279 V SystemSensorManagerExtImpl: RegisterListener bmi3x0 Accelerometer Non-wakeup type:1 delay:200000us by android.view.OrientationEventListener$SensorEventListenerImpl@db8128a from org.codeaurora.snapcam
09-28 15:20:41.648 22143 22260 W CAM_A : Extractor (frame) of type feature.acmi.imu.frame-straightness depends on foreign type feature.acmi.imu.camera-orientation! Feature values may be calculated out of order!
09-28 15:20:41.648 22143 22260 W CAM_A : Extractor (frame) of type feature.acmi.imu.frame-straightness depends on foreign type feature.acmi.imu.camera-orientation! Feature values may be calculated out of order!
09-28 15:20:41.648 22143 22260 V SystemSensorManagerExtImpl: RegisterListener bmi3x0 Gyroscope Non-wakeup type:4 delay:0us by lxf@681ee5c from org.codeaurora.snapcam
09-28 15:20:41.670 22143 22143 I Quality : Skipped: false 1 cost 18.389307 refreshRate 16660150 bit true processName org.codeaurora.snapcam
09-28 15:20:41.744 22143 22314 W CAM_A : UNINITIALIZED > abs Δ(result sensor timestamp) = 120.48 ms > 70.00 ms
09-28 15:20:41.748 22143 22314 W CAM_A : UNINITIALIZED > result sensor delay = 2.00 > 1.10
09-28 15:20:41.751 22143 22260 V SystemSensorManagerExtImpl: RegisterListener bmi3x0 Accelerometer Non-wakeup type:1 delay:200000us by ftr@425d2c0 from org.codeaurora.snapcam
09-28 15:20:41.767 22143 22314 W CAM_A : UNINITIALIZED > rel Δ(result sensor timestamp) = 0.50 > 0.25
09-28 15:20:41.783 22143 22260 V SystemSensorManagerExtImpl: RegisterListener bmi3x0 Gyroscope Non-wakeup type:4 delay:200000us by ftr@425d2c0 from org.codeaurora.snapcam
09-28 15:20:41.865 22143 22276 D nativeloader: Load /data/app/~~7mRWoQHv5JaKCcZnUOR9wg==/org.codeaurora.snapcam-PJXBimtuse2JlVsxos09sg==/lib/arm64/libsmartcapture_native.so using ns clns-4 from class loader (caller=/data/app/~~7mRWoQHv5JaKCcZnUOR9wg==/org.codeaurora.snapcam-PJXBimtuse2JlVsxos09sg==/base.apk): ok
09-28 15:20:41.868 22143 22260 W CAM_CameraDeviceVerifie: Tag CameraDeviceVerifier is 1 chars longer than limit.
09-28 15:20:41.869 22143 22260 D CameraManager2: GotArray:0
09-28 15:20:41.869 22143 22260 D CameraManager2: GotArray:1
09-28 15:20:41.869 22143 22260 D CameraManager2: GotArray:20
09-28 15:20:41.869 22143 22260 D CameraManager2: GotArray:21
09-28 15:20:41.869 22143 22260 D CameraManager2: GotArray:22
09-28 15:20:41.877 22143 22314 W CAM_A : UNINITIALIZED > result sensor delay = 1.20 > 1.10
09-28 15:20:41.890 22143 22281 D CameraManager2: GotArray:0
09-28 15:20:41.890 22143 22281 D CameraManager2: GotArray:1
09-28 15:20:41.890 22143 22281 D CameraManager2: GotArray:20
09-28 15:20:41.890 22143 22281 D CameraManager2: GotArray:21
09-28 15:20:41.890 22143 22281 D CameraManager2: GotArray:22
09-28 15:20:41.894 22143 22276 I tflite : Initialized TensorFlow Lite runtime.
09-28 15:20:41.900 22143 22276 W libc : Access denied finding property "ro.hardware.chipname"
09-28 15:20:41.905 22143 22276 I tflite : Created TensorFlow Lite XNNPACK delegate for CPU.
09-28 15:20:41.905 22143 22276 I tflite : Replacing 5 node(s) with delegate (TfLiteXNNPackDelegate) node, yielding 1 partitions.
09-28 15:20:41.910 22143 22532 E native : E0928 15:20:41.910661 22532 resource_util_android.cc:65] generic::internal: RET_CHECK failure (third_party/mediapipe/util/resource_util_android.cc:65) Singleton::get()->ReadFile(path, output) could not read asset: research/vision/loco/video/models/siamese_fcpp/mobile/model_21086792_30/siamese_fe.tflite
09-28 15:20:41.910 22143 22532 E native : Stack trace:
09-28 15:20:41.910 22143 22532 E native :
09-28 15:20:41.910 22143 22532 E native : E0928 15:20:41.910938 22532 asset_manager_util.cc:166] generic::internal: RET_CHECK failure (third_party/mediapipe/util/android/asset_manager_util.cc:166) ReadFile(asset_path, &asset_data) could not read asset: research/vision/loco/video/models/siamese_fcpp/mobile/model_21086792_30/siamese_fe.tflite
09-28 15:20:41.910 22143 22532 E native : Stack trace:
09-28 15:20:41.910 22143 22532 E native :
09-28 15:20:41.922 22143 22532 I tflite : Initialized TensorFlow Lite runtime.
09-28 15:20:41.922 22143 22532 I tflite : Replacing 26 node(s) with delegate (unknown) node, yielding 1 partitions.
09-28 15:20:41.923 22143 22532 I tflite : Replacing 26 node(s) with delegate (unknown) node, yielding 1 partitions.
09-28 15:20:41.967 22143 22276 I Manager : DeviceManager::DeviceManager
09-28 15:20:41.968 22143 22276 W ServerFlag: Failed to parse result of GetServerConfigurableFlag, errno=34
09-28 15:20:41.968 22143 22276 I Manager : findAvailableDevices
09-28 15:20:41.996 22143 22314 W CAM_A : UNINITIALIZED > result sensor delay = 1.25 > 1.10
09-28 15:20:42.012 22143 22276 I tflite : Created TensorFlow Lite delegate for NNAPI.
09-28 15:20:42.012 22143 22276 I acceleration: ModifyGraphWithDelegate model namespace: unknown_namespace model id: unknown_model_id accelerator name: NNAPI:
09-28 15:20:42.014 22143 22532 W libc : Access denied finding property "ro.vendor.gfx.32bit.target"
09-28 15:20:42.104 22143 22497 D BLASTBufferQueue: [SurfaceView[org.codeaurora.snapcam/com.android.camera.CameraLauncher]#1](f:0,a:1) acquireNextBufferLocked size=1440x1080 mFrameNumber=1 applyTransaction=true mTimestamp=402372299999379 mPendingTransactions.size=0 graphicBufferId=95103460835343 transform=4
09-28 15:20:42.110 22143 22314 W CAM_A : UNINITIALIZED > result sensor delay = 1.30 > 1.10
09-28 15:20:42.417 22143 22314 W CAM_A : UNINITIALIZED > rel Δ(result sensor timestamp) = 0.33 > 0.25
09-28 15:20:42.598 22143 22314 W CAM_A : UNINITIALIZED > abs Δ(result sensor timestamp) = 120.48 ms > 70.00 ms
09-28 15:20:42.599 22143 22314 W CAM_A : UNINITIALIZED > rel Δ(result sensor timestamp) = 1.00 > 0.25
09-28 15:20:42.599 22143 22314 W CAM_A : UNINITIALIZED > result sensor delay = 2.00 > 1.10
09-28 15:20:42.600 22143 22503 D OplusScrollToTopManager: org.codeaurora.snapcam/com.android.camera.CameraLauncher,This DecorView@211d90f[CameraLauncher] change focus to true
09-28 15:20:42.636 22143 22314 W CAM_A : UNINITIALIZED > rel Δ(result sensor timestamp) = 0.50 > 0.25
09-28 15:20:42.672 22143 22314 W CAM_A : UNINITIALIZED > result sensor delay = 1.20 > 1.10
09-28 15:20:42.866 22143 22314 W CAM_A : UNINITIALIZED > result sensor delay = 1.25 > 1.10
09-28 15:20:42.898 22143 22314 W CAM_A : UNINITIALIZED > result sensor delay = 1.30 > 1.10
09-28 15:20:43.070 22143 22314 W CAM_AutoFlashIndicator: No converged AE result for 31 frames,falling back to single-image auto-flash photo
09-28 15:20:43.076 22143 22314 W CAM_A : PHOTO > rel Δ(result sensor timestamp) = 0.33 > 0.25
09-28 15:20:43.079 22143 22532 E native : E0928 15:20:43.079124 22532 resource_util_android.cc:65] generic::internal: RET_CHECK failure (third_party/mediapipe/util/resource_util_android.cc:65) Singleton::get()->ReadFile(path, output) could not read asset: research/vision/loco/video/models/siamese_fcpp/mobile/model_21086792_30/siamese_end2end.tflite
09-28 15:20:43.079 22143 22532 E native : Stack trace:
09-28 15:20:43.079 22143 22532 E native :
09-28 15:20:43.079 22143 22532 E native : E0928 15:20:43.079332 22532 asset_manager_util.cc:166] generic::internal: RET_CHECK failure (third_party/mediapipe/util/android/asset_manager_util.cc:166) ReadFile(asset_path, &asset_data) could not read asset: research/vision/loco/video/models/siamese_fcpp/mobile/model_21086792_30/siamese_end2end.tflite
09-28 15:20:43.079 22143 22532 E native : Stack trace:
09-28 15:20:43.079 22143 22532 E native :
09-28 15:20:43.098 22143 22532 I tflite : Replacing 47 node(s) with delegate (unknown) node, yielding 1 partitions.
09-28 15:20:43.104 22143 22532 I tflite : Replacing 47 node(s) with delegate (unknown) node, yielding 1 partitions.
09-28 15:20:43.109 22143 22555 D MediaCodec: CreateByType: pid -1(22143)
09-28 15:20:43.109 22143 22555 D MediaCodec: CreateByType: mime audio/vorbis, encoder 0, pid -1
09-28 15:20:43.109 22143 22556 D MediaCodec: CreateByType: pid -1(22143)
09-28 15:20:43.109 22143 22556 D MediaCodec: CreateByType: mime audio/vorbis, encoder 0, pid -1
09-28 15:20:43.109 22143 22556 D MediaCodecList: processName: org.codeaurora.snapcam , mime: audio/vorbis
09-28 15:20:43.110 22143 22556 D MediaCodecList: codecHandlesFormat: no format, so no extra checks
09-28 15:20:43.110 22143 22555 D MediaCodecList: processName: org.codeaurora.snapcam , mime: audio/vorbis
09-28 15:20:43.110 22143 22555 D MediaCodecList: codecHandlesFormat: no format, so no extra checks
09-28 15:20:43.110 22143 22555 D MediaCodecList: codecHandlesFormat: no format, so no extra checks
09-28 15:20:43.111 22143 22556 D MediaCodecList: codecHandlesFormat: no format, so no extra checks
09-28 15:20:43.112 22143 22555 W libc : Access denied finding property "vendor.debug.stagefright.mediacodec.trace"
09-28 15:20:43.112 22143 22556 W libc : Access denied finding property "vendor.debug.stagefright.mediacodec.trace"
09-28 15:20:43.127 22143 22555 W libc : Access denied finding property "vendor.debug.stagefright.BufferCount"
09-28 15:20:43.127 22143 22555 W libc : Access denied finding property "vendor.debug.stagefright.BufferCount"
09-28 15:20:43.127 22143 22555 D CCodecBufferChannel: mBufferCountDebug=0 mIsUserLoad=1
09-28 15:20:43.127 22143 22555 D OplusCCodec: OplusCCodec : (0x72d97c3b00)
09-28 15:20:43.127 22143 22556 W libc : Access denied finding property "vendor.debug.stagefright.BufferCount"
09-28 15:20:43.128 22143 22556 W libc : Access denied finding property "vendor.debug.stagefright.BufferCount"
09-28 15:20:43.128 22143 22556 D CCodecBufferChannel: mBufferCountDebug=0 mIsUserLoad=1
09-28 15:20:43.128 22143 22556 D OplusCCodec: OplusCCodec : (0x72f5b7a800)
09-28 15:20:43.130 22143 22556 D OplusFeedbackInfo: omi is support
09-28 15:20:43.130 22143 22556 W libc : Access denied finding property "vendor.oplus.media.vpp.stutter"
09-28 15:20:43.131 22143 22555 D OplusFeedbackInfo: omi is support
09-28 15:20:43.131 22143 22555 W libc : Access denied finding property "vendor.oplus.media.vpp.stutter"
09-28 15:20:43.131 22143 22555 D OplusFeedbackInfo: OVFR is supported in video side
09-28 15:20:43.132 22143 22555 D ListServiceUtils: checkInListByUid module:video-setsurface-error uid:10267 cost 99us return 0
09-28 15:20:43.132 22143 22555 W libc : Access denied finding property "vendor.debug.stagefright.BufferCount"
09-28 15:20:43.132 22143 22555 W libc : Access denied finding property "vendor.debug.stagefright.BufferCount"
09-28 15:20:43.132 22143 22555 D CCodecBufferChannel: mBufferCountDebug=0 mIsUserLoad=1
09-28 15:20:43.132 22143 22555 D MediaCodec: [0x72d43f9000] init: CCodec 0x72d97c3b00, CCodecBufferChannel 0x72e2bc3218
09-28 15:20:43.132 22143 22556 E ListServiceUtils: getListValueByUid module:sr-osie-whitelist uid:10267 cost 1508us return 0
09-28 15:20:43.132 22143 22556 D OplusFeedbackInfo: OVFR is supported in video side
09-28 15:20:43.132 22143 22563 D MediaCodec: [0x72d43f9000] setState: 1
09-28 15:20:43.132 22143 22556 D ListServiceUtils: checkInListByUid module:video-setsurface-error uid:10267 cost 469us return 0
09-28 15:20:43.133 22143 22556 W libc : Access denied finding property "vendor.debug.stagefright.BufferCount"
09-28 15:20:43.133 22143 22556 W libc : Access denied finding property "vendor.debug.stagefright.BufferCount"
09-28 15:20:43.133 22143 22556 D CCodecBufferChannel: mBufferCountDebug=0 mIsUserLoad=1
09-28 15:20:43.133 22143 22556 D MediaCodec: [0x72d30e1000] init: CCodec 0x72f5b7a800, CCodecBufferChannel 0x72c6dfde18
09-28 15:20:43.133 22143 22564 D MediaCodec: [0x72d30e1000] setState: 1
09-28 15:20:43.133 22143 22564 D CCodec : allocate(c2.android.vorbis.decoder)
09-28 15:20:43.133 22143 22563 D CCodec : allocate(c2.android.vorbis.decoder)
09-28 15:20:43.146 22143 22563 I Codec2Client: Available Codec2 services: "default" "software"
09-28 15:20:43.158 22143 22564 I CCodec : setting up 'default' as default (vendor) store
09-28 15:20:43.158 22143 22563 I CCodec : setting up 'default' as default (vendor) store
09-28 15:20:43.185 22143 22563 I CCodec : Created component [c2.android.vorbis.decoder]
09-28 15:20:43.185 22143 22563 D CCodecBufferChannel: [0x72e2bc3218] setComponent: mName c2.android.vorbis.decoder#220, mPipelineWatcher 0x72e2bc36c0
09-28 15:20:43.185 22143 22563 D CCodecBufferChannel: PipelineWatcher debug info [c2.android.vorbis.decoder#220] enable=0
09-28 15:20:43.186 22143 22564 I CCodec : Created component [c2.android.vorbis.decoder]
09-28 15:20:43.186 22143 22564 D CCodecBufferChannel: [0x72c6dfde18] setComponent: mName c2.android.vorbis.decoder#996, mPipelineWatcher 0x72c6dfe2c0
09-28 15:20:43.186 22143 22564 D CCodecBufferChannel: PipelineWatcher debug info [c2.android.vorbis.decoder#996] enable=0
09-28 15:20:43.187 22143 22564 D CCodecConfig: read media type: audio/vorbis
09-28 15:20:43.188 22143 22563 D CCodecConfig: read media type: audio/vorbis
09-28 15:20:43.191 22143 22563 D ReflectedParamUpdater: extent() != 1 for single value type: algo.buffers.max-count.values
09-28 15:20:43.191 22143 22564 D ReflectedParamUpdater: extent() != 1 for single value type: algo.buffers.max-count.values
09-28 15:20:43.191 22143 22563 D ReflectedParamUpdater: extent() != 1 for single value type: output.subscribed-indices.values
09-28 15:20:43.191 22143 22563 D ReflectedParamUpdater: extent() != 1 for single value type: input.buffers.allocator-ids.values
09-28 15:20:43.191 22143 22564 D ReflectedParamUpdater: extent() != 1 for single value type: output.subscribed-indices.values
09-28 15:20:43.191 22143 22563 D ReflectedParamUpdater: extent() != 1 for single value type: output.buffers.allocator-ids.values
09-28 15:20:43.191 22143 22564 D ReflectedParamUpdater: extent() != 1 for single value type: input.buffers.allocator-ids.values
09-28 15:20:43.191 22143 22564 D ReflectedParamUpdater: extent() != 1 for single value type: output.buffers.allocator-ids.values
