09-28 15:20:43.192 22143 22563 D ReflectedParamUpdater: extent() != 1 for single value type: algo.buffers.allocator-ids.values
09-28 15:20:43.192 22143 22564 D ReflectedParamUpdater: extent() != 1 for single value type: algo.buffers.allocator-ids.values
09-28 15:20:43.192 22143 22564 D ReflectedParamUpdater: extent() != 1 for single value type: output.buffers.pool-ids.values
09-28 15:20:43.192 22143 22563 D ReflectedParamUpdater: extent() != 1 for single value type: output.buffers.pool-ids.values
09-28 15:20:43.192 22143 22564 D ReflectedParamUpdater: extent() != 1 for single value type: algo.buffers.pool-ids.values
09-28 15:20:43.192 22143 22563 D ReflectedParamUpdater: extent() != 1 for single value type: algo.buffers.pool-ids.values
09-28 15:20:43.193 22143 22564 I CCodecConfig: query failed after returning 7 values (BAD_INDEX)
09-28 15:20:43.193 22143 22564 D CCodecConfig: c2 config diff is Dict {
09-28 15:20:43.193 22143 22564 D CCodecConfig: c2::u32 coded.bitrate.value = 64000
09-28 15:20:43.193 22143 22564 D CCodecConfig: c2::u32 input.buffers.max-size.value = 32768
09-28 15:20:43.193 22143 22564 D CCodecConfig: c2::u32 input.delay.value = 0
09-28 15:20:43.193 22143 22564 D CCodecConfig: string input.media-type.value = "audio/vorbis"
09-28 15:20:43.193 22143 22564 D CCodecConfig: string output.media-type.value = "audio/raw"
09-28 15:20:43.193 22143 22564 D CCodecConfig: c2::u32 raw.channel-count.value = 1
09-28 15:20:43.193 22143 22564 D CCodecConfig: c2::u32 raw.sample-rate.value = 48000
09-28 15:20:43.193 22143 22564 D CCodecConfig: }
09-28 15:20:43.193 22143 22564 D MediaCodec: [0x72d30e1000] setState: 2
09-28 15:20:43.193 22143 22563 I CCodecConfig: query failed after returning 7 values (BAD_INDEX)
09-28 15:20:43.194 22143 22563 D CCodecConfig: c2 config diff is Dict {
09-28 15:20:43.194 22143 22563 D CCodecConfig: c2::u32 coded.bitrate.value = 64000
09-28 15:20:43.194 22143 22563 D CCodecConfig: c2::u32 input.buffers.max-size.value = 32768
09-28 15:20:43.194 22143 22563 D CCodecConfig: c2::u32 input.delay.value = 0
09-28 15:20:43.194 22143 22563 D CCodecConfig: string input.media-type.value = "audio/vorbis"
09-28 15:20:43.194 22143 22563 D CCodecConfig: string output.media-type.value = "audio/raw"
09-28 15:20:43.194 22143 22563 D CCodecConfig: c2::u32 raw.channel-count.value = 1
09-28 15:20:43.194 22143 22563 D CCodecConfig: c2::u32 raw.sample-rate.value = 48000
09-28 15:20:43.194 22143 22563 D CCodecConfig: }
09-28 15:20:43.194 22143 22563 D MediaCodec: [0x72d43f9000] setState: 2
09-28 15:20:43.196 22143 22556 I MediaCodec: [0x72d30e1000] [c2.android.vorbis.decoder] configure, format : AMessage(what = 0x00000000) = {
09-28 15:20:43.196 22143 22556 I MediaCodec: string mime = "audio/vorbis"
09-28 15:20:43.196 22143 22556 I MediaCodec: int64_t durationUs = 282086
09-28 15:20:43.196 22143 22556 I MediaCodec: int32_t track-id = 1
09-28 15:20:43.196 22143 22556 I MediaCodec: Buffer csd-0 = {
09-28 15:20:43.196 22143 22556 I MediaCodec: 00000000: 01 76 6f 72 62 69 73 00 00 00 00 01 44 ac 00 00.vorbis.....D...
09-28 15:20:43.196 22143 22556 I MediaCodec: 00000010: 00 00 00 00 80 38 01 00 00 00 00 00 b8 01.....8........
09-28 15:20:43.196 22143 22556 I MediaCodec: }
09-28 15:20:43.196 22143 22556 I MediaCodec: Buffer *csd-1 = 0x72d311ed80
09-28 15:20:43.196 22143 22556 I MediaCodec: int32_t bitrate = 80000
09-28 15:20:43.196 22143 22556 I MediaCodec: int32_t channel-count = 1
09-28 15:20:43.196 22143 22556 I MediaCodec: int32_t sample-rate = 44100
09-28 15:20:43.196 22143 22556 I MediaCodec: int32_t channel-mask = 1
09-28 15:20:43.196 22143 22556 I MediaCodec: }
09-28 15:20:43.197 22143 22564 D MediaCodec: flushMediametrics
09-28 15:20:43.197 22143 22555 I MediaCodec: [0x72d43f9000] [c2.android.vorbis.decoder] configure, format : AMessage(what = 0x00000000) = {
09-28 15:20:43.197 22143 22555 I MediaCodec: string mime = "audio/vorbis"
09-28 15:20:43.197 22143 22555 I MediaCodec: int64_t durationUs = 97083
09-28 15:20:43.197 22143 22555 I MediaCodec: int32_t track-id = 1
09-28 15:20:43.197 22143 22555 I MediaCodec: Buffer csd-0 = {
09-28 15:20:43.197 22143 22555 I MediaCodec: 00000000: 01 76 6f 72 62 69 73 00 00 00 00 01 80 bb 00 00.vorbis.........
09-28 15:20:43.197 22143 22555 I MediaCodec: 00000010: 00 00 00 00 c0 d4 01 00 00 00 00 00 b8 01..............
09-28 15:20:43.197 22143 22555 I MediaCodec: }
09-28 15:20:43.197 22143 22555 I MediaCodec: Buffer *csd-1 = 0x72e2aeb640
09-28 15:20:43.197 22143 22555 I MediaCodec: int32_t bitrate = 120000
09-28 15:20:43.197 22143 22555 I MediaCodec: int32_t channel-count = 1
09-28 15:20:43.197 22143 22555 I MediaCodec: int32_t sample-rate = 48000
09-28 15:20:43.197 22143 22555 I MediaCodec: int32_t channel-mask = 1
09-28 15:20:43.197 22143 22555 I MediaCodec: }
09-28 15:20:43.197 22143 22564 D MediaCodec: [0x72d30e1000] setState: 3
09-28 15:20:43.197 22143 22563 D MediaCodec: flushMediametrics
09-28 15:20:43.197 22143 22564 I OplusCCodec: configEncoderFilter enter, mIsEncoder: 0
09-28 15:20:43.197 22143 22563 D MediaCodec: [0x72d43f9000] setState: 3
09-28 15:20:43.197 22143 22564 D OplusCCodec: [initiateConfigureComponent:L1174] OplusFeedbackInfo mFeedbackID:493748725760
09-28 15:20:43.197 22143 22563 I OplusCCodec: configEncoderFilter enter, mIsEncoder: 0
09-28 15:20:43.197 22143 22564 D OplusCCodec: configureInputDelay : (0x72f5b7a800)
09-28 15:20:43.197 22143 22563 D OplusCCodec: [initiateConfigureComponent:L1174] OplusFeedbackInfo mFeedbackID:493275069184
09-28 15:20:43.197 22143 22563 D OplusCCodec: configureInputDelay : (0x72d97c3b00)
09-28 15:20:43.200 22143 22563 D OplusVideoBoost: OplusVideoBoost remote
09-28 15:20:43.200 22143 22564 D OplusVideoBoost: OplusVideoBoost remote
09-28 15:20:43.205 22143 22564 D OplusCCodec: sample-rate: 44100, bits-per-sample: 0, channel-count: 1
09-28 15:20:43.205 22143 22564 D OplusCCodec: operating-rate: 0, codec-id: 0, bitrate: 80000
09-28 15:20:43.205 22143 22563 D OplusCCodec: sample-rate: 48000, bits-per-sample: 0, channel-count: 1
09-28 15:20:43.205 22143 22563 D OplusCCodec: operating-rate: 0, codec-id: 0, bitrate: 120000
09-28 15:20:43.206 22143 22563 D OplusCCodec: videoBoost activity name: com.google.android.apps.camera.legacy.app.activity.main.CameraActivity
09-28 15:20:43.206 22143 22563 I OplusWhiteListCache: property[ro.hardware] return value
09-28 15:20:43.206 22143 22563 I OplusWhiteListCache: property[ro.build.device_family] return value
09-28 15:20:43.206 22143 22563 I OplusWhiteListCache: property[ro.boot.prjname] return value
09-28 15:20:43.206 22143 22563 D OplusWhiteListCache: vendor: qcom, soc: OPSM6375, project: 21341
09-28 15:20:43.206 22143 22564 D OplusCCodec: videoBoost activity name: com.google.android.apps.camera.legacy.app.activity.main.CameraActivity
09-28 15:20:43.206 22143 22563 I OplusWhiteListCache: Failed to get value from property[debug.codec.ux]
09-28 15:20:43.206 22143 22563 I OplusWhiteListCache: Failed to get value from property[debug.cpu.boost]
09-28 15:20:43.206 22143 22564 I OplusWhiteListCache: Failed to get value from property[debug.codec.ux]
09-28 15:20:43.206 22143 22564 I OplusWhiteListCache: Failed to get value from property[debug.cpu.boost]
09-28 15:20:43.206 22143 22564 D OplusWhiteListCache: App[org.codeaurora.snapcam] boost scenario, isVideo
09-28 15:20:43.207 22143 22564 I OplusWhiteListCache: Need to update cache
09-28 15:20:43.207 22143 22563 D OplusWhiteListCache: App[org.codeaurora.snapcam] boost scenario, isVideo
09-28 15:20:43.207 22143 22564 D OplusWhiteListCache: Get media-sched-boost, ret: 0, value:
09-28 15:20:43.207 22143 22564 I OplusWhiteListCache: Failed to get media-sched-boost info from MMlist
09-28 15:20:43.207 22143 22564 D OplusWhiteListCache: No ux info
09-28 15:20:43.207 22143 22563 D OplusWhiteListCache: Cache is timeout.
09-28 15:20:43.207 22143 22563 I OplusWhiteListCache: Need to update cache
09-28 15:20:43.207 22143 22563 D OplusWhiteListCache: Get media-sched-boost, ret: 0, value:
09-28 15:20:43.207 22143 22563 I OplusWhiteListCache: Failed to get media-sched-boost info from MMlist
09-28 15:20:43.207 22143 22563 D OplusWhiteListCache: No ux info
09-28 15:20:43.207 22143 22563 I OplusWhiteListCache: Activity map size is.
09-28 15:20:43.207 22143 22563 I OplusWhiteListCache: Need to update cache
09-28 15:20:43.208 22143 22563 I OplusWhiteListCache: Fail to get activity[com.google.android.apps.camera.legacy.app.activity.main.CameraActivity] boost info from mmlist.
09-28 15:20:43.208 22143 22563 D OplusWhiteListCache: No cluster info
09-28 15:20:43.208 22143 22563 D OplusCCodec: uxInfo.needVendorBoost: 0
09-28 15:20:43.208 22143 22563 D OplusCCodec: No boost info
09-28 15:20:43.208 22143 22563 D CCodec : [c2.android.vorbis.decoder] buffers are bound to CCodec for this session
09-28 15:20:43.208 22143 22563 D CCodecConfig: no c2 equivalents for durationUs
09-28 15:20:43.208 22143 22563 D CCodecConfig: no c2 equivalents for track-id
09-28 15:20:43.208 22143 22563 D CCodecConfig: no c2 equivalents for csd-1
09-28 15:20:43.208 22143 22563 D CCodecConfig: no c2 equivalents for tp-ux-tid
09-28 15:20:43.208 22143 22563 D CCodecConfig: no c2 equivalents for flags
09-28 15:20:43.208 22143 22564 D OplusWhiteListCache: Find activity[com.google.android.apps.camera.legacy.app.activity.main.CameraActivity/Decoder] boost info []
09-28 15:20:43.209 22143 22563 D CCodecConfig: c2 config diff is c2::u32 coded.bitrate.value = 120000
09-28 15:20:43.209 22143 22564 D OplusWhiteListCache: Cache is timeout.
09-28 15:20:43.209 22143 22564 I OplusWhiteListCache: Need to update cache
09-28 15:20:43.209 22143 22564 I OplusWhiteListCache: Fail to get activity[com.google.android.apps.camera.legacy.app.activity.main.CameraActivity] boost info from mmlist.
09-28 15:20:43.209 22143 22564 D OplusWhiteListCache: No cluster info
09-28 15:20:43.209 22143 22564 D OplusCCodec: uxInfo.needVendorBoost: 0
09-28 15:20:43.209 22143 22564 D OplusCCodec: No boost info
09-28 15:20:43.209 22143 22564 D CCodec : [c2.android.vorbis.decoder] buffers are bound to CCodec for this session
09-28 15:20:43.209 22143 22564 D CCodecConfig: no c2 equivalents for durationUs
09-28 15:20:43.209 22143 22564 D CCodecConfig: no c2 equivalents for track-id
09-28 15:20:43.209 22143 22564 D CCodecConfig: no c2 equivalents for csd-1
09-28 15:20:43.209 22143 22564 D CCodecConfig: no c2 equivalents for tp-ux-tid
09-28 15:20:43.209 22143 22564 D CCodecConfig: no c2 equivalents for flags
09-28 15:20:43.210 22143 22564 D CCodecConfig: c2 config diff is c2::u32 coded.bitrate.value = 80000
09-28 15:20:43.210 22143 22564 D CCodecConfig: c2::u32 raw.sample-rate.value = 44100
09-28 15:20:43.211 22143 22563 W Codec2Client: query -- param skipped: index = 1107298332.
09-28 15:20:43.211 22143 22564 W Codec2Client: query -- param skipped: index = 1107298332.
09-28 15:20:43.211 22143 22564 D CCodec : encoding statistics level = 0
09-28 15:20:43.211 22143 22564 D CCodec : setup formats input: AMessage(what = 0x00000000) = {
09-28 15:20:43.211 22143 22564 D CCodec : int32_t bitrate = 80000
09-28 15:20:43.211 22143 22564 D CCodec : int32_t channel-count = 1
09-28 15:20:43.211 22143 22564 D CCodec : int32_t max-input-size = 32768
09-28 15:20:43.211 22143 22564 D CCodec : string mime = "audio/vorbis"
09-28 15:20:43.211 22143 22564 D CCodec : int32_t sample-rate = 44100
09-28 15:20:43.211 22143 22564 D CCodec : }
09-28 15:20:43.211 22143 22564 D CCodec : setup formats output: AMessage(what = 0x00000000) = {
09-28 15:20:43.211 22143 22564 D CCodec : int32_t channel-count = 1
09-28 15:20:43.211 22143 22564 D CCodec : string mime = "audio/raw"
09-28 15:20:43.211 22143 22564 D CCodec : int32_t sample-rate = 44100
09-28 15:20:43.211 22143 22564 D CCodec : int32_t channel-mask = 1
09-28 15:20:43.211 22143 22564 D CCodec : int32_t android._config-pcm-encoding = 2
09-28 15:20:43.211 22143 22564 D CCodec : }
09-28 15:20:43.211 22143 22563 D CCodec : encoding statistics level = 0
09-28 15:20:43.211 22143 22563 D CCodec : setup formats input: AMessage(what = 0x00000000) = {
09-28 15:20:43.211 22143 22563 D CCodec : int32_t bitrate = 120000
09-28 15:20:43.211 22143 22563 D CCodec : int32_t channel-count = 1
09-28 15:20:43.211 22143 22563 D CCodec : int32_t max-input-size = 32768
09-28 15:20:43.211 22143 22563 D CCodec : string mime = "audio/vorbis"
09-28 15:20:43.211 22143 22563 D CCodec : int32_t sample-rate = 48000
09-28 15:20:43.211 22143 22563 D CCodec : }
09-28 15:20:43.211 22143 22563 D CCodec : setup formats output: AMessage(what = 0x00000000) = {
09-28 15:20:43.211 22143 22563 D CCodec : int32_t channel-count = 1
09-28 15:20:43.211 22143 22563 D CCodec : string mime = "audio/raw"
09-28 15:20:43.211 22143 22563 D CCodec : int32_t sample-rate = 48000
09-28 15:20:43.211 22143 22563 D CCodec : int32_t channel-mask = 1
09-28 15:20:43.211 22143 22563 D CCodec : int32_t android._config-pcm-encoding = 2
09-28 15:20:43.211 22143 22563 D CCodec : }
09-28 15:20:43.211 22143 22564 I CCodecConfig: query failed after returning 7 values (BAD_INDEX)
09-28 15:20:43.211 22143 22564 D MediaCodec: [0x72d30e1000] setState: 4
09-28 15:20:43.211 22143 22563 I CCodecConfig: query failed after returning 7 values (BAD_INDEX)
09-28 15:20:43.211 22143 22563 D MediaCodec: [0x72d43f9000] setState: 4
09-28 15:20:43.211 22143 22563 D MediaCodec: [0x72d43f9000] setState: 5
09-28 15:20:43.212 22143 22564 D MediaCodec: [0x72d30e1000] setState: 5
09-28 15:20:43.212 22143 22563 W Codec2Client: query -- param skipped: index = 1342179345.
09-28 15:20:43.212 22143 22563 W Codec2Client: query -- param skipped: index = 2415921170.
09-28 15:20:43.213 22143 22563 D C2Store : Using ION
09-28 15:20:43.213 22143 22564 W Codec2Client: query -- param skipped: index = 1342179345.
09-28 15:20:43.213 22143 22564 W Codec2Client: query -- param skipped: index = 2415921170.
09-28 15:20:43.217 22143 22563 D CCodecBufferChannel: [c2.android.vorbis.decoder#220] Created input block pool with allocatorID 16 => poolID 17 - OK (0)
09-28 15:20:43.217 22143 22564 D CCodecBufferChannel: [c2.android.vorbis.decoder#996] Created input block pool with allocatorID 16 => poolID 18 - OK (0)
09-28 15:20:43.218 22143 22563 I CCodecBufferChannel: [c2.android.vorbis.decoder#220] Created output block pool with allocatorID 16 => poolID 12277 - OK
09-28 15:20:43.218 22143 22563 D CCodecBufferChannel: [c2.android.vorbis.decoder#220] Configured output block pool ids 12277 => OK
09-28 15:20:43.218 22143 22563 D CCodecBufferChannel: [0x72e2bc3218] [c2.android.vorbis.decoder#220] start: output->outputDelay 0, output->numSlots 4
09-28 15:20:43.218 22143 22563 D CCodecBuffers: [c2.android.vorbis.decoder#220:1D-Output.Impl[N]] converted 0 buffers to array mode of 4
09-28 15:20:43.218 22143 22564 I CCodecBufferChannel: [c2.android.vorbis.decoder#996] Created output block pool with allocatorID 16 => poolID 12278 - OK
09-28 15:20:43.219 22143 22564 D CCodecBufferChannel: [c2.android.vorbis.decoder#996] Configured output block pool ids 12278 => OK
09-28 15:20:43.219 22143 22564 D CCodecBufferChannel: [0x72c6dfde18] [c2.android.vorbis.decoder#996] start: output->outputDelay 0, output->numSlots 4
09-28 15:20:43.219 22143 22563 D CCodecBufferChannel: [c2.android.vorbis.decoder#220] start: updating output delay 0
09-28 15:20:43.219 22143 22564 D CCodecBuffers: [c2.android.vorbis.decoder#996:1D-Output.Impl[N]] converted 0 buffers to array mode of 4
09-28 15:20:43.219 22143 22564 D CCodecBufferChannel: [c2.android.vorbis.decoder#996] start: updating output delay 0
09-28 15:20:43.221 22143 22563 D MediaCodec: [0x72d43f9000] setState: 6
09-28 15:20:43.222 22143 22564 D MediaCodec: [0x72d30e1000] setState: 6
09-28 15:20:43.228 22143 22555 D SoundPool::Sound: begin to decode(fd=328)
09-28 15:20:43.228 22143 22556 D SoundPool::Sound: begin to decode(fd=267)
09-28 15:20:43.228 22143 22563 D CCodecBuffers: [c2.android.vorbis.decoder#220:1D-Input.Impl[N]] converted 4 buffers to array mode of 4
09-28 15:20:43.228 22143 22564 D CCodecBuffers: [c2.android.vorbis.decoder#996:1D-Input.Impl[N]] converted 4 buffers to array mode of 4
09-28 15:20:43.297 22143 22563 D CCodecBufferChannel: [c2.android.vorbis.decoder#220] input EOS
09-28 15:20:43.297 22143 22563 I OplusFeedbackInfo: 0x72e2b1ae80 setInputMetEos true
09-28 15:20:43.300 22143 22555 D MediaCodec: [0x72d43f9000] [c2.android.vorbis.decoder] stop
09-28 15:20:43.300 22143 22563 D MediaCodec: [0x72d43f9000] setState: 9
09-28 15:20:43.300 22143 22563 D OplusCCodec: initiateShutdown : (0x72d97c3b00) keepComponentAllocated=1
09-28 15:20:43.300 22143 22563 D CCodecBufferChannel: [c2.android.vorbis.decoder#220] MediaCodec discarded an unknown buffer
09-28 15:20:43.300 22143 22563 D CCodecBufferChannel: [c2.android.vorbis.decoder#220] MediaCodec discarded an unknown buffer
09-28 15:20:43.301 22143 22563 D CCodecBufferChannel: [c2.android.vorbis.decoder#220] MediaCodec discarded an unknown buffer
09-28 15:20:43.301 22143 22563 D MediaCodec: [0x72d43f9000] [c2.android.vorbis.decoder] kWhatStopCompleted
09-28 15:20:43.302 22143 22563 D MediaCodec: [0x72d43f9000] setState: 2
09-28 15:20:43.302 22143 22555 D SoundPool::Sound: end to decode (fd=328)
09-28 15:20:43.302 22143 22555 D MediaCodec: [0x72d43f9000] [c2.android.vorbis.decoder] release
09-28 15:20:43.302 22143 22563 D MediaCodec: [0x72d43f9000] setState: 10
09-28 15:20:43.302 22143 22563 D OplusCCodec: initiateShutdown : (0x72d97c3b00) keepComponentAllocated=0
09-28 15:20:43.306 22143 22563 I hw-BpHwBinder: onLastStrongRef automatically unlinking death recipients
09-28 15:20:43.307 22143 22563 D MediaCodec: [0x72d43f9000] [c2.android.vorbis.decoder] kWhatReleaseCompleted
09-28 15:20:43.307 22143 22563 D MediaCodec: [0x72d43f9000] setState: 0
09-28 15:20:43.309 22143 22555 D MediaCodec: [0x72d43f9000] ~MediaCodec
09-28 15:20:43.310 22143 22555 D MediaCodec: flushMediametrics
09-28 15:20:43.312 22143 22314 W CAM_A : PHOTO > result sensor delay = 1.25 > 1.10
09-28 15:20:43.313 22143 22555 D OplusCCodec: ~OplusCCodec : (0x72d97c3b00)
09-28 15:20:43.313 22143 22555 D OplusFeedbackInfo: ~OplusAnalysisFPS
09-28 15:20:43.385 22143 22143 W VRI[CameraLauncher]: handleResized abandoned!
09-28 15:20:43.394 22143 22314 W CAM_A : PHOTO > result sensor delay = 1.30 > 1.10
09-28 15:20:43.405 22143 22564 D CCodecBufferChannel: [c2.android.vorbis.decoder#996] input EOS
09-28 15:20:43.405 22143 22564 I OplusFeedbackInfo: 0x7325c3d600 setInputMetEos true
09-28 15:20:43.410 22143 22556 D MediaCodec: [0x72d30e1000] [c2.android.vorbis.decoder] stop
09-28 15:20:43.411 22143 22564 D MediaCodec: [0x72d30e1000] setState: 9
09-28 15:20:43.411 22143 22564 D OplusCCodec: initiateShutdown : (0x72f5b7a800) keepComponentAllocated=1
09-28 15:20:43.411 22143 22564 D CCodecBufferChannel: [c2.android.vorbis.decoder#996] MediaCodec discarded an unknown buffer
09-28 15:20:43.411 22143 22564 D MediaCodec: [0x72d30e1000] [c2.android.vorbis.decoder] kWhatStopCompleted
09-28 15:20:43.412 22143 22564 D MediaCodec: [0x72d30e1000] setState: 2
09-28 15:20:43.412 22143 22556 D SoundPool::Sound: end to decode (fd=267)
09-28 15:20:43.412 22143 22556 D MediaCodec: [0x72d30e1000] [c2.android.vorbis.decoder] release
09-28 15:20:43.412 22143 22564 D MediaCodec: [0x72d30e1000] setState: 10
09-28 15:20:43.412 22143 22564 D OplusCCodec: initiateShutdown : (0x72f5b7a800) keepComponentAllocated=0
09-28 15:20:43.414 22143 22564 I hw-BpHwBinder: onLastStrongRef automatically unlinking death recipients
09-28 15:20:43.414 22143 22564 D MediaCodec: [0x72d30e1000] [c2.android.vorbis.decoder] kWhatReleaseCompleted
09-28 15:20:43.414 22143 22564 D MediaCodec: [0x72d30e1000] setState: 0
09-28 15:20:43.417 22143 22556 D MediaCodec: [0x72d30e1000] ~MediaCodec
09-28 15:20:43.417 22143 22556 D MediaCodec: flushMediametrics
09-28 15:20:43.417 22143 22556 D OplusCCodec: ~OplusCCodec : (0x72f5b7a800)
09-28 15:20:43.418 22143 22556 D OplusFeedbackInfo: ~OplusAnalysisFPS
09-28 15:20:43.513 22143 22258 W CAM_A : Framerate metadata does not exist for the video at content://media/external/video/media/1000021405
09-28 15:20:43.529 22143 22314 W CAM_A : PHOTO > rel Δ(result sensor timestamp) = 0.33 > 0.25
09-28 15:20:43.573 22143 22258 W CAM_A : Framerate metadata does not exist for the video at content://media/external/video/media/1000021404
09-28 15:20:43.640 22143 22258 W CAM_A : Framerate metadata does not exist for the video at content://media/external/video/media/1000021403
09-28 15:20:43.646 22143 22314 W CAM_A : PHOTO > result sensor delay = 1.30 > 1.10
09-28 15:20:43.689 22143 22258 W CAM_A : Framerate metadata does not exist for the video at content://media/external/video/media/1000021402
09-28 15:20:43.778 22143 22258 W CAM_A : Framerate metadata does not exist for the video at content://media/external/video/media/1000021401
09-28 15:20:43.780 22143 22258 V SystemSensorManagerExtImpl: RegisterListener bmi3x0 Accelerometer Non-wakeup type:1 delay:200000us by hpe@b5a5fd8 from org.codeaurora.snapcam
09-28 15:20:43.788 22143 22258 V SystemSensorManagerExtImpl: RegisterListener mxg4300 Magnetometer Non-wakeup type:2 delay:200000us by hpe@b5a5fd8 from org.codeaurora.snapcam
09-28 15:20:43.808 22143 22314 W CAM_A : PHOTO > rel Δ(result sensor timestamp) = 0.33 > 0.25
09-28 15:20:43.838 22143 22276 W Glide : Failed to find GeneratedAppGlideModule. You should include an annotationProcessor compile dependency on com.github.bumptech.glide:compiler in your application and a @GlideModule annotated AppGlideModule implementation or LibraryGlideModules will be silently ignored
09-28 15:20:43.843 22143 22258 W ProtoDataStoreFlagStore: Unable to retrieve flag snapshot for com.google.android.libraries.performance.primes#org.codeaurora.snapcam, using defaults.
09-28 15:20:43.849 22143 22364 W ProtoDataStoreFlagStore: Unable to update local snapshot for com.google.android.libraries.performance.primes#org.codeaurora.snapcam, may result in stale flags.
09-28 15:20:43.849 22143 22364 W ProtoDataStoreFlagStore: java.util.concurrent.ExecutionException: java.lang.SecurityException: GoogleCertificatesRslt: not allowed: pkg=org.codeaurora.snapcam, sha256=[a40da80a59d170caa950cf15c18c454d47a39b26989d8b640ecd745ba71bf5dc], atk=false, ver=243530039.true (go/gsrlt)
09-28 15:20:43.849 22143 22364 W ProtoDataStoreFlagStore: at pfx.s(Unknown Source:20)
09-28 15:20:43.849 22143 22364 W ProtoDataStoreFlagStore: at pfx.get(Unknown Source:21)
09-28 15:20:43.849 22143 22364 W ProtoDataStoreFlagStore: at plk.I(Unknown Source:1)
09-28 15:20:43.849 22143 22364 W ProtoDataStoreFlagStore: at plk.ad(Unknown Source:9)
09-28 15:20:43.849 22143 22364 W ProtoDataStoreFlagStore: at nfm.d(Unknown Source:0)
09-28 15:20:43.849 22143 22364 W ProtoDataStoreFlagStore: at ngq.run(Unknown Source:9)
09-28 15:20:43.849 22143 22364 W ProtoDataStoreFlagStore: at java.util.concurrent.Executors$RunnableAdapter.call(Executors.java:487)
09-28 15:20:43.849 22143 22364 W ProtoDataStoreFlagStore: at java.util.concurrent.FutureTask.run(FutureTask.java:264)
09-28 15:20:43.849 22143 22364 W ProtoDataStoreFlagStore: at java.util.concurrent.ScheduledThreadPoolExecutor$ScheduledFutureTask.run(ScheduledThreadPoolExecutor.java:307)
09-28 15:20:43.849 22143 22364 W ProtoDataStoreFlagStore: at java.util.concurrent.ThreadPoolExecutor.runWorker(ThreadPoolExecutor.java:1145)
09-28 15:20:43.849 22143 22364 W ProtoDataStoreFlagStore: at java.util.concurrent.ThreadPoolExecutor$Worker.run(ThreadPoolExecutor.java:644)
09-28 15:20:43.849 22143 22364 W ProtoDataStoreFlagStore: at java.lang.Thread.run(Thread.java:1012)
09-28 15:20:43.849 22143 22364 W ProtoDataStoreFlagStore: Caused by: java.lang.SecurityException: GoogleCertificatesRslt: not allowed: pkg=org.codeaurora.snapcam, sha256=[a40da80a59d170caa950cf15c18c454d47a39b26989d8b640ecd745ba71bf5dc], atk=false, ver=243530039.true (go/gsrlt)
09-28 15:20:43.849 22143 22364 W ProtoDataStoreFlagStore: at android.os.Parcel.createExceptionOrNull(Parcel.java:3087)
09-28 15:20:43.849 22143 22364 W ProtoDataStoreFlagStore: at android.os.Parcel.createException(Parcel.java:3071)
09-28 15:20:43.849 22143 22364 W ProtoDataStoreFlagStore: at android.os.Parcel.readException(Parcel.java:3054)
09-28 15:20:43.849 22143 22364 W ProtoDataStoreFlagStore: at android.os.Parcel.readException(Parcel.java:2996)
09-28 15:20:43.849 22143 22364 W ProtoDataStoreFlagStore: at bmn.z(Unknown Source:10)
09-28 15:20:43.849 22143 22364 W ProtoDataStoreFlagStore: at ktz.a(Unknown Source:38)
09-28 15:20:43.849 22143 22364 W ProtoDataStoreFlagStore: at kjd.f(Unknown Source:10)
09-28 15:20:43.849 22143 22364 W ProtoDataStoreFlagStore: at kkc.t(Unknown Source:9)
09-28 15:20:43.849 22143 22364 W ProtoDataStoreFlagStore: at kkc.u(Unknown Source:22)
09-28 15:20:43.849 22143 22364 W ProtoDataStoreFlagStore: at kkc.e(Unknown Source:15)
09-28 15:20:43.849 22143 22364 W ProtoDataStoreFlagStore: at kkg.handleMessage(Unknown Source:920)
09-28 15:20:43.849 22143 22364 W ProtoDataStoreFlagStore: at android.os.Handler.dispatchMessage(Handler.java:102)
09-28 15:20:43.849 22143 22364 W ProtoDataStoreFlagStore: at ksg.b(Unknown Source:0)
09-28 15:20:43.849 22143 22364 W ProtoDataStoreFlagStore: at ksg.dispatchMessage(Unknown Source:0)
09-28 15:20:43.849 22143 22364 W ProtoDataStoreFlagStore: at android.os.Looper.loopOnce(Looper.java:257)
09-28 15:20:43.849 22143 22364 W ProtoDataStoreFlagStore: at android.os.Looper.loop(Looper.java:368)
09-28 15:20:43.849 22143 22364 W ProtoDataStoreFlagStore: at android.os.HandlerThread.run(HandlerThread.java:67)
09-28 15:20:43.897 22143 22260 D ListServiceUtils: checkInListByUid module:custom-icc uid:10267 cost 469us return 0
09-28 15:20:43.897 22143 22260 V JpegEncoderExtImpl: Resolution: 577 x 433,support: 0;
09-28 15:20:43.915 22143 22260 D ListServiceUtils: checkInListByUid module:custom-icc uid:10267 cost 439us return 0
09-28 15:20:43.916 22143 22260 V JpegEncoderExtImpl: Resolution: 577 x 433,support: 0;
09-28 15:20:43.986 22143 22314 W CAM_A : PHOTO > result sensor delay = 1.20 > 1.10
09-28 15:20:44.065 22143 22314 W CAM_A : PHOTO > result sensor delay = 1.25 > 1.10
09-28 15:20:44.194 22143 22314 W CAM_A : PHOTO > result sensor delay = 1.30 > 1.10
09-28 15:20:44.284 22143 22314 W CAM_A : PHOTO > rel Δ(result sensor timestamp) = 0.30 > 0.25
09-28 15:20:44.284 22143 22314 W CAM_A : PHOTO > result sensor delay = 1.30 > 1.10
09-28 15:20:44.352 22143 22314 W CAM_A : PHOTO > rel Δ(result sensor timestamp) = 0.30 > 0.25
09-28 15:20:44.353 22143 22314 W CAM_A : PHOTO > result sensor delay = 1.30 > 1.10
09-28 15:20:46.301 22143 22143 D OplusInputMethodManagerInternal: get inputMethodManager extension: com.android.internal.view.IInputMethodManager$Stub$Proxy@5f7c9cb
09-28 15:20:46.313 22143 22143 D ViewRootImplExtImpl: MotionEvent MotionEvent { action=ACTION_UP, actionButton=0, id=0, x=534.75, y=1972.75, toolType=TOOL_TYPE_FINGER, buttonState=0, classification=NONE, metaState=0, flags=0x0, edgeFlags=0x0, pointerCount=1, historySize=0, eventTime=402376599, downTime=402376538, deviceId=2, source=0x1002, displayId=0, eventId=391447339 } handled by client, just return
09-28 15:20:46.331 22143 22143 W MediaFsQModule: Returning Q MediaFs implementation
09-28 15:20:46.349 22143 22143 I Quality : Skipped: false 1 cost 17.944456 refreshRate 16656028 bit true processName org.codeaurora.snapcam
09-28 15:20:46.386 22143 22281 I AudioTrack: set(): type=audio,case=1,attributes=1,content_type=4,usage=13,source=0,flags=0x901
09-28 15:20:46.386 22143 22281 D AudioTrackExtImpl: AudioTrackExtImpl init
09-28 15:20:46.386 22143 22281 D ExtensionsLoader: createInstance(64bit) : createExtendedFactory
09-28 15:20:46.390 22143 22281 D ExtensionsLoader: Opened libSchedAssistExtImpl.so
09-28 15:20:46.390 22143 22281 D AudioTrack: set(): streamType -1, sampleRate 44100, format 0x1, channelMask 0x1, frameCount 0, flags #0, notificationFrames 0, sessionId 0, transferType 0, uid -1, pid -1
09-28 15:20:46.390 22143 22281 I AudioTrack: set(): 0x72e2bc2c00, Create AudioTrackThread, tid = 22666
09-28 15:20:46.391 22143 22281 D ListServiceUtils: checkInListByUid module:audio-boost-blacklist uid:10267 cost 102us return 0
09-28 15:20:46.391 22143 22281 D AudioTrackExtImpl: doSchedBoost, set audioapp task boost, pid=22143, tid=22666, enable=1, ret=0
09-28 15:20:46.422 22143 22169 D CompatibilityChangeReporter: Compat change id reported: 150939131; UID 10267; state: DISABLED
09-28 15:20:46.427 22143 22281 I AudioTrack: createTrack_l(8157) on outputId(13) : 0x72e2bc2c00, mCblk = 0x743487d000, mLatency = 343, mAfLatency = 61, frameCount = 12440, mSampleRate = 44100, mFlags = 0, mReqFrameCount = 12440, mNotificationFramesAct = 0
09-28 15:20:46.428 22143 22281 D ListServiceUtils: checkInListByUid module:audio-boost-blacklist uid:10267 cost 229us return 0
09-28 15:20:46.428 22143 22281 D AudioTrackExtImpl: doSchedBoost, set audioapp task boost, pid=22143, tid=22281, enable=1, ret=0
09-28 15:20:46.429 22143 22281 D ListServiceUtils: checkInListByUid module:change-futex-timeout uid:10267 cost 278us return 0
09-28 15:20:46.431 22143 22281 D AudioTrack: setVolume(8157) left 0.600 right 0.600 , callingPid 22143
09-28 15:20:46.431 22143 22281 D AudioTrack: start(8157): prior state:STATE_STOPPED output 13 stream 7 session 62489
09-28 15:20:46.459 22143 22281 E ListServiceUtils: getListValueByName module:control package:audioBoostEnable cost 2468us return 1
09-28 15:20:46.460 22143 22281 D ListServiceUtils: checkInListByUid module:audio-boost-blacklist uid:10267 cost 1338us return 0
09-28 15:20:46.460 22143 22281 E ListServiceUtils: checkInListByUid module:audio-boost-blacklist uid:10267 cost 1338us return 0
09-28 15:20:46.524 22143 22470 W libgcam : [shot_helper.cc:352]: LogViewfinderAeWarnings: viewfinder_short_tet (0.000ms) is further than expected from the capture TET (0.944ms). Relative error: 100%.
09-28 15:20:46.547 22143 22276 D ListServiceUtils: checkInListByUid module:custom-icc uid:10267 cost 234us return 0
09-28 15:20:46.547 22143 22276 V JpegEncoderExtImpl: Resolution: 480 x 640,support: 0;
09-28 15:20:46.560 22143 22673 D ListServiceUtils: checkInListByUid module:custom-icc uid:10267 cost 182us return 0
09-28 15:20:46.560 22143 22673 V JpegEncoderExtImpl: Resolution: 480 x 640,support: 0;
09-28 15:20:46.560 22143 22276 D ListServiceUtils: checkInListByUid module:custom-icc uid:10267 cost 5826us return 0
09-28 15:20:46.560 22143 22276 E ListServiceUtils: checkInListByUid module:custom-icc uid:10267 cost 5826us return 0
09-28 15:20:46.561 22143 22276 V JpegEncoderExtImpl: Resolution: 480 x 640,support: 0;
09-28 15:20:46.625 22143 22473 E libgcam : [shot_process.cc:355]: PrepShot: Non-empty frame with unknown sharpness score (timestamp 1054914145603187)
09-28 15:20:46.625 22143 22473 E libgcam : [shot_process.cc:363]: PrepShot: Non-empty frame with unknown sharpness measurement (timestamp 1054914145603187)
09-28 15:20:46.759 22143 22143 W CAM_A : isListed: unknown activity. mimeType=image/* className=com.facebook.timeline.stagingground.Fb4aProfilePictureShareActivityAlias
09-28 15:20:46.759 22143 22143 W CAM_A : isListed: unknown activity. mimeType=image/* className=com.facebook.composer.shareintent.ImplicitShareIntentHandlerDefaultAlias
09-28 15:20:46.759 22143 22143 W CAM_A : isListed: unknown activity. mimeType=image/* className=com.facebook.composer.shareintent.ShareToGroupsAlias
09-28 15:20:46.759 22143 22143 W CAM_A : isListed: unknown activity. mimeType=image/* className=com.facebook.messenger.intents.MediaEditShareIntentHandler
09-28 15:20:46.759 22143 22143 W CAM_A : isListed: unknown activity. mimeType=image/* className=com.instagram.share.handleractivity.ShareHandlerActivity
09-28 15:20:46.759 22143 22143 W CAM_A : isListed: unknown activity. mimeType=image/* className=com.instagram.share.handleractivity.ReelShareHandlerActivity
09-28 15:20:46.759 22143 22143 W CAM_A : isListed: unknown activity. mimeType=image/* className=com.instagram.direct.share.handler.DirectExternalMediaShareActivityPhotoInterop
09-28 15:20:46.759 22143 22143 W CAM_A : isListed: unknown activity. mimeType=image/* className=com.twitter.app.dm.DMActivity
09-28 15:20:46.764 22143 22143 W CAM_A : isListed: unknown activity. mimeType=video/* className=com.facebook.composer.shareintent.ImplicitShareIntentHandlerDefaultAlias
09-28 15:20:46.764 22143 22143 W CAM_A : isListed: unknown activity. mimeType=video/* className=com.facebook.composer.shareintent.ShareToGroupsAlias
09-28 15:20:46.764 22143 22143 W CAM_A : isListed: unknown activity. mimeType=video/* className=com.facebook.inspiration.fbshorts.shareintent.InpirationFbShortsShareAlias
09-28 15:20:46.764 22143 22143 W CAM_A : isListed: unknown activity. mimeType=video/* className=com.facebook.messenger.intents.MediaEditShareIntentHandler
09-28 15:20:46.764 22143 22143 W CAM_A : isListed: unknown activity. mimeType=video/* className=com.instagram.share.handleractivity.ShareHandlerActivity
09-28 15:20:46.764 22143 22143 W CAM_A : isListed: unknown activity. mimeType=video/* className=com.instagram.share.handleractivity.ReelShareHandlerActivity
09-28 15:20:46.764 22143 22143 W CAM_A : isListed: unknown activity. mimeType=video/* className=com.instagram.direct.share.handler.DirectExternalMediaShareActivityVideoInterop
09-28 15:20:46.764 22143 22143 W CAM_A : isListed: unknown activity. mimeType=video/* className=com.twitter.app.dm.DMActivity
09-28 15:20:46.784 22143 22143 I Quality : Skipped: true 2 cost 37.335407 refreshRate 16652725 bit true processName org.codeaurora.snapcam
09-28 15:20:46.876 22143 22682 D AudioTrack: stop(8157): prior state:STATE_ACTIVE output 13 stream 7 session 62489
09-28 15:20:46.877 22143 22682 I AudioTrack: stop(8157): 0x72e2bc2c00 stop done
09-28 15:20:47.086 22143 22164 I eaurora.snapcam: NativeAlloc concurrent copying GC freed 23MB AllocSpace bytes, 21(1740KB) LOS objects, 49% free, 12MB/25MB, paused 114us,105us total 320.992ms
09-28 15:20:48.219 22143 22580 D BufferPoolAccessor2.0: bufferpool2 0x72d2df5a28 : 0(0 size) total buffers - 0(0 size) used buffers - 2/7 (recycle/alloc) - 5/40 (fetch/transfer)
09-28 15:20:48.219 22143 22580 D BufferPoolAccessor2.0: bufferpool2 0x72d313b228 : 0(0 size) total buffers - 0(0 size) used buffers - 2/7 (recycle/alloc) - 5/82 (fetch/transfer)
09-28 15:20:48.219 22143 22580 D BufferPoolAccessor2.0: evictor expired: 2, evicted: 2
09-28 15:20:48.450 22143 22696 W PermissionInjector: applyBatch in invalid type: 2
09-28 15:20:48.532 22143 22143 W CAM_A : Placeholder drawable removed: key=ShotId-0 evicted=false
09-28 15:20:48.552 22143 22687 D CompatibilityChangeReporter: Compat change id reported: 149924527; UID 10267; state: ENABLED
09-28 15:20:48.553 22143 22687 D CompatibilityChangeReporter: Compat change id reported: 132649864; UID 10267; state: DISABLED
09-28 15:20:48.738 22143 22687 D ListServiceUtils: checkInListByUid module:custom-icc uid:10267 cost 229us return 0
09-28 15:20:48.738 22143 22687 V JpegEncoderExtImpl: Resolution: 433 x 577,support: 0;
09-28 15:20:48.740 22143 22276 D ListServiceUtils: checkInListByUid module:custom-icc uid:10267 cost 195us return 0
09-28 15:20:48.740 22143 22276 V JpegEncoderExtImpl: Resolution: 433 x 577,support: 0;
09-28 15:20:50.622 22143 22143 D ViewRootImplExtImpl: MotionEvent MotionEvent { action=ACTION_UP, actionButton=0, id=0, x=858.75, y=2008.25, toolType=TOOL_TYPE_FINGER, buttonState=0, classification=NONE, metaState=0, flags=0x0, edgeFlags=0x0, pointerCount=1, historySize=0, eventTime=402380920, downTime=402380833, deviceId=2, source=0x1002, displayId=0, eventId=346654671 } handled by client, just return
09-28 15:20:51.151 22143 22143 D BufferQueueConsumer: [](id:567f00000004,api:0,p:-1,c:22143) connect: controlledByApp=true
09-28 15:20:51.152 22143 22262 D BufferQueueProducer: [ImageReader-244x244f1u2816m2-22143-0](id:567f00000004,api:1,p:22143,c:22143) connect: api=1 producerControlledByApp=true
09-28 15:20:51.155 22143 22262 E FrameEvents: updateAcquireFence: Did not find frame.
09-28 15:20:51.155 22143 22262 D OpenGLRenderer: SkiaOpenGLPipeline::setSurface: this=0x72d558acc0, surface=NULL
09-28 15:20:51.156 22143 22262 D BufferQueueProducer: [ImageReader-244x244f1u2816m2-22143-0](id:567f00000004,api:1,p:22143,c:22143) disconnect: api 1
09-28 15:20:51.158 22143 22143 D BufferQueueConsumer: [ImageReader-244x244f1u2816m2-22143-0](id:567f00000004,api:0,p:-1,c:22143) disconnect
09-28 15:20:51.161 22143 22143 I Quality : Skipped: false 5 cost 84.6078 refreshRate 16657621 bit true processName org.codeaurora.snapcam
09-28 15:20:51.165 22143 22143 D ScrollOptim [SceneManager]: updateCurrentActivity: mCurrentActivityName=null, isOptEnable=true, isAnimAheadEnable=true, isFrameInsertEnable=true, InsertNum=1, isEnabledForScrollChanged=false
09-28 15:20:51.165 22143 22143 W CAM_A : Disconnecting the camera device because filmstrip was launched.
09-28 15:20:51.167 22143 22258 V SystemSensorManagerExtImpl: unRegisterListener by hpe@b5a5fd8 and its name is bmi3x0 Accelerometer Non-wakeup
09-28 15:20:51.173 22143 22281 V SystemSensorManagerExtImpl: unRegisterListener by lxf@681ee5c
09-28 15:20:51.179 22143 22143 D ViewRootImplExtImpl: wrapConfigInfoIntoFlags rotation=0, smallestScreenWidthDp=424, relayoutAsync=true, newFlags=27787264, title=org.codeaurora.snapcam/com.android.camera.CameraLauncher
09-28 15:20:51.179 22143 22143 W VRI[CameraLauncher]: updateBlastSurfaceIfNeeded, surfaceSize:Point(1080, 2412), lastSurfaceSize:Point(1080, 2412), format:-3, blastBufferQueue:android.graphics.BLASTBufferQueue@ce0e1a1
09-28 15:20:51.180 22143 22143 I SurfaceControl: setExtendedRangeBrightness sc=Surface(name=org.codeaurora.snapcam/com.android.camera.CameraLauncher)/@0xc97c0db,currentBufferRatio=1.0,desiredRatio=1.0
09-28 15:20:51.185 22143 22258 V SystemSensorManagerExtImpl: unRegisterListener by hpe@b5a5fd8 and its name is mxg4300 Magnetometer Non-wakeup
09-28 15:20:51.189 22143 22260 E PhenotypeFlagCommitter: Retrieving snapshot for com.google.android.apps.camera#org.codeaurora.snapcam failed
09-28 15:20:51.189 22143 22260 E PhenotypeFlagCommitter: java.util.concurrent.ExecutionException: java.lang.SecurityException: GoogleCertificatesRslt: not allowed: pkg=org.codeaurora.snapcam, sha256=[a40da80a59d170caa950cf15c18c454d47a39b26989d8b640ecd745ba71bf5dc], atk=false, ver=243530039.true (go/gsrlt)
09-28 15:20:51.189 22143 22260 E PhenotypeFlagCommitter: at mip.fb(Unknown Source:27)
09-28 15:20:51.189 22143 22260 E PhenotypeFlagCommitter: at mip.cd(Unknown Source:63)
09-28 15:20:51.189 22143 22260 E PhenotypeFlagCommitter: at kuc.c(Unknown Source:12)
09-28 15:20:51.189 22143 22260 E PhenotypeFlagCommitter: at kuc.e(Unknown Source:35)
09-28 15:20:51.189 22143 22260 E PhenotypeFlagCommitter: at kuc.b(Unknown Source:1)
09-28 15:20:51.189 22143 22260 E PhenotypeFlagCommitter: at gvh.a(Unknown Source:35)
09-28 15:20:51.189 22143 22260 E PhenotypeFlagCommitter: at gvj.run(Unknown Source:9)
09-28 15:20:51.189 22143 22260 E PhenotypeFlagCommitter: at law.run(Unknown Source:2)
09-28 15:20:51.189 22143 22260 E PhenotypeFlagCommitter: at java.util.concurrent.Executors$RunnableAdapter.call(Executors.java:487)
09-28 15:20:51.189 22143 22260 E PhenotypeFlagCommitter: at pio.a(Unknown Source:2)
09-28 15:20:51.189 22143 22260 E PhenotypeFlagCommitter: at phs.run(Unknown Source:20)
09-28 15:20:51.189 22143 22260 E PhenotypeFlagCommitter: at pip.run(Unknown Source:4)
09-28 15:20:51.189 22143 22260 E PhenotypeFlagCommitter: at java.util.concurrent.Executors$RunnableAdapter.call(Executors.java:487)
09-28 15:20:51.189 22143 22260 E PhenotypeFlagCommitter: at java.util.concurrent.FutureTask.run(FutureTask.java:264)
09-28 15:20:51.189 22143 22260 E PhenotypeFlagCommitter: at java.util.concurrent.ScheduledThreadPoolExecutor$ScheduledFutureTask.run(ScheduledThreadPoolExecutor.java:307)
09-28 15:20:51.189 22143 22260 E PhenotypeFlagCommitter: at lbh.run(Unknown Source:2)
09-28 15:20:51.189 22143 22260 E PhenotypeFlagCommitter: at lbg.run(Unknown Source:0)
09-28 15:20:51.189 22143 22260 E PhenotypeFlagCommitter: at java.util.concurrent.ThreadPoolExecutor.runWorker(ThreadPoolExecutor.java:1145)
09-28 15:20:51.189 22143 22260 E PhenotypeFlagCommitter: at java.util.concurrent.ThreadPoolExecutor$Worker.run(ThreadPoolExecutor.java:644)
09-28 15:20:51.189 22143 22260 E PhenotypeFlagCommitter: at java.lang.Thread.run(Thread.java:1012)
09-28 15:20:51.189 22143 22260 E PhenotypeFlagCommitter: at lab.run(Unknown Source:5)
09-28 15:20:51.189 22143 22260 E PhenotypeFlagCommitter: Caused by: java.lang.SecurityException: GoogleCertificatesRslt: not allowed: pkg=org.codeaurora.snapcam, sha256=[a40da80a59d170caa950cf15c18c454d47a39b26989d8b640ecd745ba71bf5dc], atk=false, ver=243530039.true (go/gsrlt)
09-28 15:20:51.189 22143 22260 E PhenotypeFlagCommitter: at android.os.Parcel.createExceptionOrNull(Parcel.java:3087)
09-28 15:20:51.189 22143 22260 E PhenotypeFlagCommitter: at android.os.Parcel.createException(Parcel.java:3071)
09-28 15:20:51.189 22143 22260 E PhenotypeFlagCommitter: at android.os.Parcel.readException(Parcel.java:3054)
09-28 15:20:51.189 22143 22260 E PhenotypeFlagCommitter: at android.os.Parcel.readException(Parcel.java:2996)
09-28 15:20:51.189 22143 22260 E PhenotypeFlagCommitter: at bmn.z(Unknown Source:10)
09-28 15:20:51.189 22143 22260 E PhenotypeFlagCommitter: at ktz.a(Unknown Source:38)
09-28 15:20:51.189 22143 22260 E PhenotypeFlagCommitter: at kjd.f(Unknown Source:10)
09-28 15:20:51.189 22143 22260 E PhenotypeFlagCommitter: at kkc.t(Unknown Source:9)
09-28 15:20:51.189 22143 22260 E PhenotypeFlagCommitter: at kkc.u(Unknown Source:22)
09-28 15:20:51.189 22143 22260 E PhenotypeFlagCommitter: at kkc.e(Unknown Source:15)
09-28 15:20:51.189 22143 22260 E PhenotypeFlagCommitter: at kkg.handleMessage(Unknown Source:920)
09-28 15:20:51.189 22143 22260 E PhenotypeFlagCommitter: at android.os.Handler.dispatchMessage(Handler.java:102)
09-28 15:20:51.189 22143 22260 E PhenotypeFlagCommitter: at ksg.b(Unknown Source:0)
09-28 15:20:51.189 22143 22260 E PhenotypeFlagCommitter: at ksg.dispatchMessage(Unknown Source:0)
09-28 15:20:51.189 22143 22260 E PhenotypeFlagCommitter: at android.os.Looper.loopOnce(Looper.java:257)
09-28 15:20:51.189 22143 22260 E PhenotypeFlagCommitter: at android.os.Looper.loop(Looper.java:368)
09-28 15:20:51.189 22143 22260 E PhenotypeFlagCommitter: at android.os.HandlerThread.run(HandlerThread.java:67)
09-28 15:20:51.194 22143 22281 V SystemSensorManagerExtImpl: unRegisterListener by ftr@425d2c0
09-28 15:20:51.222 22143 22143 D VRI[CameraLauncher]: onFocusEvent false
09-28 15:20:51.226 22143 22663 E native : E0928 15:20:51.226592 22663 jni_environment.cc:81] Failed to detach current thread from the JVM. JavaVM::DetachCurrentThread returned: -1
09-28 15:20:51.273 22143 22539 E libEGL : validate_display:613 error 3008 (EGL_BAD_DISPLAY)
09-28 15:20:51.284 22143 22532 E libEGL : validate_display:613 error 3008 (EGL_BAD_DISPLAY)
09-28 15:20:51.322 22143 22291 D BufferQueueProducer: [SurfaceView[org.codeaurora.snapcam/com.android.camera.CameraLauncher]#1(BLAST Consumer)1](id:567f00000003,api:4,p:28645,c:22143) disconnect: api 4
09-28 15:20:51.323 22143 22291 D BufferQueueProducer: [ImageReader-4624x3468f25m30-22143-0](id:567f00000000,api:4,p:28645,c:22143) disconnect: api 4
09-28 15:20:51.325 22143 22291 D BufferQueueProducer: [ImageReader-640x480f23m52-22143-1](id:567f00000001,api:4,p:28645,c:22143) disconnect: api 4
09-28 15:20:51.336 22143 22293 E CameraManagerGlobal: Camera 4 is not present. Ignore physical camera status change
09-28 15:20:51.339 22143 22305 I OplusCameraUtils: current activityName:
09-28 15:20:51.745 22143 22143 D VRI[CameraLauncher]: onFocusEvent true
09-28 15:20:51.779 22143 22143 W VRI[CameraLauncher]: handleResized, msg:5, frameChanged:false, configChanged:false, displayChanged:false, attachedFrameChanged:false, compatScaleChanged:false, pendingDragResizing=false
09-28 15:20:51.796 22143 22143 D ViewRootImplExtImpl: wrapConfigInfoIntoFlags rotation=0, smallestScreenWidthDp=424, relayoutAsync=true, newFlags=27787264, title=org.codeaurora.snapcam/com.android.camera.CameraLauncher
09-28 15:20:51.796 22143 22143 W VRI[CameraLauncher]: updateBlastSurfaceIfNeeded, surfaceSize:Point(1080, 2412), lastSurfaceSize:Point(1080, 2412), format:-3, blastBufferQueue:android.graphics.BLASTBufferQueue@ce0e1a1
09-28 15:20:51.797 22143 22143 I SurfaceControl: setExtendedRangeBrightness sc=Surface(name=org.codeaurora.snapcam/com.android.camera.CameraLauncher)/@0xc97c0db,currentBufferRatio=1.0,desiredRatio=1.0
09-28 15:20:51.799 22143 22262 D VRI[CameraLauncher]: Received frameCommittedCallback lastAttemptedDrawFrameNum=188 didProduceBuffer=true syncBuffer=false
09-28 15:20:51.800 22143 22143 D VRI[CameraLauncher]: draw finished.
09-28 15:20:51.800 22143 22143 D VRI[CameraLauncher]: reportDrawFinished
09-28 15:20:51.800 22143 22143 D VRI[CameraLauncher]: onFocusEvent false
09-28 15:20:51.819 22143 22143 W VRI[CameraLauncher]: handleResized abandoned!
09-28 15:20:52.144 22143 22591 D VRI[CameraLauncher]: dispatchAppVisibility visible:false
09-28 15:20:52.148 22143 22143 D VRI[CameraLauncher]: setWindowStopped stopped:true
09-28 15:20:52.164 22143 22143 I SurfaceView: 65143921 surfaceDestroyed
09-28 15:20:52.165 22143 22143 W CAM_A : Duplicate call to stopModule; skipping stop.
09-28 15:20:52.165 22143 22143 D BufferQueueProducer: [SurfaceView[org.codeaurora.snapcam/com.android.camera.CameraLauncher]#1(BLAST Consumer)1](id:567f00000003,api:0,p:-1,c:22143) disconnect: api -1
09-28 15:20:52.175 22143 22143 D BLASTBufferQueue: [SurfaceView[org.codeaurora.snapcam/com.android.camera.CameraLauncher]#1](f:0,a:1) destructor()
09-28 15:20:52.175 22143 22143 D BufferQueueConsumer: [SurfaceView[org.codeaurora.snapcam/com.android.camera.CameraLauncher]#1(BLAST Consumer)1](id:567f00000003,api:0,p:-1,c:22143) disconnect
09-28 15:20:52.181 22143 22143 V SystemSensorManagerExtImpl: unRegisterListener by android.view.OrientationEventListener$SensorEventListenerImpl@db8128a
09-28 15:20:52.266 22143 22143 W CAM_A : Duplicate call to stopModule; skipping stop.
09-28 15:20:52.335 22143 22143 D OpenGLRenderer: RenderProxy::destroy: this=0x7325c96b80, mContext=0x7393fba280
09-28 15:20:52.336 22143 22262 D OpenGLRenderer: SkiaOpenGLPipeline::setSurface: this=0x7393e81100, surface=NULL
09-28 15:20:52.336 22143 22262 D BufferQueueProducer: [VRI[CameraLauncher]#0(BLAST Consumer)0](id:567f00000002,api:1,p:22143,c:22143) disconnect: api 1
09-28 15:20:52.338 22143 22262 D BLASTBufferQueue: [VRI[CameraLauncher]#0](f:0,a:2) destructor()
09-28 15:20:52.338 22143 22262 D BufferQueueConsumer: [VRI[CameraLauncher]#0(BLAST Consumer)0](id:567f00000002,api:0,p:-1,c:22143) disconnect
09-28 15:20:52.343 22143 22143 D ViewRootImplExtImpl: wrapConfigInfoIntoFlags rotation=0, smallestScreenWidthDp=424, relayoutAsync=false, newFlags=27787264, title=org.codeaurora.snapcam/com.android.camera.CameraLauncher
09-28 15:20:52.803 22143 22503 D OplusScrollToTopManager: org.codeaurora.snapcam/com.android.camera.CameraLauncher,This DecorView@211d90f[CameraLauncher] change focus to false
09-28 15:20:53.172 22143 22260 D BufferQueueConsumer: [ImageReader-4624x3468f25m30-22143-0](id:567f00000000,api:0,p:-1,c:22143) disconnect
09-28 15:20:54.945 22143 22143 D ActivityThread: do gfx trim 40 success
09-28 15:20:54.953 22143 22262 D OpenGLRenderer: RenderThread::destroyRenderingContext: this=0x73824add80
09-28 15:20:54.953 22143 22262 D OpenGLRenderer: SkiaOpenGLPipeline::onContextDestroyed: this=0x7393e81100
09-28 15:20:54.956 22143 22262 D OpenGLRenderer: EglManager::destroy: mEglDisplay=0xb4000073a9819300, mEglContext=0x731ab51a00, mCurrentSurface=0x0
09-28 15:21:25.653 22143 22581 D BufferPoolAccessor2.0: bufferpool2 0x72d2df5a28 : 0(0 size) total buffers - 0(0 size) used buffers - 2/7 (recycle/alloc) - 5/40

Use Quizgecko on...
Browser
Browser